{"id":33,"date":"2013-01-22T00:04:42","date_gmt":"2013-01-21T23:04:42","guid":{"rendered":"http:\/\/www.lebens-qi.at\/prana\/?page_id=33"},"modified":"2024-03-16T10:56:14","modified_gmt":"2024-03-16T09:56:14","slug":"prana-shop","status":"publish","type":"page","link":"https:\/\/www.lebens-qi.at\/prana\/prana-shop\/","title":{"rendered":"Prana-Shop"},"content":{"rendered":"\n<p>B\u00fccher und Zubeh\u00f6r f\u00fcr Pranic Energy Healing AnwenderInnen und viele weitere interessante Produkte aus der Welt der Energetik finden sie unter:<\/p>\n\n\n\n<div id=\"banner\">\n<h2 id=\"banner\"><a title=\"QIshop\" href=\"http:\/\/www.qishop.at\" target=\"_blank\" rel=\"noopener\">www.QIshop.at<\/a><\/h2>\n<\/div>\n\n\n\n<p><span style=\"color: #ff0000;\"><strong>unser besonderer Tipp f\u00fcr Prana-AnwenderInnen:<\/strong><\/span><\/p>\n\n\n\n<p><strong><a href=\"https:\/\/www.lebens-qi.at\/qishop\/produkt-kategorie\/welt-des-raeucherns\/raeucherwerk\/siddhi-raeucherungen\/\">Siddhi R\u00e4uchermischungen<\/a> und <a href=\"https:\/\/www.lebens-qi.at\/qishop\/produkt-kategorie\/aromatherapie\/aurasprays\/siddhi-sprays\/\">Siddhi Sprays<\/a><\/strong> zur Pers\u00f6nlichkeitsentwicklung (Sat &#8211; Chit &#8211; Ananda &#8211; Om &#8211; Atma)<\/p>\n\n\n\n<p><strong>Healing Crystals<\/strong> &#8211; Kristalle und Steine f\u00fcr Pranic Energy Healing Anwendungen<\/p>\n\n\n\n<p><strong><a href=\"https:\/\/www.lebens-qi.at\/qishop\/produkt-kategorie\/aromatherapie\/aurasprays\/healing-crystals-farbprana-sprays\/\">Healing Crystals &#8211; Sprays<\/a><\/strong> (als Aura- und Raumsprays &amp; zur Anwendung auf Kristallen) in 7 verschiedenen Farb-Pranas und zus\u00e4tzlich noch Reinigung &amp; Schutz<\/p>\n","protected":false},"excerpt":{"rendered":"<p>B\u00fccher und Zubeh\u00f6r f\u00fcr Pranic Energy Healing AnwenderInnen und viele weitere interessante Produkte aus der Welt der Energetik finden sie unter: www.QIshop.at unser besonderer Tipp f\u00fcr Prana-AnwenderInnen: Siddhi R\u00e4uchermischungen und Siddhi Sprays zur Pers\u00f6nlichkeitsentwicklung (Sat &#8211; Chit &#8211; Ananda &#8211; Om &#8211; Atma) Healing Crystals &#8211; Kristalle und Steine f\u00fcr Pranic Energy Healing Anwendungen Healing&hellip; <a class=\"more-link\" href=\"https:\/\/www.lebens-qi.at\/prana\/prana-shop\/\"><span class=\"screen-reader-text\">Prana-Shop<\/span> weiterlesen<\/a><\/p>\n","protected":false},"author":2,"featured_media":0,"parent":0,"menu_order":5,"comment_status":"closed","ping_status":"closed","template":"","meta":{"footnotes":""},"aioseo_notices":[],"_links":{"self":[{"href":"https:\/\/www.lebens-qi.at\/prana\/wp-json\/wp\/v2\/pages\/33"}],"collection":[{"href":"https:\/\/www.lebens-qi.at\/prana\/wp-json\/wp\/v2\/pages"}],"about":[{"href":"https:\/\/www.lebens-qi.at\/prana\/wp-json\/wp\/v2\/types\/page"}],"author":[{"embeddable":true,"href":"https:\/\/www.lebens-qi.at\/prana\/wp-json\/wp\/v2\/users\/2"}],"replies":[{"embeddable":true,"href":"https:\/\/www.lebens-qi.at\/prana\/wp-json\/wp\/v2\/comments?post=33"}],"version-history":[{"count":0,"href":"https:\/\/www.lebens-qi.at\/prana\/wp-json\/wp\/v2\/pages\/33\/revisions"}],"wp:attachment":[{"href":"https:\/\/www.lebens-qi.at\/prana\/wp-json\/wp\/v2\/media?parent=33"}],"curies":[{"name":"wp","href":"https:\/\/api.w.org\/{rel}","templated":true}]}}