{"id":10240,"date":"2024-11-02T18:10:20","date_gmt":"2024-11-02T17:10:20","guid":{"rendered":"https:\/\/www.lebens-qi.at\/qishop\/?post_type=product&#038;p=10240"},"modified":"2025-12-10T15:46:10","modified_gmt":"2025-12-10T14:46:10","slug":"diffuser-oval-white","status":"publish","type":"product","link":"https:\/\/www.lebens-qi.at\/qishop\/produkt\/diffuser-oval-white\/","title":{"rendered":"Diffuser Oval White"},"content":{"rendered":"<p><b>Ultraschall-Aroma-Zerst\u00e4uber OVAL WHITE<br \/>\n<\/b><\/p>\n<p>in Wei\u00df\/Holzoptik mit eingebauter Stimmungsbeleuchtung (eingebautes LED-Licht in 7 Farben, das auf die bevorzugte Farbe eingestellt werden kann) und Knopf f\u00fcr konstante bzw. intermittierende Duftverteilung. Das Ger\u00e4t hat eine Sicherheitsabschaltung wenn der F\u00fcllstand zu niedrig wird.<\/p>\n<p>In Bezug auf die Menge an Wasser und \u00d6l empfehlen wir folgende Menge:<br \/>\n200 ml: 6 bis 10 Tropfen<\/p>\n<p><b>Ein qualitativer High-Tech-Zerst\u00e4uber f\u00fcr \u00e4therische \u00d6le!<\/b><\/p>\n<p>Produktspezifikationen<br \/>\n\u2022 200 ml F\u00fcllmenge<br \/>\n\u2022 mit USB-Kabel<br \/>\n\u2022 Leistung: 5 W<br \/>\n\u2022 Ger\u00e4uschpegel: 30-36dB<br \/>\n\u2022 Ausgang: DC 24V 1A<br \/>\n\u2022 Betriebsdauer: 10 bis 20 Stunden<br \/>\n\u2022 Empfohlene Raumfl\u00e4che: 10-30 m2<br \/>\n\u2022 7-Farben-LED-Zyklus<br \/>\n\u2022 Schalter f\u00fcr konstante oder intermittierende Diffusion<br \/>\n\u2022 Wassermangelschutz<\/p>\n<p><b><em>Sicherheitshinweis<\/em><\/b><br \/>\nStellen Sie das Ger\u00e4t in einem offenen Raum auf, damit sich der Nebel frei ausbreiten kann und nicht in der N\u00e4he von Wasserdampf empfindlichen Ger\u00e4ten (z. B. einem Fernseher oder anderen elektronischen Ger\u00e4ten).<br \/>\nVon Kindern und Haustieren fernhalten.<\/p>\n<p>Verwenden Sie nur 100 % nat\u00fcrliche \u00e4therische \u00d6le, denn billige \u00d6le k\u00f6nnen schlecht f\u00fcr Ihre Lunge sein, da die Duftstoffe oft sch\u00e4dliche Chemikalien und Parf\u00fcme enthalten. H\u00fcten Sie sich vor \u00d6len minderer Qualit\u00e4t, da diese sich nicht richtig verteilen und Ihren Duftdiffusor besch\u00e4digen k\u00f6nnen. Minderwertige D\u00fcfte entsprechen m\u00f6glicherweise auch nicht der IFRA und sind daher f\u00fcr den menschlichen Verzehr oder das Einatmen nicht sicher.<\/p>\n<p>Wir bieten nur dann eine Garantie auf Ultraschalldiffusoren, wenn diese mit 100 % reinen \u00e4therischen \u00d6len und der richtigen Wassermenge verwendet werden. Dar\u00fcber hinaus sollte die Membran Ihres Ultraschalldiffusors regelm\u00e4\u00dfig gereinigt werden, insbesondere wenn \u00e4therische \u00d6le wie Weihrauch verwendet werden.<\/p>\n<p><em>Bei den folgenden \u00e4therischen \u00d6len ist Vorsicht geboten, da sie Schleimh\u00e4ute reizen:<\/em><br \/>\n<em>Basilikum, Ceylon-Zimt, Estragon, Wintergr\u00fcn, Gew\u00fcrznelke, Strohblume, Pfefferminze, kompakter Oregano, Thymian mit Thymol.<\/em><br \/>\n<em>Teebaum\u00f6l ist bei Einnahme giftig und sollte niemals innerlich eingenommen oder in einem Diffusor verwendet werden.<\/em><\/p>\n<p>Produktionsland: China<br \/>\nVerpackung: Wird in einem Karton mit Bedienungsanleitung in 6 Sprachen geliefert.<\/p>\n","protected":false},"excerpt":{"rendered":"<p>mit Beleuchtung und 200 ml Wasserbeh\u00e4lter<\/p>\n","protected":false},"featured_media":10243,"comment_status":"open","ping_status":"closed","template":"","meta":{"_links_to":"","_links_to_target":""},"pwb-brand":[276],"product_brand":[],"product_cat":[2118],"product_tag":[855,1489,2121,2120,2119],"class_list":{"0":"post-10240","1":"product","2":"type-product","3":"status-publish","4":"has-post-thumbnail","6":"pwb-brand-mani-bhadra-phoenix-import","7":"product_cat-diffuser","8":"product_tag-aromatherapie","9":"product_tag-diffuser","10":"product_tag-holzoptik","11":"product_tag-ultraschall","12":"product_tag-zerstaeuber","13":"pa_herkunft-china","15":"first","16":"instock","17":"taxable","18":"shipping-taxable","19":"purchasable","20":"product-type-simple"},"blog_post_layout_featured_media_urls":{"thumbnail":["https:\/\/www.lebens-qi.at\/qishop\/wp-content\/uploads\/14210-diffuser-oval-white-150x150.jpg",150,150,true],"full":["https:\/\/www.lebens-qi.at\/qishop\/wp-content\/uploads\/14210-diffuser-oval-white.jpg",800,800,false]},"categories":["276"],"categories_names":{"276":{"name":"Mani Bhadra - Phoenix Import","link":"https:\/\/www.lebens-qi.at\/qishop\/brand\/mani-bhadra-phoenix-import\/"}},"comments_number":"0","brands":[{"id":276,"name":"Mani Bhadra - Phoenix Import","slug":"mani-bhadra-phoenix-import"}],"_links":{"self":[{"href":"https:\/\/www.lebens-qi.at\/qishop\/wp-json\/wp\/v2\/product\/10240","targetHints":{"allow":["GET"]}}],"collection":[{"href":"https:\/\/www.lebens-qi.at\/qishop\/wp-json\/wp\/v2\/product"}],"about":[{"href":"https:\/\/www.lebens-qi.at\/qishop\/wp-json\/wp\/v2\/types\/product"}],"replies":[{"embeddable":true,"href":"https:\/\/www.lebens-qi.at\/qishop\/wp-json\/wp\/v2\/comments?post=10240"}],"wp:featuredmedia":[{"embeddable":true,"href":"https:\/\/www.lebens-qi.at\/qishop\/wp-json\/wp\/v2\/media\/10243"}],"wp:attachment":[{"href":"https:\/\/www.lebens-qi.at\/qishop\/wp-json\/wp\/v2\/media?parent=10240"}],"wp:term":[{"taxonomy":"pwb-brand","embeddable":true,"href":"https:\/\/www.lebens-qi.at\/qishop\/wp-json\/wp\/v2\/pwb-brand?post=10240"},{"taxonomy":"product_brand","embeddable":true,"href":"https:\/\/www.lebens-qi.at\/qishop\/wp-json\/wp\/v2\/product_brand?post=10240"},{"taxonomy":"product_cat","embeddable":true,"href":"https:\/\/www.lebens-qi.at\/qishop\/wp-json\/wp\/v2\/product_cat?post=10240"},{"taxonomy":"product_tag","embeddable":true,"href":"https:\/\/www.lebens-qi.at\/qishop\/wp-json\/wp\/v2\/product_tag?post=10240"}],"curies":[{"name":"wp","href":"https:\/\/api.w.org\/{rel}","templated":true}]}}