{"id":1042,"date":"2024-02-14T02:48:40","date_gmt":"2024-02-14T01:48:40","guid":{"rendered":"https:\/\/www.lebens-qi.at\/qishop\/produkt\/amethyst-kristallspray\/"},"modified":"2024-11-18T20:12:54","modified_gmt":"2024-11-18T19:12:54","slug":"amethyst-kristallspray","status":"publish","type":"product","link":"https:\/\/www.lebens-qi.at\/qishop\/produkt\/amethyst-kristallspray\/","title":{"rendered":"Amethyst &#8211; Kristallspray"},"content":{"rendered":"<p><b>Erholung &amp; Entspannung<br \/>\nAmethyst<\/b> &#8211; der Stein des Friedens in der Mineralienwelt.<\/p>\n<p>Er hilft alle gemachten Erfahrungen und Wahrnehmungen zu verarbeiten und zu kl\u00e4ren. In seiner friedlichen Ausstrahlung gelingt das ohne gro\u00dfe M\u00fche und Anstrengung. Er f\u00f6rdert den inneren und \u00e4u\u00dferen Frieden und wirkt beruhigend und entspannend<\/p>\n<p><b>\u00c4therische \u00d6le: <\/b>Lavendel, Vanille, Benzoe Siam<\/p>\n<p>Der Lavendel bringt uns zur Ruhe. Er hilft Stress und Anspannungen abzubauen. Der balsamisch, warme Duft der Vanille schenkt uns Trost und wir f\u00fchlen uns auf wunderbare Art vom Leben in den Arm genommen. Der kuschelige Duft der Benzoe f\u00fchrt uns zu Gelassenheit und innerer Ruhe.<\/p>\n","protected":false},"excerpt":{"rendered":"<p>Erholung &amp; Entspannung<\/p>\n","protected":false},"featured_media":9332,"comment_status":"open","ping_status":"closed","template":"","meta":{"_links_to":"","_links_to_target":""},"pwb-brand":[166],"product_brand":[],"product_cat":[219],"product_tag":[81,157,193,164,163,535,1949,120,225],"class_list":{"0":"post-1042","1":"product","2":"type-product","3":"status-publish","4":"has-post-thumbnail","6":"pwb-brand-engelalm","7":"product_cat-kristall-aurasprays","8":"product_tag-amethyst","9":"product_tag-auraspray","10":"product_tag-edelstein","11":"product_tag-edelsteinessenz","12":"product_tag-engelalm","13":"product_tag-entspannung","14":"product_tag-erholung","15":"product_tag-kristall","16":"product_tag-lavendel","18":"first","19":"instock","20":"taxable","21":"shipping-taxable","22":"purchasable","23":"product-type-simple"},"blog_post_layout_featured_media_urls":{"thumbnail":["https:\/\/www.lebens-qi.at\/qishop\/wp-content\/uploads\/04amethyst_1-kristallspray-150x150.jpg",150,150,true],"full":["https:\/\/www.lebens-qi.at\/qishop\/wp-content\/uploads\/04amethyst_1-kristallspray.jpg",490,490,false]},"categories":["166"],"categories_names":{"166":{"name":"Engelalm","link":"https:\/\/www.lebens-qi.at\/qishop\/brand\/engelalm\/"}},"comments_number":"0","brands":[{"id":166,"name":"Engelalm","slug":"engelalm"}],"_links":{"self":[{"href":"https:\/\/www.lebens-qi.at\/qishop\/wp-json\/wp\/v2\/product\/1042","targetHints":{"allow":["GET"]}}],"collection":[{"href":"https:\/\/www.lebens-qi.at\/qishop\/wp-json\/wp\/v2\/product"}],"about":[{"href":"https:\/\/www.lebens-qi.at\/qishop\/wp-json\/wp\/v2\/types\/product"}],"replies":[{"embeddable":true,"href":"https:\/\/www.lebens-qi.at\/qishop\/wp-json\/wp\/v2\/comments?post=1042"}],"wp:featuredmedia":[{"embeddable":true,"href":"https:\/\/www.lebens-qi.at\/qishop\/wp-json\/wp\/v2\/media\/9332"}],"wp:attachment":[{"href":"https:\/\/www.lebens-qi.at\/qishop\/wp-json\/wp\/v2\/media?parent=1042"}],"wp:term":[{"taxonomy":"pwb-brand","embeddable":true,"href":"https:\/\/www.lebens-qi.at\/qishop\/wp-json\/wp\/v2\/pwb-brand?post=1042"},{"taxonomy":"product_brand","embeddable":true,"href":"https:\/\/www.lebens-qi.at\/qishop\/wp-json\/wp\/v2\/product_brand?post=1042"},{"taxonomy":"product_cat","embeddable":true,"href":"https:\/\/www.lebens-qi.at\/qishop\/wp-json\/wp\/v2\/product_cat?post=1042"},{"taxonomy":"product_tag","embeddable":true,"href":"https:\/\/www.lebens-qi.at\/qishop\/wp-json\/wp\/v2\/product_tag?post=1042"}],"curies":[{"name":"wp","href":"https:\/\/api.w.org\/{rel}","templated":true}]}}