{"id":10546,"date":"2024-11-20T13:24:33","date_gmt":"2024-11-20T12:24:33","guid":{"rendered":"https:\/\/www.lebens-qi.at\/qishop\/?post_type=product&#038;p=10546"},"modified":"2025-09-08T16:51:11","modified_gmt":"2025-09-08T14:51:11","slug":"brokkolisamenoel-bio","status":"publish","type":"product","link":"https:\/\/www.lebens-qi.at\/qishop\/produkt\/brokkolisamenoel-bio\/","title":{"rendered":"Brokkolisamen\u00f6l bio"},"content":{"rendered":"<p><strong>Brokkolisamen\u00f6l bio<\/strong><br \/>\n<em>Botanischer Name: Brassica oleracea<\/em><\/p>\n<p><strong>Inhalt:<\/strong> 30 ml<\/p>\n<p><b>Herkunftsland<\/b>: Italien<br \/>\n<b>Qualit\u00e4t<\/b>: 100% naturreines Basis\u00f6l<br \/>\n<b>Pflanzenteil<\/b>: Samen<br \/>\n<b>Anbau<\/b>: kontrolliert biologisch<br \/>\n<b>Zertifizierung<\/b>: Bio-Rohstoff Ayus<br \/>\n<b>Eignung als<\/b>: Pflanzen\u00f6l f\u00fcr den Einsatz in K\u00f6rperpflegeprodukte.<br \/>\n<b>INCI<\/b>: Brassica oleracea italica Seed Oil<\/p>\n<h4>Eigenschaften<\/h4>\n<ul>\n<li>fl\u00fcssiges Tr\u00e4ger\u00f6l<\/li>\n<li>feuchtigkeitsspendend<\/li>\n<li>antioxidativ<\/li>\n<\/ul>\n<h4>Anwendung<\/h4>\n<p>Wunderbar zur Pflege empfindlicher, trockener Gesichtshaut. Pur einmassieren oder einige Tropfen zur Gesichtspflegecreme hinzuf\u00fcgen.<\/p>\n<h4>Weitere Hinweise<\/h4>\n<p>Von Hitze und Sonnenlicht fernhalten. K\u00fchl aufbewahren. Nach dem \u00d6ffnen z\u00fcgig verbrauchen.<\/p>\n","protected":false},"excerpt":{"rendered":"<p>antioxidativ &amp; feuchtigkeitsspendend<\/p>\n","protected":false},"featured_media":10547,"comment_status":"open","ping_status":"closed","template":"","meta":{"_links_to":"","_links_to_target":""},"pwb-brand":[134],"product_brand":[],"product_cat":[2232,2233],"product_tag":[855,2238,2244,2242,92,325,2240,2239],"class_list":{"0":"post-10546","1":"product","2":"type-product","3":"status-publish","4":"has-post-thumbnail","6":"pwb-brand-oshadhi","7":"product_cat-basis-massageoele","8":"product_cat-basis-massageoele-natuerliche-pflege","9":"product_tag-aromatherapie","10":"product_tag-basisoel","11":"product_tag-brokkolisamen","12":"product_tag-diy","13":"product_tag-naturkosmetik","14":"product_tag-naturrein","15":"product_tag-rohstoff","16":"product_tag-traegeroel","17":"pa_herkunft-italien","18":"pa_inhalt-30-ml","19":"pa_qualitaet-100-naturreines-basisoel-kontrolliert-biologisch","21":"first","22":"outofstock","23":"taxable","24":"shipping-taxable","25":"purchasable","26":"product-type-simple"},"blog_post_layout_featured_media_urls":{"thumbnail":["https:\/\/www.lebens-qi.at\/qishop\/wp-content\/uploads\/brokkolisamenoel-150x150.jpg",150,150,true],"full":["https:\/\/www.lebens-qi.at\/qishop\/wp-content\/uploads\/brokkolisamenoel.jpg",600,600,false]},"categories":["134"],"categories_names":{"134":{"name":"Oshadhi","link":"https:\/\/www.lebens-qi.at\/qishop\/brand\/oshadhi\/"}},"comments_number":"0","brands":[{"id":134,"name":"Oshadhi","slug":"oshadhi"}],"_links":{"self":[{"href":"https:\/\/www.lebens-qi.at\/qishop\/wp-json\/wp\/v2\/product\/10546","targetHints":{"allow":["GET"]}}],"collection":[{"href":"https:\/\/www.lebens-qi.at\/qishop\/wp-json\/wp\/v2\/product"}],"about":[{"href":"https:\/\/www.lebens-qi.at\/qishop\/wp-json\/wp\/v2\/types\/product"}],"replies":[{"embeddable":true,"href":"https:\/\/www.lebens-qi.at\/qishop\/wp-json\/wp\/v2\/comments?post=10546"}],"wp:featuredmedia":[{"embeddable":true,"href":"https:\/\/www.lebens-qi.at\/qishop\/wp-json\/wp\/v2\/media\/10547"}],"wp:attachment":[{"href":"https:\/\/www.lebens-qi.at\/qishop\/wp-json\/wp\/v2\/media?parent=10546"}],"wp:term":[{"taxonomy":"pwb-brand","embeddable":true,"href":"https:\/\/www.lebens-qi.at\/qishop\/wp-json\/wp\/v2\/pwb-brand?post=10546"},{"taxonomy":"product_brand","embeddable":true,"href":"https:\/\/www.lebens-qi.at\/qishop\/wp-json\/wp\/v2\/product_brand?post=10546"},{"taxonomy":"product_cat","embeddable":true,"href":"https:\/\/www.lebens-qi.at\/qishop\/wp-json\/wp\/v2\/product_cat?post=10546"},{"taxonomy":"product_tag","embeddable":true,"href":"https:\/\/www.lebens-qi.at\/qishop\/wp-json\/wp\/v2\/product_tag?post=10546"}],"curies":[{"name":"wp","href":"https:\/\/api.w.org\/{rel}","templated":true}]}}