{"id":10574,"date":"2024-11-20T19:42:03","date_gmt":"2024-11-20T18:42:03","guid":{"rendered":"https:\/\/www.lebens-qi.at\/qishop\/?post_type=product&#038;p=10574"},"modified":"2024-11-20T19:56:24","modified_gmt":"2024-11-20T18:56:24","slug":"schutzengel-begleiten-dich","status":"publish","type":"product","link":"https:\/\/www.lebens-qi.at\/qishop\/produkt\/schutzengel-begleiten-dich\/","title":{"rendered":"Schutzengel begleiten dich"},"content":{"rendered":"<p><b>Schutzengel begleiten dich<\/b><br \/>\n<em>von Prinzessin M\u00e4rtha Louise und Elisabeth Samn\u00f8y<br \/>\n<\/em><\/p>\n<p>&#8222;Schutzengel begleiten dich&#8220; aus der Feder von Prinzessin M\u00e4rtha Louise von Norwegen und Elisabeth Samn\u00f8y ist<strong> ein beschwingter Ratgeber zur Entfaltung unserer individuellen Pers\u00f6nlichkeit<\/strong>.<\/p>\n<p>Neben einer Einf\u00fchrung in die Bedeutung unseres K\u00f6rpers, unserer Chakras und unserer Aura f\u00fcr die Neue Zeit bietet er auf \u00fcber 200 Seiten unz\u00e4hlige Tipps und Anweisungen, um mit unseren eigenen positiven Kr\u00e4ften und unserer Intuition in Kontakt zu kommen. Dies geschieht mithilfe vieler tiefer Meditationen durch die Anbindung an unseren K\u00f6rper \u2013 besonders unser Herz \u2013, an die Erde und das Universum und nat\u00fcrlich an unsere Schutzengel. Enthalten sind aber auch handfeste Anleitungen wie etwa fantasievolle Kochrezepte, die unseren K\u00f6rper mit neuer Energie versorgen. Die nat\u00fcrliche Sprache und liebevolle F\u00fchrung durch die \u00dcbungen und Meditationen befl\u00fcgeln den Leser, sich ganz von selbst den anderen Dimensionen unseres Seins zu \u00f6ffnen.<\/p>\n<p>&nbsp;<\/p>\n","protected":false},"excerpt":{"rendered":"<p>Tipps und Anweisungen, um mit unseren eigenen positiven Kr\u00e4ften und unserer Intuition in Kontakt zu kommen<\/p>\n","protected":false},"featured_media":10575,"comment_status":"open","ping_status":"closed","template":"","meta":{"_links_to":"","_links_to_target":""},"pwb-brand":[809],"product_brand":[],"product_cat":[806,952],"product_tag":[517,580,2261,2260,545,1729,831,2258,544],"class_list":{"0":"post-10574","1":"product","2":"type-product","3":"status-publish","4":"has-post-thumbnail","6":"pwb-brand-koha-verlag","7":"product_cat-engel-buecher","8":"product_cat-engelbuecher-kartendecks","9":"product_tag-aura","10":"product_tag-buch","11":"product_tag-chakras","12":"product_tag-elisabeth-samnoy","13":"product_tag-engel","14":"product_tag-intuition","15":"product_tag-meditation","16":"product_tag-prinzessin-maertha-louise","17":"product_tag-schutzengel","19":"first","20":"instock","21":"taxable","22":"shipping-taxable","23":"purchasable","24":"product-type-simple"},"blog_post_layout_featured_media_urls":{"thumbnail":["https:\/\/www.lebens-qi.at\/qishop\/wp-content\/uploads\/9783867281218-schutzengel-150x150.jpg",150,150,true],"full":["https:\/\/www.lebens-qi.at\/qishop\/wp-content\/uploads\/9783867281218-schutzengel.jpg",480,480,false]},"categories":["809"],"categories_names":{"809":{"name":"KOHA Verlag","link":"https:\/\/www.lebens-qi.at\/qishop\/brand\/koha-verlag\/"}},"comments_number":"0","brands":[{"id":809,"name":"KOHA Verlag","slug":"koha-verlag"}],"_links":{"self":[{"href":"https:\/\/www.lebens-qi.at\/qishop\/wp-json\/wp\/v2\/product\/10574","targetHints":{"allow":["GET"]}}],"collection":[{"href":"https:\/\/www.lebens-qi.at\/qishop\/wp-json\/wp\/v2\/product"}],"about":[{"href":"https:\/\/www.lebens-qi.at\/qishop\/wp-json\/wp\/v2\/types\/product"}],"replies":[{"embeddable":true,"href":"https:\/\/www.lebens-qi.at\/qishop\/wp-json\/wp\/v2\/comments?post=10574"}],"wp:featuredmedia":[{"embeddable":true,"href":"https:\/\/www.lebens-qi.at\/qishop\/wp-json\/wp\/v2\/media\/10575"}],"wp:attachment":[{"href":"https:\/\/www.lebens-qi.at\/qishop\/wp-json\/wp\/v2\/media?parent=10574"}],"wp:term":[{"taxonomy":"pwb-brand","embeddable":true,"href":"https:\/\/www.lebens-qi.at\/qishop\/wp-json\/wp\/v2\/pwb-brand?post=10574"},{"taxonomy":"product_brand","embeddable":true,"href":"https:\/\/www.lebens-qi.at\/qishop\/wp-json\/wp\/v2\/product_brand?post=10574"},{"taxonomy":"product_cat","embeddable":true,"href":"https:\/\/www.lebens-qi.at\/qishop\/wp-json\/wp\/v2\/product_cat?post=10574"},{"taxonomy":"product_tag","embeddable":true,"href":"https:\/\/www.lebens-qi.at\/qishop\/wp-json\/wp\/v2\/product_tag?post=10574"}],"curies":[{"name":"wp","href":"https:\/\/api.w.org\/{rel}","templated":true}]}}