{"id":1078,"date":"2024-02-14T11:42:20","date_gmt":"2024-02-14T10:42:20","guid":{"rendered":"https:\/\/www.lebens-qi.at\/qishop\/produkt\/orange-energy-carneol-spray\/"},"modified":"2025-02-20T16:15:03","modified_gmt":"2025-02-20T15:15:03","slug":"orange-energy-carneol-spray","status":"publish","type":"product","link":"https:\/\/www.lebens-qi.at\/qishop\/produkt\/orange-energy-carneol-spray\/","title":{"rendered":"Orange Energy &#8211; Carneol Spray"},"content":{"rendered":"<p><b>HEALING CRYSTALS<br \/>\nCarneol<\/p>\n<p><em>ORANGE ENERGY<\/em><br \/>\n<\/b>zum Energetisieren von Steinen, R\u00e4umen oder der Aura mit orangem Prana<\/p>\n<p><b>Weihrauch &amp; Thymian<\/p>\n<p><\/b>Dieser Spray kann auf <b>orange Steine<\/b> (wie z.B. Carneol, Orangencalcit, dunkler Bernstein etc.) gespr\u00fcht werden, um die energetische Wirkung der Farbschwingung zu verst\u00e4rken.<br \/>\nOranger Energie wird nachgesagt, dass sie sehr stark reinigend, l\u00f6send ist und daher sehr gut geeignet ist, um energetische Verunreinigungen und Blockaden aufzubrechen.<br \/>\nDaher kann dieser Spray auch als Raum- oder Auraspray <b>f\u00fcr eine intensive, tiefgehende energetische Reinigung <\/b>verwendet werden.<\/p>\n<p><b>Inhaltsstoffe:<\/b><br \/>\nWodka (37,5 % Vol.), Wasser, <b>naturreine \u00e4therische \u00d6le<\/b> (u.a. Weihrauch, Thymian, Nelke,&#8230;), energetisiertes <b>Carneolwasser<\/p>\n<p>Inhalt:<br \/>\n<\/b>50 ml in Miron-Violettglasflasche (optimaler energetischer Schutz f\u00fcr den Inhalt)<\/p>\n<p><b>Healing Crystals Aura- und Raumsprays<\/b> werden sehr achtsam nach eigenen Rezepturen gemischt und h\u00e4ndisch abgef\u00fcllt.<br \/>\n<b>Mit Liebe zum Produkt in \u00d6sterreich hergestellt.<\/p>\n<p>Hinweis:<\/b> Wenn Sie das leere Fl\u00e4schchen nicht ben\u00f6tigen, geben Sie bitte die Violettglasflaschen bei uns zur\u00fcck, wir verwenden die Flaschen weiter!<\/p>\n","protected":false},"excerpt":{"rendered":"<p>zur Energetisierung von Steinen, R\u00e4umen oder der Aura mit orangem Prana<\/p>\n","protected":false},"featured_media":2816,"comment_status":"open","ping_status":"closed","template":"","meta":{"_links_to":"","_links_to_target":""},"pwb-brand":[161],"product_brand":[],"product_cat":[162,205],"product_tag":[157,193,120,200,203,202,201],"class_list":{"0":"post-1078","1":"product","2":"type-product","3":"status-publish","4":"has-post-thumbnail","6":"pwb-brand-lebens-qi","7":"product_cat-aurasprays","8":"product_cat-healing-crystals-farbprana-sprays","9":"product_tag-auraspray","10":"product_tag-edelstein","11":"product_tag-kristall","12":"product_tag-lebens-qi","13":"product_tag-pranaspray","14":"product_tag-pranic-energy-healing","15":"product_tag-raumspray","17":"first","18":"instock","19":"taxable","20":"shipping-taxable","21":"purchasable","22":"product-type-simple"},"blog_post_layout_featured_media_urls":{"thumbnail":["https:\/\/www.lebens-qi.at\/qishop\/wp-content\/uploads\/5-1-150x150.png",150,150,true],"full":["https:\/\/www.lebens-qi.at\/qishop\/wp-content\/uploads\/5-1.png",1080,1080,false]},"categories":["161"],"categories_names":{"161":{"name":"LEBENS-QI","link":"https:\/\/www.lebens-qi.at\/qishop\/brand\/lebens-qi\/"}},"comments_number":"0","brands":[{"id":161,"name":"LEBENS-QI","slug":"lebens-qi"}],"_links":{"self":[{"href":"https:\/\/www.lebens-qi.at\/qishop\/wp-json\/wp\/v2\/product\/1078","targetHints":{"allow":["GET"]}}],"collection":[{"href":"https:\/\/www.lebens-qi.at\/qishop\/wp-json\/wp\/v2\/product"}],"about":[{"href":"https:\/\/www.lebens-qi.at\/qishop\/wp-json\/wp\/v2\/types\/product"}],"replies":[{"embeddable":true,"href":"https:\/\/www.lebens-qi.at\/qishop\/wp-json\/wp\/v2\/comments?post=1078"}],"wp:featuredmedia":[{"embeddable":true,"href":"https:\/\/www.lebens-qi.at\/qishop\/wp-json\/wp\/v2\/media\/2816"}],"wp:attachment":[{"href":"https:\/\/www.lebens-qi.at\/qishop\/wp-json\/wp\/v2\/media?parent=1078"}],"wp:term":[{"taxonomy":"pwb-brand","embeddable":true,"href":"https:\/\/www.lebens-qi.at\/qishop\/wp-json\/wp\/v2\/pwb-brand?post=1078"},{"taxonomy":"product_brand","embeddable":true,"href":"https:\/\/www.lebens-qi.at\/qishop\/wp-json\/wp\/v2\/product_brand?post=1078"},{"taxonomy":"product_cat","embeddable":true,"href":"https:\/\/www.lebens-qi.at\/qishop\/wp-json\/wp\/v2\/product_cat?post=1078"},{"taxonomy":"product_tag","embeddable":true,"href":"https:\/\/www.lebens-qi.at\/qishop\/wp-json\/wp\/v2\/product_tag?post=1078"}],"curies":[{"name":"wp","href":"https:\/\/api.w.org\/{rel}","templated":true}]}}