{"id":10905,"date":"2024-12-02T01:45:59","date_gmt":"2024-12-02T00:45:59","guid":{"rendered":"https:\/\/www.lebens-qi.at\/qishop\/?post_type=product&#038;p=10905"},"modified":"2026-02-03T11:50:49","modified_gmt":"2026-02-03T10:50:49","slug":"schwarz-goldene-raeucherpfanne-lebensbaum","status":"publish","type":"product","link":"https:\/\/www.lebens-qi.at\/qishop\/produkt\/schwarz-goldene-raeucherpfanne-lebensbaum\/","title":{"rendered":"Schwarz-goldene R\u00e4ucherpfanne Lebensbaum"},"content":{"rendered":"<p>Klassische R\u00e4ucherpfanne aus Eisen mit durchbrochenem Lebensbaum-Muster am Deckel. Yggdrasil ist ein starker Schutzbaum. Er gilt als Mittler zwischen den Welten. Mit Holzgriff zur sicheren Verwendung.<\/p>\n<p>Gr\u00f6\u00dfe: ca. 7,5 cm hoch, L\u00e4nge mit Griff ca. 23 cm<br \/>\nDurchmesser: ca. 11,5 cm<br \/>\nMaterial: Eisen<br \/>\nFarbe: Schwarz\/Gold<\/p>\n<p>Achtung! Metallgef\u00e4\u00dfe werden beim R\u00e4uchern sehr hei\u00df!<\/p>\n","protected":false},"excerpt":{"rendered":"<p>mit Deckel und Holzgriff<\/p>\n","protected":false},"featured_media":10907,"comment_status":"open","ping_status":"closed","template":"","meta":{"_links_to":"","_links_to_target":""},"pwb-brand":[307],"product_brand":[],"product_cat":[601],"product_tag":[312,466,613,602,2292,1954],"class_list":{"0":"post-10905","1":"product","2":"type-product","3":"status-publish","4":"has-post-thumbnail","6":"pwb-brand-berk","7":"product_cat-schalen","8":"product_tag-lebensbaum","9":"product_tag-raeuchern","10":"product_tag-raeucherpfanne","11":"product_tag-raeucherschale","12":"product_tag-tragegefaess","13":"product_tag-yggdrasil","15":"first","16":"instock","17":"taxable","18":"shipping-taxable","19":"purchasable","20":"product-type-simple"},"blog_post_layout_featured_media_urls":{"thumbnail":["https:\/\/www.lebens-qi.at\/qishop\/wp-content\/uploads\/KH-990_1-pfanne-lebensbaum-150x150.jpg",150,150,true],"full":["https:\/\/www.lebens-qi.at\/qishop\/wp-content\/uploads\/KH-990_1-pfanne-lebensbaum.jpg",800,800,false]},"categories":["307"],"categories_names":{"307":{"name":"Berk","link":"https:\/\/www.lebens-qi.at\/qishop\/brand\/berk\/"}},"comments_number":"0","brands":[{"id":307,"name":"Berk","slug":"berk"}],"_links":{"self":[{"href":"https:\/\/www.lebens-qi.at\/qishop\/wp-json\/wp\/v2\/product\/10905","targetHints":{"allow":["GET"]}}],"collection":[{"href":"https:\/\/www.lebens-qi.at\/qishop\/wp-json\/wp\/v2\/product"}],"about":[{"href":"https:\/\/www.lebens-qi.at\/qishop\/wp-json\/wp\/v2\/types\/product"}],"replies":[{"embeddable":true,"href":"https:\/\/www.lebens-qi.at\/qishop\/wp-json\/wp\/v2\/comments?post=10905"}],"wp:featuredmedia":[{"embeddable":true,"href":"https:\/\/www.lebens-qi.at\/qishop\/wp-json\/wp\/v2\/media\/10907"}],"wp:attachment":[{"href":"https:\/\/www.lebens-qi.at\/qishop\/wp-json\/wp\/v2\/media?parent=10905"}],"wp:term":[{"taxonomy":"pwb-brand","embeddable":true,"href":"https:\/\/www.lebens-qi.at\/qishop\/wp-json\/wp\/v2\/pwb-brand?post=10905"},{"taxonomy":"product_brand","embeddable":true,"href":"https:\/\/www.lebens-qi.at\/qishop\/wp-json\/wp\/v2\/product_brand?post=10905"},{"taxonomy":"product_cat","embeddable":true,"href":"https:\/\/www.lebens-qi.at\/qishop\/wp-json\/wp\/v2\/product_cat?post=10905"},{"taxonomy":"product_tag","embeddable":true,"href":"https:\/\/www.lebens-qi.at\/qishop\/wp-json\/wp\/v2\/product_tag?post=10905"}],"curies":[{"name":"wp","href":"https:\/\/api.w.org\/{rel}","templated":true}]}}