{"id":11005,"date":"2024-12-06T15:37:14","date_gmt":"2024-12-06T14:37:14","guid":{"rendered":"https:\/\/www.lebens-qi.at\/qishop\/?post_type=product&#038;p=11005"},"modified":"2025-05-07T10:43:47","modified_gmt":"2025-05-07T08:43:47","slug":"echter-tuerkis-edelsteinanhaenger","status":"publish","type":"product","link":"https:\/\/www.lebens-qi.at\/qishop\/produkt\/echter-tuerkis-edelsteinanhaenger\/","title":{"rendered":"Echter T\u00fcrkis Edelsteinanh\u00e4nger"},"content":{"rendered":"<p><b>Echter T\u00fcrkis Edelsteinanh\u00e4nger <\/b><br \/>\nNugget mit Edelstahl\u00f6se. Bei diesen Anh\u00e4ngern handelt es sich um echten T\u00fcrkis, ungef\u00e4rbt, stabilisiert, Herkunft des Steins ist China. Der Anh\u00e4nger selbst wurde im LEBENS-QI angefertigt.<\/p>\n<p>Farbe: T\u00fcrkis<br \/>\nChakrazuordnung: Halschakra<br \/>\nThemen: Ausdrucksweise, Intuition, Selbstvertrauen<br \/>\nSternzeichen: Wassermann<br \/>\nGr\u00f6\u00dfe: ca. 2 cm (ohne \u00d6se)<\/p>\n<p><em>Hinweis: Symbolfoto \u2013 Abweichungen in Gr\u00f6\u00dfe, Farbe und Form sind bei nat\u00fcrlichen Steinen normal.<br \/>\nLieferumfang: 1 Anh\u00e4nger ohne Band\/Kette<\/em><\/p>\n","protected":false},"excerpt":{"rendered":"<p>Stein der Ausdrucksweise und Intuition<\/p>\n","protected":false},"featured_media":14708,"comment_status":"open","ping_status":"closed","template":"","meta":{"_links_to":"","_links_to_target":""},"pwb-brand":[114],"product_brand":[],"product_cat":[1739,1740],"product_tag":[117,2373,1729,2374,2375,1247,523],"class_list":{"0":"post-11005","1":"product","2":"type-product","3":"status-publish","4":"has-post-thumbnail","6":"pwb-brand-lebens-qi-kraft-der-steine","7":"product_cat-andere-steinanhaenger","8":"product_cat-andere-steinanhaenger-steinschmuck-schmuck-mit-wirkung","9":"product_tag-anhaenger","10":"product_tag-echter-tuerkis","11":"product_tag-intuition","12":"product_tag-nugget","13":"product_tag-steinanhaenger","14":"product_tag-tuerkis","15":"product_tag-wassermann","17":"first","18":"instock","19":"taxable","20":"shipping-taxable","21":"purchasable","22":"product-type-simple"},"blog_post_layout_featured_media_urls":{"thumbnail":["https:\/\/www.lebens-qi.at\/qishop\/wp-content\/uploads\/Tuerkis1-1-150x150.png",150,150,true],"full":["https:\/\/www.lebens-qi.at\/qishop\/wp-content\/uploads\/Tuerkis1-1.png",800,800,false]},"categories":["114"],"categories_names":{"114":{"name":"Lebens-Qi Kraft der Steine","link":"https:\/\/www.lebens-qi.at\/qishop\/brand\/lebens-qi-kraft-der-steine\/"}},"comments_number":"0","brands":[{"id":114,"name":"Lebens-Qi Kraft der Steine","slug":"lebens-qi-kraft-der-steine"}],"_links":{"self":[{"href":"https:\/\/www.lebens-qi.at\/qishop\/wp-json\/wp\/v2\/product\/11005","targetHints":{"allow":["GET"]}}],"collection":[{"href":"https:\/\/www.lebens-qi.at\/qishop\/wp-json\/wp\/v2\/product"}],"about":[{"href":"https:\/\/www.lebens-qi.at\/qishop\/wp-json\/wp\/v2\/types\/product"}],"replies":[{"embeddable":true,"href":"https:\/\/www.lebens-qi.at\/qishop\/wp-json\/wp\/v2\/comments?post=11005"}],"wp:featuredmedia":[{"embeddable":true,"href":"https:\/\/www.lebens-qi.at\/qishop\/wp-json\/wp\/v2\/media\/14708"}],"wp:attachment":[{"href":"https:\/\/www.lebens-qi.at\/qishop\/wp-json\/wp\/v2\/media?parent=11005"}],"wp:term":[{"taxonomy":"pwb-brand","embeddable":true,"href":"https:\/\/www.lebens-qi.at\/qishop\/wp-json\/wp\/v2\/pwb-brand?post=11005"},{"taxonomy":"product_brand","embeddable":true,"href":"https:\/\/www.lebens-qi.at\/qishop\/wp-json\/wp\/v2\/product_brand?post=11005"},{"taxonomy":"product_cat","embeddable":true,"href":"https:\/\/www.lebens-qi.at\/qishop\/wp-json\/wp\/v2\/product_cat?post=11005"},{"taxonomy":"product_tag","embeddable":true,"href":"https:\/\/www.lebens-qi.at\/qishop\/wp-json\/wp\/v2\/product_tag?post=11005"}],"curies":[{"name":"wp","href":"https:\/\/api.w.org\/{rel}","templated":true}]}}