{"id":11234,"date":"2024-12-18T10:44:45","date_gmt":"2024-12-18T09:44:45","guid":{"rendered":"https:\/\/www.lebens-qi.at\/qishop\/?post_type=product&#038;p=11234"},"modified":"2025-12-29T20:19:54","modified_gmt":"2025-12-29T19:19:54","slug":"rosenkoenigin-aetherische-oelmischung","status":"publish","type":"product","link":"https:\/\/www.lebens-qi.at\/qishop\/produkt\/rosenkoenigin-aetherische-oelmischung\/","title":{"rendered":"Rosenk\u00f6nigin &#8211; \u00c4therische \u00d6lmischung"},"content":{"rendered":"<p><b>Rosenk\u00f6nigin (Duftmischung)<\/b><\/p>\n<p>Lass dich von diesem blumig-s\u00fc\u00dfen, beruhigenden Duft\u00f6l ins duftige Reich der Rosenk\u00f6nigin tragen und strahle inneres Gl\u00fcck und Frieden aus.<\/p>\n<p>\u2022 Duftmischung aus 100% reinen \u00e4therischen \u00d6len<\/p>\n<p>\u2022 Wichtigste Bestandteile: Rosenbl\u00fcten t\u00fcrk., Rosengeranie, Weihrauch<\/p>\n<p>\u2022 Duftprofil: blumig, s\u00fc\u00df<\/p>\n<p><b>Wirkung:<\/b> harmonisierend und aufbauend<\/p>\n<p><b>ROSENK\u00d6NIGIN DUFT\u00d6L (DUFTMISCHUNG)<\/b><\/p>\n<p>Die Duftmischung vereint die warm-s\u00fc\u00dfen, harmonisch volle Liebe der t\u00fcrkischen Rose (Rosa damascena) mit der balsamisch-harzigen, s\u00fc\u00df-stimulierenden Weisheit des indischen Weihrauchs (Boswellia serrata) und der rosig-weichen, sinnlichen Harmonie der Rosengeranie (Pelargonium graveolens).<\/p>\n<p>Gemeinsam bringen sie Frieden und inneres Gl\u00fcck. Zudem wirken sie harmonisierend und aufbauend und bringen unsere Herzensenergie zur\u00fcck ins Gleichgewicht.<\/p>\n<p>Gib 3 Tropfen der Duftmischung in deinen Diffuser.<\/p>\n<p><b>Herkunftsland<\/b>: Deutschland<br \/>\n<b>Qualit\u00e4t<\/b>: 100% naturreine \u00e4therische \u00d6le<br \/>\n<b>Eignung als<\/b>: Mischung f\u00fcr individuelle Raumbeduftung und Aromapflege.<br \/>\n<b>INCI<\/b>: Pelargonium roseum Leaf Oil, Cymbopogon martinii Oil, Boswellia carterii Oil, Cinnamomum camphora linalooliferum Wood Oil, Myrocarpus fastigiatus Wood Oil, Citrus bergamia Peel Oil expressed, Bursera delpechiana Berry Oil, Melaleuca quinquenervia Oil, Rosa damascena Extract, Rosa damascena Flower Oil, Jasminum grandiflorum Flower Extract<\/p>\n<h4>Weitere Hinweise<\/h4>\n<p>Von Hitze und Sonnenlicht fernhalten. Nicht einnehmen. F\u00fcr Kinder unzug\u00e4nglich aufbewahren. Kontakt mit Augen vermeiden.<\/p>\n<p><em>F\u00fcr den Text verantwortlich: Ayus GmbH &#8211; Oshadhi &#8211; www.oshadhi.de<\/em><\/p>\n","protected":false},"excerpt":{"rendered":"<p>HERZ\u00d6FFNEND<\/p>\n","protected":false},"featured_media":11235,"comment_status":"open","ping_status":"closed","template":"","meta":{"_links_to":"","_links_to_target":""},"pwb-brand":[134],"product_brand":[],"product_cat":[127,3020],"product_tag":[128,129,131,282,130,132,407,341,2485,403],"class_list":{"0":"post-11234","1":"product","2":"type-product","3":"status-publish","4":"has-post-thumbnail","6":"pwb-brand-oshadhi","7":"product_cat-duftmischungen","8":"product_cat-hochzeit","9":"product_tag-aetherische-oele","10":"product_tag-duft","11":"product_tag-duftmischung","12":"product_tag-geranie","13":"product_tag-oelmischung","14":"product_tag-oshadhi","15":"product_tag-rosenblueten","16":"product_tag-rosengeranie","17":"product_tag-rosenoel","18":"product_tag-weihrauch","19":"pa_herkunft-deutschland","20":"pa_qualitaet-100-naturreine-aetherische-oele","22":"first","23":"instock","24":"taxable","25":"shipping-taxable","26":"purchasable","27":"product-type-simple"},"blog_post_layout_featured_media_urls":{"thumbnail":["https:\/\/www.lebens-qi.at\/qishop\/wp-content\/uploads\/rosenkoenigin-duftoel-150x150.jpg",150,150,true],"full":["https:\/\/www.lebens-qi.at\/qishop\/wp-content\/uploads\/rosenkoenigin-duftoel.jpg",600,600,false]},"categories":["134"],"categories_names":{"134":{"name":"Oshadhi","link":"https:\/\/www.lebens-qi.at\/qishop\/brand\/oshadhi\/"}},"comments_number":"0","brands":[{"id":134,"name":"Oshadhi","slug":"oshadhi"}],"_links":{"self":[{"href":"https:\/\/www.lebens-qi.at\/qishop\/wp-json\/wp\/v2\/product\/11234","targetHints":{"allow":["GET"]}}],"collection":[{"href":"https:\/\/www.lebens-qi.at\/qishop\/wp-json\/wp\/v2\/product"}],"about":[{"href":"https:\/\/www.lebens-qi.at\/qishop\/wp-json\/wp\/v2\/types\/product"}],"replies":[{"embeddable":true,"href":"https:\/\/www.lebens-qi.at\/qishop\/wp-json\/wp\/v2\/comments?post=11234"}],"wp:featuredmedia":[{"embeddable":true,"href":"https:\/\/www.lebens-qi.at\/qishop\/wp-json\/wp\/v2\/media\/11235"}],"wp:attachment":[{"href":"https:\/\/www.lebens-qi.at\/qishop\/wp-json\/wp\/v2\/media?parent=11234"}],"wp:term":[{"taxonomy":"pwb-brand","embeddable":true,"href":"https:\/\/www.lebens-qi.at\/qishop\/wp-json\/wp\/v2\/pwb-brand?post=11234"},{"taxonomy":"product_brand","embeddable":true,"href":"https:\/\/www.lebens-qi.at\/qishop\/wp-json\/wp\/v2\/product_brand?post=11234"},{"taxonomy":"product_cat","embeddable":true,"href":"https:\/\/www.lebens-qi.at\/qishop\/wp-json\/wp\/v2\/product_cat?post=11234"},{"taxonomy":"product_tag","embeddable":true,"href":"https:\/\/www.lebens-qi.at\/qishop\/wp-json\/wp\/v2\/product_tag?post=11234"}],"curies":[{"name":"wp","href":"https:\/\/api.w.org\/{rel}","templated":true}]}}