{"id":11295,"date":"2024-12-20T17:31:11","date_gmt":"2024-12-20T16:31:11","guid":{"rendered":"https:\/\/www.lebens-qi.at\/qishop\/?post_type=product&#038;p=11295"},"modified":"2025-09-12T10:50:48","modified_gmt":"2025-09-12T08:50:48","slug":"kartoffel-handbalsam-klein","status":"publish","type":"product","link":"https:\/\/www.lebens-qi.at\/qishop\/produkt\/kartoffel-handbalsam-klein\/","title":{"rendered":"Kartoffel Handbalsam klein"},"content":{"rendered":"<p><b>Kartoffelhandbalsam 30ml<br \/>\n<\/b><\/p>\n<p>Verw\u00f6hnen und cremen Sie Ihre Haut mit wertvollen \u00d6len und Kr\u00e4utern.<\/p>\n<p>Frisch gepresster Kartoffelsaft wird schonend mit wertvollen \u00d6len und Kr\u00e4utern verarbeitet, damit raue und rissige H\u00e4nde gepflegt werden. Nach jedem H\u00e4ndewaschen wird das Eincremen zum Vergn\u00fcgen!<\/p>\n<p>Ein altes Hausmittel wird bei uns wieder zum Kultprodukt f\u00fcr Jung und Alt. Der Handbalsam zieht gut ein und pflegt die H\u00e4nde.<\/p>\n<p>Inhalt: 30 ml<\/p>\n<p><em><b>Inhaltsstoffe nach INCI (CTFA):<\/b><br \/>\n<\/em><\/p>\n<p>AQUA (WATER), MACADAMIA TERNIFOLIA SEED OIL*, BUTYROSPERMUM PARKII (SHEA) BUTTER*, CETEARYL WHEAT STRAW GLYCOSIDES, GLYCERIN, CALENDULA OFFICINALIS (MARIGOLD) FLOWER OIL, CAPRYLIC\/CAPRIC TRIGLYCERIDE, CETEARYL ALCOHOL, GLYCERYL STEARATE CITRATE, PARFUM**, SIMMONDSIA CHINENSIS (JOJOBA) SEED OIL*, SOLANUM TUBEROSUM (POTATO) EXTRACT, BENZYL ALCOHOL, SODIUM STEAROYL GLUTAMATE, CHAMOMILLA RECUTITA (CAMOMILE) EXTRACT, DEHYDROACETIC ACID, POTASSIUM SORBATE, SODIUM BENZOATE, LINALOOL, LIMONENE, COUMARIN, BENZYL BENZOATE, BENZYL CINNAMATE<\/p>\n<p>* Inhaltsstoffe aus kontrolliert biologischem Anbau<br \/>\n**Naturparfum<\/p>\n<p>98% der gesamten Inhaltsstoffe sind nat\u00fcrlichen Ursprungs<br \/>\n9% der gesamten Inhaltsstoffe sind aus kontrolliert biologischen Anbau<\/p>\n<p>Naturkosmetik nach dem Ecocert Standard durch Ecocert Greenlife zertifiziert, Standard verf\u00fcgbar unter http:\/\/cosmetics.ecocert.com<\/p>\n<p><em>Die aufgef\u00fchrten Inhaltsstoffe entsprechen dem aktuellen Stand der Produktion. Da STYX regelm\u00e4\u00dfig neue wissenschaftliche Erkenntnisse in die Rezepturen einflie\u00dfen l\u00e4sst und sich die Formulierungen entsprechend \u00e4ndern, ist die jeweils auf der Packung ausgewiesene Angabe der Inhaltsstoffe ma\u00dfgeblich.<\/em><\/p>\n","protected":false},"excerpt":{"rendered":"<p>mit wertvollen \u00d6len und Kr\u00e4utern<\/p>\n","protected":false},"featured_media":11296,"comment_status":"open","ping_status":"closed","template":"","meta":{"_links_to":"","_links_to_target":""},"pwb-brand":[263],"product_brand":[],"product_cat":[2153,220],"product_tag":[237,2165,2148,92,1730,238],"class_list":{"0":"post-11295","1":"product","2":"type-product","3":"status-publish","4":"has-post-thumbnail","6":"pwb-brand-styx","7":"product_cat-hand-fusspflege","8":"product_cat-natuerliche-pflege","9":"product_tag-handcreme","10":"product_tag-handpflege","11":"product_tag-kartoffelbalsam","12":"product_tag-naturkosmetik","13":"product_tag-ringelblume","14":"product_tag-styx","16":"first","17":"instock","18":"taxable","19":"shipping-taxable","20":"purchasable","21":"product-type-simple"},"blog_post_layout_featured_media_urls":{"thumbnail":["https:\/\/www.lebens-qi.at\/qishop\/wp-content\/uploads\/56_0-kartoffelbalsam-klein-150x150.jpg",150,150,true],"full":["https:\/\/www.lebens-qi.at\/qishop\/wp-content\/uploads\/56_0-kartoffelbalsam-klein.jpg",800,800,false]},"categories":["263"],"categories_names":{"263":{"name":"STYX","link":"https:\/\/www.lebens-qi.at\/qishop\/brand\/styx\/"}},"comments_number":"0","brands":[{"id":263,"name":"STYX","slug":"styx"}],"_links":{"self":[{"href":"https:\/\/www.lebens-qi.at\/qishop\/wp-json\/wp\/v2\/product\/11295","targetHints":{"allow":["GET"]}}],"collection":[{"href":"https:\/\/www.lebens-qi.at\/qishop\/wp-json\/wp\/v2\/product"}],"about":[{"href":"https:\/\/www.lebens-qi.at\/qishop\/wp-json\/wp\/v2\/types\/product"}],"replies":[{"embeddable":true,"href":"https:\/\/www.lebens-qi.at\/qishop\/wp-json\/wp\/v2\/comments?post=11295"}],"wp:featuredmedia":[{"embeddable":true,"href":"https:\/\/www.lebens-qi.at\/qishop\/wp-json\/wp\/v2\/media\/11296"}],"wp:attachment":[{"href":"https:\/\/www.lebens-qi.at\/qishop\/wp-json\/wp\/v2\/media?parent=11295"}],"wp:term":[{"taxonomy":"pwb-brand","embeddable":true,"href":"https:\/\/www.lebens-qi.at\/qishop\/wp-json\/wp\/v2\/pwb-brand?post=11295"},{"taxonomy":"product_brand","embeddable":true,"href":"https:\/\/www.lebens-qi.at\/qishop\/wp-json\/wp\/v2\/product_brand?post=11295"},{"taxonomy":"product_cat","embeddable":true,"href":"https:\/\/www.lebens-qi.at\/qishop\/wp-json\/wp\/v2\/product_cat?post=11295"},{"taxonomy":"product_tag","embeddable":true,"href":"https:\/\/www.lebens-qi.at\/qishop\/wp-json\/wp\/v2\/product_tag?post=11295"}],"curies":[{"name":"wp","href":"https:\/\/api.w.org\/{rel}","templated":true}]}}