{"id":11484,"date":"2025-01-15T08:08:00","date_gmt":"2025-01-15T07:08:00","guid":{"rendered":"https:\/\/www.lebens-qi.at\/qishop\/?post_type=product&#038;p=11484"},"modified":"2025-09-26T10:51:39","modified_gmt":"2025-09-26T08:51:39","slug":"magnolia-botanico-sagrada-madre-raeucherstaebchen","status":"publish","type":"product","link":"https:\/\/www.lebens-qi.at\/qishop\/produkt\/magnolia-botanico-sagrada-madre-raeucherstaebchen\/","title":{"rendered":"Magnolias &#8211; Bot\u00e1nico Sagrada Madre R\u00e4ucherst\u00e4bchen"},"content":{"rendered":"<p>Sagrada Madre Bot\u00e1nico<\/p>\n<p><strong>Magnolias<\/strong> R\u00e4ucherst\u00e4bchen sind ein 100 % einzigartiges Naturprodukt, das in Argentinien handgefertigt wird.<\/p>\n<p><strong>SELFLOVE &#8211; Selbstliebe<\/strong><\/p>\n<p>Der \u00fcppige Duft der Magnolie unterst\u00fctzt die Entspannung des K\u00f6rpers und setzt Gef\u00fchle der Zufriedenheit frei, schenkt Klarheit und F\u00fchrung um sich den F\u00fcgungen des Lebens anzupassen.<\/p>\n<p>Jede Packung enth\u00e4lt 6 St\u00e4bchen mit ca. 23 cm L\u00e4nge und einer Brenndauer von ca. 60 Minuten<\/p>\n<p><strong>Sagrada Madre<\/strong><br \/>\nSagrada Madre bedeutet &#8222;Heilige Mutter&#8220;, Pancha Mama, und dieser Name spiegelt wider, wie bei der Herstellung mit den Ressourcen der Erde umgegangen wird.<\/p>\n<p>Neben Kohle als Verbrennungsmittel wird eine geruchlose Biomasse auf Fruchtbasis verwendet. Jedes Jahr bleiben \u00fcber 100 Tonnen Fruchtbiomasse aus der industriellen Verarbeitung, z. B. bei der Saftherstellung, ungenutzt. Anstatt diese Materialien zu verschwenden, verwendet Sagrada Madre sie in ihren R\u00e4ucherst\u00e4bchen.<\/p>\n<p>Alle Sagrada Madre-R\u00e4uchervarianten werden sorgf\u00e4ltig in attraktiven Naturverpackungen verpackt, um die Umwelt so wenig wie m\u00f6glich zu belasten.<\/p>\n","protected":false},"excerpt":{"rendered":"<p>Handgefertigte R\u00e4ucherst\u00e4bchen auf Frucht-Basis<\/p>\n","protected":false},"featured_media":11485,"comment_status":"open","ping_status":"closed","template":"","meta":{"_links_to":"","_links_to_target":""},"pwb-brand":[2511],"product_brand":[],"product_cat":[3019,2512],"product_tag":[2516,305,1473,1936,2515,2517,2514,680,2513,547],"class_list":{"0":"post-11484","1":"product","2":"type-product","3":"status-publish","4":"has-post-thumbnail","6":"pwb-brand-sagrada-madre","7":"product_cat-ostern","8":"product_cat-sagrada-madre","9":"product_tag-argentinien","10":"product_tag-handgefertigt","11":"product_tag-handgemacht","12":"product_tag-magnolie","13":"product_tag-nachhaltigkeit","14":"product_tag-naturprodukt","15":"product_tag-pancha-mama","16":"product_tag-raeucherstaebchen","17":"product_tag-sagrada-madre","18":"product_tag-selbstliebe","19":"pa_herkunft-argentinien","21":"first","22":"instock","23":"taxable","24":"shipping-taxable","25":"purchasable","26":"product-type-simple"},"blog_post_layout_featured_media_urls":{"thumbnail":["https:\/\/www.lebens-qi.at\/qishop\/wp-content\/uploads\/7137magnolia-raeucherstaebchen-150x150.jpg",150,150,true],"full":["https:\/\/www.lebens-qi.at\/qishop\/wp-content\/uploads\/7137magnolia-raeucherstaebchen.jpg",800,800,false]},"categories":["2511"],"categories_names":{"2511":{"name":"Sagrada Madre","link":"https:\/\/www.lebens-qi.at\/qishop\/brand\/sagrada-madre\/"}},"comments_number":"0","brands":[{"id":2511,"name":"Sagrada Madre","slug":"sagrada-madre"}],"_links":{"self":[{"href":"https:\/\/www.lebens-qi.at\/qishop\/wp-json\/wp\/v2\/product\/11484","targetHints":{"allow":["GET"]}}],"collection":[{"href":"https:\/\/www.lebens-qi.at\/qishop\/wp-json\/wp\/v2\/product"}],"about":[{"href":"https:\/\/www.lebens-qi.at\/qishop\/wp-json\/wp\/v2\/types\/product"}],"replies":[{"embeddable":true,"href":"https:\/\/www.lebens-qi.at\/qishop\/wp-json\/wp\/v2\/comments?post=11484"}],"wp:featuredmedia":[{"embeddable":true,"href":"https:\/\/www.lebens-qi.at\/qishop\/wp-json\/wp\/v2\/media\/11485"}],"wp:attachment":[{"href":"https:\/\/www.lebens-qi.at\/qishop\/wp-json\/wp\/v2\/media?parent=11484"}],"wp:term":[{"taxonomy":"pwb-brand","embeddable":true,"href":"https:\/\/www.lebens-qi.at\/qishop\/wp-json\/wp\/v2\/pwb-brand?post=11484"},{"taxonomy":"product_brand","embeddable":true,"href":"https:\/\/www.lebens-qi.at\/qishop\/wp-json\/wp\/v2\/product_brand?post=11484"},{"taxonomy":"product_cat","embeddable":true,"href":"https:\/\/www.lebens-qi.at\/qishop\/wp-json\/wp\/v2\/product_cat?post=11484"},{"taxonomy":"product_tag","embeddable":true,"href":"https:\/\/www.lebens-qi.at\/qishop\/wp-json\/wp\/v2\/product_tag?post=11484"}],"curies":[{"name":"wp","href":"https:\/\/api.w.org\/{rel}","templated":true}]}}