{"id":11544,"date":"2025-01-20T20:00:26","date_gmt":"2025-01-20T19:00:26","guid":{"rendered":"https:\/\/www.lebens-qi.at\/qishop\/?post_type=product&#038;p=11544"},"modified":"2025-01-20T22:45:25","modified_gmt":"2025-01-20T21:45:25","slug":"arganoel-bio","status":"publish","type":"product","link":"https:\/\/www.lebens-qi.at\/qishop\/produkt\/arganoel-bio\/","title":{"rendered":"Argan\u00f6l bio"},"content":{"rendered":"<p><strong>Argan\u00f6l bio<\/strong><br \/>\n<em>Botanischer Name: Argania spinosa<br \/>\n<\/em><\/p>\n<p><strong>Inhalt:<\/strong> 80 ml<\/p>\n<p><b>Herkunftsland<\/b>: Marokko<br \/>\n<b>Qualit\u00e4t<\/b>: 100% naturreines Basis\u00f6l<br \/>\n<b>Pflanzenteil<\/b>: Samen<br \/>\n<b>Anbau<\/b>: kontrolliert biologisch<br \/>\n<b>Zertifizierung<\/b>: Cosmos Organic Ecocert<br \/>\n<b>Eignung als<\/b>: Pflanzen\u00f6l f\u00fcr die t\u00e4gliche Verwendung f\u00fcr Gesicht, K\u00f6rper und Haare<br \/>\n<b>INCI<\/b>: Argania spinosa (Argan) Kernel Oil<\/p>\n<h4>Eigenschaften<\/h4>\n<ul>\n<li>regenerierend<\/li>\n<li>feuchtigkeitsspendend<\/li>\n<li>revitalisierend<\/li>\n<li>mit viel Vitamin E<\/li>\n<\/ul>\n<h4>Anwendung<\/h4>\n<p>Najel Argan\u00f6l ist ein 100% nat\u00fcrliches und bio-zertifiziertes \u00d6l. Zur t\u00e4glichen Verwendung geeignet: unterst\u00fctzt die Zellerneuerung, ist sch\u00fctzend und n\u00e4hrend, revitalisiert und hydriert Haut und Haare. Es ist besonders reich an Vitamin E, das freie Radikale bek\u00e4mpft und von Natur aus antioxidativ ist. Argan-\u00d6l ist auch zur St\u00e4rkung der N\u00e4gel geeignet!<\/p>\n","protected":false},"excerpt":{"rendered":"<p>n\u00e4hrend &amp; sch\u00fctzend<\/p>\n","protected":false},"featured_media":11546,"comment_status":"open","ping_status":"closed","template":"","meta":{"_links_to":"","_links_to_target":""},"pwb-brand":[2527],"product_brand":[],"product_cat":[2232,2233],"product_tag":[855,2238,2242,92,325,2240,2239],"class_list":{"0":"post-11544","1":"product","2":"type-product","3":"status-publish","4":"has-post-thumbnail","6":"pwb-brand-najel","7":"product_cat-basis-massageoele","8":"product_cat-basis-massageoele-natuerliche-pflege","9":"product_tag-aromatherapie","10":"product_tag-basisoel","11":"product_tag-diy","12":"product_tag-naturkosmetik","13":"product_tag-naturrein","14":"product_tag-rohstoff","15":"product_tag-traegeroel","16":"pa_herkunft-marokko","17":"pa_inhalt-80-ml","18":"pa_qualitaet-100-naturreines-basisoel-kontrolliert-biologisch","20":"first","21":"instock","22":"taxable","23":"shipping-taxable","24":"purchasable","25":"product-type-simple"},"blog_post_layout_featured_media_urls":{"thumbnail":["https:\/\/www.lebens-qi.at\/qishop\/wp-content\/uploads\/najel-argan-oel-150x150.jpg",150,150,true],"full":["https:\/\/www.lebens-qi.at\/qishop\/wp-content\/uploads\/najel-argan-oel.jpg",800,800,false]},"categories":["2527"],"categories_names":{"2527":{"name":"Najel","link":"https:\/\/www.lebens-qi.at\/qishop\/brand\/najel\/"}},"comments_number":"0","brands":[{"id":2527,"name":"Najel","slug":"najel"}],"_links":{"self":[{"href":"https:\/\/www.lebens-qi.at\/qishop\/wp-json\/wp\/v2\/product\/11544","targetHints":{"allow":["GET"]}}],"collection":[{"href":"https:\/\/www.lebens-qi.at\/qishop\/wp-json\/wp\/v2\/product"}],"about":[{"href":"https:\/\/www.lebens-qi.at\/qishop\/wp-json\/wp\/v2\/types\/product"}],"replies":[{"embeddable":true,"href":"https:\/\/www.lebens-qi.at\/qishop\/wp-json\/wp\/v2\/comments?post=11544"}],"wp:featuredmedia":[{"embeddable":true,"href":"https:\/\/www.lebens-qi.at\/qishop\/wp-json\/wp\/v2\/media\/11546"}],"wp:attachment":[{"href":"https:\/\/www.lebens-qi.at\/qishop\/wp-json\/wp\/v2\/media?parent=11544"}],"wp:term":[{"taxonomy":"pwb-brand","embeddable":true,"href":"https:\/\/www.lebens-qi.at\/qishop\/wp-json\/wp\/v2\/pwb-brand?post=11544"},{"taxonomy":"product_brand","embeddable":true,"href":"https:\/\/www.lebens-qi.at\/qishop\/wp-json\/wp\/v2\/product_brand?post=11544"},{"taxonomy":"product_cat","embeddable":true,"href":"https:\/\/www.lebens-qi.at\/qishop\/wp-json\/wp\/v2\/product_cat?post=11544"},{"taxonomy":"product_tag","embeddable":true,"href":"https:\/\/www.lebens-qi.at\/qishop\/wp-json\/wp\/v2\/product_tag?post=11544"}],"curies":[{"name":"wp","href":"https:\/\/api.w.org\/{rel}","templated":true}]}}