{"id":11664,"date":"2025-01-24T11:28:12","date_gmt":"2025-01-24T10:28:12","guid":{"rendered":"https:\/\/www.lebens-qi.at\/qishop\/?post_type=product&#038;p=11664"},"modified":"2025-02-12T21:38:55","modified_gmt":"2025-02-12T20:38:55","slug":"lebensbaum-raeucherstaebchenhalter-schwarz-gold","status":"publish","type":"product","link":"https:\/\/www.lebens-qi.at\/qishop\/produkt\/lebensbaum-raeucherstaebchenhalter-schwarz-gold\/","title":{"rendered":"Lebensbaum R\u00e4ucherst\u00e4bchenhalter schwarz-gold"},"content":{"rendered":"<p><strong>Lebensbaum mit goldenen Bl\u00e4ttern<br \/>\n<\/strong><\/p>\n<p>Edler runder R\u00e4ucherst\u00e4bchenhalter aus Speckstein. Handgraviert und bemalt. Der Lebensbaum gilt als Heiligtum, ein Mittler zwischen den verschiedenen Sph\u00e4ren der Existenz.<\/p>\n<p>Gr\u00f6\u00dfe: ca. 13 cm<br \/>\nMaterial: Speckstein<br \/>\nFarbe: schwarz, Bl\u00e4tter von Hand gold bemalt<br \/>\n<em><b>Hinweis:<\/b> Farbe kann abweichen, da es sich um ein Naturprodukt handelt!<\/em><\/p>\n","protected":false},"excerpt":{"rendered":"<p>Lebensbaum mit goldenen Bl\u00e4ttern &#8211; handgraviert und bemalt<\/p>\n","protected":false},"featured_media":11665,"comment_status":"open","ping_status":"closed","template":"","meta":{"_links_to":"","_links_to_target":""},"pwb-brand":[307],"product_brand":[],"product_cat":[733],"product_tag":[730,312,680,592],"class_list":{"0":"post-11664","1":"product","2":"type-product","3":"status-publish","4":"has-post-thumbnail","6":"pwb-brand-berk","7":"product_cat-runde-halter","8":"product_tag-halter","9":"product_tag-lebensbaum","10":"product_tag-raeucherstaebchen","11":"product_tag-speckstein","13":"first","14":"instock","15":"taxable","16":"shipping-taxable","17":"purchasable","18":"product-type-simple"},"blog_post_layout_featured_media_urls":{"thumbnail":["https:\/\/www.lebens-qi.at\/qishop\/wp-content\/uploads\/ST-138_1_lebensbaum-schwarz-150x150.jpg",150,150,true],"full":["https:\/\/www.lebens-qi.at\/qishop\/wp-content\/uploads\/ST-138_1_lebensbaum-schwarz.jpg",600,600,false]},"categories":["307"],"categories_names":{"307":{"name":"Berk","link":"https:\/\/www.lebens-qi.at\/qishop\/brand\/berk\/"}},"comments_number":"0","brands":[{"id":307,"name":"Berk","slug":"berk"}],"_links":{"self":[{"href":"https:\/\/www.lebens-qi.at\/qishop\/wp-json\/wp\/v2\/product\/11664","targetHints":{"allow":["GET"]}}],"collection":[{"href":"https:\/\/www.lebens-qi.at\/qishop\/wp-json\/wp\/v2\/product"}],"about":[{"href":"https:\/\/www.lebens-qi.at\/qishop\/wp-json\/wp\/v2\/types\/product"}],"replies":[{"embeddable":true,"href":"https:\/\/www.lebens-qi.at\/qishop\/wp-json\/wp\/v2\/comments?post=11664"}],"wp:featuredmedia":[{"embeddable":true,"href":"https:\/\/www.lebens-qi.at\/qishop\/wp-json\/wp\/v2\/media\/11665"}],"wp:attachment":[{"href":"https:\/\/www.lebens-qi.at\/qishop\/wp-json\/wp\/v2\/media?parent=11664"}],"wp:term":[{"taxonomy":"pwb-brand","embeddable":true,"href":"https:\/\/www.lebens-qi.at\/qishop\/wp-json\/wp\/v2\/pwb-brand?post=11664"},{"taxonomy":"product_brand","embeddable":true,"href":"https:\/\/www.lebens-qi.at\/qishop\/wp-json\/wp\/v2\/product_brand?post=11664"},{"taxonomy":"product_cat","embeddable":true,"href":"https:\/\/www.lebens-qi.at\/qishop\/wp-json\/wp\/v2\/product_cat?post=11664"},{"taxonomy":"product_tag","embeddable":true,"href":"https:\/\/www.lebens-qi.at\/qishop\/wp-json\/wp\/v2\/product_tag?post=11664"}],"curies":[{"name":"wp","href":"https:\/\/api.w.org\/{rel}","templated":true}]}}