{"id":11916,"date":"2025-01-30T19:10:41","date_gmt":"2025-01-30T18:10:41","guid":{"rendered":"https:\/\/www.lebens-qi.at\/qishop\/?post_type=product&#038;p=11916"},"modified":"2026-04-10T20:50:51","modified_gmt":"2026-04-10T18:50:51","slug":"yoga-cats-teedose","status":"publish","type":"product","link":"https:\/\/www.lebens-qi.at\/qishop\/produkt\/yoga-cats-teedose\/","title":{"rendered":"Yoga Cats Teedose"},"content":{"rendered":"<p>Tee-Dose<\/p>\n<p><b>Yoga Cats &#8211; in 2 Farben erh\u00e4ltlich<br \/>\n<\/b><\/p>\n<p>Namaste Katze! Ob Kobra, Krieger, Dreieckspose, Halasana oder herabschauender Hund, diesen gelenkigen Stubentigern macht so leicht keiner etwas vor. Und eins ist klar: Yoga liegt nicht nur absolut im Trend, sondern ist zudem auch eine Wohltat f\u00fcr K\u00f6rper, Geist und Seele.<\/p>\n<p>S\u00fc\u00dfes Design f\u00fcr Yoga-Fans und Katzen-Liebhaber*innen \u2022 auch als Geschenk oder f\u00fcr die Aufbewahrung s\u00fc\u00dfer Leckereien ist dieser Artikel die perfekte Wahl<\/p>\n<p>Passend zu den Yoga Cats Tassen<\/p>\n<p>Material: Wei\u00dfblech<br \/>\nGr\u00f6\u00dfe: 5,1 x 7,5 x 14 cm (f\u00fcr ca. 125 g Tee)<br \/>\nLieferumfang: 1 Dose in gew\u00e4hlter Farbe ohne Inhalt<br \/>\nHinweis: matte Oberfl\u00e4chenveredelung<\/p>\n","protected":false},"excerpt":{"rendered":"<p>f\u00fcr Katzen- &amp; Yoga-Fans<\/p>\n","protected":false},"featured_media":11921,"comment_status":"open","ping_status":"closed","template":"","meta":{"_links_to":"","_links_to_target":""},"pwb-brand":[437],"product_brand":[],"product_cat":[439],"product_tag":[2559,2558,901,749,443,2560,158],"class_list":{"0":"post-11916","1":"product","2":"type-product","3":"status-publish","4":"has-post-thumbnail","6":"pwb-brand-chacult","7":"product_cat-teezubehoer","8":"product_tag-aufbewahrung","9":"product_tag-dose","10":"product_tag-katzen","11":"product_tag-mandala","12":"product_tag-tee","13":"product_tag-teedose","14":"product_tag-yoga","15":"pa_herkunft-china","17":"first","18":"instock","19":"taxable","20":"shipping-taxable","21":"purchasable","22":"product-type-variable"},"blog_post_layout_featured_media_urls":{"thumbnail":["https:\/\/www.lebens-qi.at\/qishop\/wp-content\/uploads\/yoga-cats-dosen-150x150.jpg",150,150,true],"full":["https:\/\/www.lebens-qi.at\/qishop\/wp-content\/uploads\/yoga-cats-dosen.jpg",800,800,false]},"categories":["437"],"categories_names":{"437":{"name":"ChaCult","link":"https:\/\/www.lebens-qi.at\/qishop\/brand\/chacult\/"}},"comments_number":"0","brands":[{"id":437,"name":"ChaCult","slug":"chacult"}],"_links":{"self":[{"href":"https:\/\/www.lebens-qi.at\/qishop\/wp-json\/wp\/v2\/product\/11916","targetHints":{"allow":["GET"]}}],"collection":[{"href":"https:\/\/www.lebens-qi.at\/qishop\/wp-json\/wp\/v2\/product"}],"about":[{"href":"https:\/\/www.lebens-qi.at\/qishop\/wp-json\/wp\/v2\/types\/product"}],"replies":[{"embeddable":true,"href":"https:\/\/www.lebens-qi.at\/qishop\/wp-json\/wp\/v2\/comments?post=11916"}],"wp:featuredmedia":[{"embeddable":true,"href":"https:\/\/www.lebens-qi.at\/qishop\/wp-json\/wp\/v2\/media\/11921"}],"wp:attachment":[{"href":"https:\/\/www.lebens-qi.at\/qishop\/wp-json\/wp\/v2\/media?parent=11916"}],"wp:term":[{"taxonomy":"pwb-brand","embeddable":true,"href":"https:\/\/www.lebens-qi.at\/qishop\/wp-json\/wp\/v2\/pwb-brand?post=11916"},{"taxonomy":"product_brand","embeddable":true,"href":"https:\/\/www.lebens-qi.at\/qishop\/wp-json\/wp\/v2\/product_brand?post=11916"},{"taxonomy":"product_cat","embeddable":true,"href":"https:\/\/www.lebens-qi.at\/qishop\/wp-json\/wp\/v2\/product_cat?post=11916"},{"taxonomy":"product_tag","embeddable":true,"href":"https:\/\/www.lebens-qi.at\/qishop\/wp-json\/wp\/v2\/product_tag?post=11916"}],"curies":[{"name":"wp","href":"https:\/\/api.w.org\/{rel}","templated":true}]}}