{"id":1242,"date":"2024-02-15T22:54:33","date_gmt":"2024-02-15T21:54:33","guid":{"rendered":"https:\/\/www.lebens-qi.at\/qishop\/produkt\/hanf-koerpercreme-klein\/"},"modified":"2025-08-22T11:23:00","modified_gmt":"2025-08-22T09:23:00","slug":"hanf-koerpercreme-klein","status":"publish","type":"product","link":"https:\/\/www.lebens-qi.at\/qishop\/produkt\/hanf-koerpercreme-klein\/","title":{"rendered":"Hanf K\u00f6rpercreme klein"},"content":{"rendered":"<p><b>Hanf K\u00f6rpercreme &#8211; Zertifizierte BIO-Kosmetik<\/b><\/p>\n<p>Verw\u00f6hnen Sie Ihre Haut mit dieser reichhaltigen K\u00f6rpercreme! Besonders trockene und gereizte Haut profitiert von der beruhigenden Wirkung des Hanf\u00f6ls.<br \/>\nDie wertvollen \u00e4therischen \u00d6le von Zirbelkiefer, Patchouli und Ylang Ylang verleihen der K\u00f6rpercreme einen unwiderstehlichen Duft. Ringelblume unterst\u00fctzt die Haut bei der Regeneration und Shea Butter n\u00e4hrt und pflegt. Die Hanf K\u00f6rpercreme mit ihrer cremigen Konsistenz zieht schnell ein und macht die Haut glatt und samtig weich. Das perfekte Wohlf\u00fchlprogramm f\u00fcr Ihre Haut in einem Tiegel!<\/p>\n<p>\u00b7 Sanfte und reichhaltige Pflege f\u00fcr normale bis sehr trockene Haut<br \/>\n\u00b7 Bindet Feuchtigkeit und unterst\u00fctzt die Zellerneuerung<br \/>\n\u00b7 Regional und nachhaltig: hochwertiges BIO-Hanf\u00f6l von unserem Partner Hanfland<br \/>\n\u00b7 Zertifizierte Naturkosmetik: nat\u00fcrlich tierversuchsfrei und vegan<\/p>\n<p><b>BIO-Naturkosmetik f\u00fcr sch\u00f6ne Haut: So wirkt Hanf\u00f6l<\/b><\/p>\n<p>Hanfsamen\u00f6l hat die Hautpflege revolutioniert. Durch den hohen Anteil an unges\u00e4ttigten Fetts\u00e4uren kann unsere Haut das Pflanzen\u00f6l besonders gut aufnehmen. Die Alpha-Linolens\u00e4ure verleiht dem Hanf\u00f6l stark regenerierende und zellerneuernde Eigenschaften. Die wertvollen Inhaltsstoffe des Pflege\u00f6ls sch\u00fctzen die Hautbarriere und machen es zu einer Wunderwaffe f\u00fcr trockene, empfindliche und reife Haut. Durch das schonende Kaltpressverfahren bleiben alle Inhaltsstoffe erhalten. Nach dem \u00d6ffnen sollte das Produkt innerhalb eines halben Jahres verbraucht werden.<\/p>\n<p><b>Entdecken Sie die Hanf K\u00f6rpercreme f\u00fcr zarte, weiche Haut \u2013 einfach zum Wohlf\u00fchlen!<\/b><\/p>\n<p>Inhalt: 50 ml<\/p>\n<p><em><b>Inhaltsstoffe nach INCI (CTFA):<\/b><br \/>\nAQUA (WATER), BUTYROSPERMUM PARKII (SHEA) BUTTER*, GLYCERIN*, CANNABIS SATIVA (HEMP) SEED OIL*, SORBITAN OLIVATE, CETEARYL OLIVATE, CETEARYL ALCOHOL, GLYCINE SOJA (SOYBEAN) OIL*, BETULA ALBA (BIRCH) LEAF EXTRACT*, POGOSTEMON CABLIN (PATCHOULI) OIL, CANANGA ODORATA (YLANG YLANG) FLOWER OIL*, HUMULUS LUPULUS (HOPS) EXTRACT*, CHONDRUS CRISPUS (CARRAGEENAN) EXTRACT, CALENDULA OFFICINALIS (MARIGOLD) FLOWER EXTRACT*, CETYL PALMITATE, SORBITAN PALMITATE, ACACIA SENEGAL GUM, XANTHAN GUM, TOCOPHEROL, BENZYL ALCOHOL, DEHYDROACETIC ACID, SODIUM BENZOATE, POTASSIUM SORBATE, CITRIC ACID, PARFUM**, LINALOOL, LIMONENE, CITRAL, CITRONELLOL, GERANIOL, BENZYL BENZOATE, FARNESOL, BENZYLSALICYLATE, EUGENOL<br \/>\n* Inhaltsstoffe aus kontrolliert biologischem Anbau<\/em><br \/>\n<em>** Parfum nat\u00fcrlichen Ursprungs<\/em><\/p>\n<p>Die aufgef\u00fchrten Inhaltsstoffe entsprechen dem aktuellen Stand der Produktion. Da STYX regelm\u00e4\u00dfig neue wissenschaftliche Erkenntnisse in die Rezepturen einflie\u00dfen l\u00e4sst und sich die Formulierungen entsprechend \u00e4ndern, ist die jeweils auf der Packung ausgewiesene Angabe der Inhaltsstoffe ma\u00dfgeblich.<\/p>\n","protected":false},"excerpt":{"rendered":"<p>Hanfsamen\u00f6l \u2013 das Wertvollste einer der \u00e4ltesten Kulturpflanzen in den Tiegel gebracht.<\/p>\n","protected":false},"featured_media":1241,"comment_status":"open","ping_status":"closed","template":"","meta":{"_links_to":"","_links_to_target":""},"pwb-brand":[263],"product_brand":[],"product_cat":[2151,271],"product_tag":[278,272,92,1730,234,238,279],"class_list":{"0":"post-1242","1":"product","2":"type-product","3":"status-publish","4":"has-post-thumbnail","6":"pwb-brand-styx","7":"product_cat-koerperpflege","8":"product_cat-kunst-der-pflege","9":"product_tag-hanf","10":"product_tag-koerpercreme","11":"product_tag-naturkosmetik","12":"product_tag-ringelblume","13":"product_tag-sheabutter","14":"product_tag-styx","15":"product_tag-zirbe","17":"first","18":"instock","19":"taxable","20":"shipping-taxable","21":"purchasable","22":"product-type-simple"},"blog_post_layout_featured_media_urls":{"thumbnail":["https:\/\/www.lebens-qi.at\/qishop\/wp-content\/uploads\/hanf-creme-150x150.jpg",150,150,true],"full":["https:\/\/www.lebens-qi.at\/qishop\/wp-content\/uploads\/hanf-creme.jpg",800,773,false]},"categories":["263"],"categories_names":{"263":{"name":"STYX","link":"https:\/\/www.lebens-qi.at\/qishop\/brand\/styx\/"}},"comments_number":"0","brands":[{"id":263,"name":"STYX","slug":"styx"}],"_links":{"self":[{"href":"https:\/\/www.lebens-qi.at\/qishop\/wp-json\/wp\/v2\/product\/1242","targetHints":{"allow":["GET"]}}],"collection":[{"href":"https:\/\/www.lebens-qi.at\/qishop\/wp-json\/wp\/v2\/product"}],"about":[{"href":"https:\/\/www.lebens-qi.at\/qishop\/wp-json\/wp\/v2\/types\/product"}],"replies":[{"embeddable":true,"href":"https:\/\/www.lebens-qi.at\/qishop\/wp-json\/wp\/v2\/comments?post=1242"}],"wp:featuredmedia":[{"embeddable":true,"href":"https:\/\/www.lebens-qi.at\/qishop\/wp-json\/wp\/v2\/media\/1241"}],"wp:attachment":[{"href":"https:\/\/www.lebens-qi.at\/qishop\/wp-json\/wp\/v2\/media?parent=1242"}],"wp:term":[{"taxonomy":"pwb-brand","embeddable":true,"href":"https:\/\/www.lebens-qi.at\/qishop\/wp-json\/wp\/v2\/pwb-brand?post=1242"},{"taxonomy":"product_brand","embeddable":true,"href":"https:\/\/www.lebens-qi.at\/qishop\/wp-json\/wp\/v2\/product_brand?post=1242"},{"taxonomy":"product_cat","embeddable":true,"href":"https:\/\/www.lebens-qi.at\/qishop\/wp-json\/wp\/v2\/product_cat?post=1242"},{"taxonomy":"product_tag","embeddable":true,"href":"https:\/\/www.lebens-qi.at\/qishop\/wp-json\/wp\/v2\/product_tag?post=1242"}],"curies":[{"name":"wp","href":"https:\/\/api.w.org\/{rel}","templated":true}]}}