{"id":12450,"date":"2025-02-25T15:51:56","date_gmt":"2025-02-25T14:51:56","guid":{"rendered":"https:\/\/www.lebens-qi.at\/qishop\/?post_type=product&#038;p=12450"},"modified":"2025-09-12T10:50:19","modified_gmt":"2025-09-12T08:50:19","slug":"ringelblume-koerpercreme","status":"publish","type":"product","link":"https:\/\/www.lebens-qi.at\/qishop\/produkt\/ringelblume-koerpercreme\/","title":{"rendered":"Ringelblume K\u00f6rpercreme"},"content":{"rendered":"<p><b>Ringelblume K\u00f6rpercreme &#8211; Ecocert nat.<\/b><\/p>\n<p>Die Ringelblume beruhigt und pflegt die Haut, w\u00e4hrend Aloe Vera intensive Feuchtigkeit spendet.<br \/>\nDie Creme zieht schnell ein und hinterl\u00e4sst einen lieblichen Geruch, der Sie begleitet. Auch f\u00fcr trockene, sensible und irritierte Haut geeignet f\u00fcr ein rundum gepflegtes, geschmeidiges Hautgef\u00fchl.<\/p>\n<p><strong>Die nat\u00fcrliche Ringelblumen K\u00f6rpercreme ist eine wohltuende und besondere Pflege f\u00fcr alle Hauttypen mit dem lieblichen Duft der Ringelblume, wie frisch aus dem Kr\u00e4utergarten.<\/strong><\/p>\n<p>Inhalt: 200 ml<\/p>\n<ul>\n<li>f\u00fcr alle Hauttypen<\/li>\n<li>beruhigend und pflegend<\/li>\n<li>mit Ringelblume und Shea Butter<\/li>\n<li>vegan &amp; zertifiziert<\/li>\n<\/ul>\n<p>Die Ringelblumen K\u00f6rpercreme hat eine wunderbare Textur, die sich geschmeidig auf der Haut anf\u00fchlt und sanft einzieht. Trockene, rissige, raue und schrundige Haut wird wieder weich und gleichm\u00e4\u00dfiger vom Erscheinungsbild.<\/p>\n<p>Eine Kombination von verw\u00f6hnenden und wirksamen Kr\u00e4utern sowie Naturwirkstoffen unterst\u00fctzen die Ringelblume in der K\u00f6rpercreme f\u00fcr diesen feinen Effekt. Die zus\u00e4tzlich enthaltenen Wirkstoffe Shea Butter, Soja\u00f6l, Aloe Vera und Vitamin E sorgen bei der t\u00e4glichen K\u00f6rperpflege f\u00fcr ein geschmeidiges, gesundes und gepflegtes Hautgef\u00fchl.<\/p>\n<p><strong>ANWENDUNG: <\/strong><br \/>\nNach dem Duschen die n\u00e4hrende K\u00f6rpercreme gleichm\u00e4\u00dfig und sanft auf den ganzen K\u00f6rper auftragen und eincremen und den lieblichen Duft genie\u00dfen.<\/p>\n<p><em><b>Inhaltsstoffe nach INCI (CTFA):<\/b><br \/>\nAQUA (WATER), GLYCERYL STEARATE CITRATE, GLYCINE SOJA (SOYBEAN) OIL*, GLYCERIN, BUTYROSPERMUM PARKII (SHEA) BUTTER*, CAPRYLIC\/CAPRIC TRIGLYCERIDE, CETYL ALCOHOL, SQUALANE, PARFUM**, OLEA EUROPAEA (OLIVE) FRUIT OIL, ALOE BARBADENSIS LEAF JUICE*, CALENDULA OFFICINALIS (MARIGOLD) FLOWER EXTRACT*, OLEA EUROPAEA (OLIVE) OIL UNSAPONIFIABLES, BENZYL ALCOHOL, XANTHAN GUM, LINALOOL, GERANIOL, DEHYDROACETIC ACID, GERANYL ACETATE, VANILLIN, CITRIC ACID, TOCOPHEROL, SODIUM BENZOATE, LAVANDULA OIL\/EXTRACT, POTASSIUM SORBATE, LINALYL ACETATE<br \/>\n*Inhaltsstoffe aus kontrolliert biologischem Anbau<br \/>\n**Parfum nat\u00fcrlichen Ursprungs<\/em><\/p>\n<p>99% nat\u00fcrlicher Ursprung im Gesamtprodukt<\/p>\n<p>COSMOS NATURAL nach dem COSMOS Standard durch Ecocert Greenlife zertifiziert, Standard verf\u00fcgbar unter http:\/\/COSMOS.ecocert.com<\/p>\n<p><em>Die aufgef\u00fchrten Inhaltsstoffe entsprechen dem aktuellen Stand der Produktion. Da STYX regelm\u00e4\u00dfig neue wissenschaftliche Erkenntnisse die Rezepturen einflie\u00dfen l\u00e4sst und die Formulierungen entsprechend \u00e4ndert, ist die jeweils auf der Packung ausgewiesene Angabe der Inhaltsstoffe ma\u00dfgeblich.<\/em><\/p>\n","protected":false},"excerpt":{"rendered":"<p>f\u00fcr ein rundum gepflegtes, geschmeidiges Hautgef\u00fchl<\/p>\n","protected":false},"featured_media":12451,"comment_status":"open","ping_status":"closed","template":"","meta":{"_links_to":"","_links_to_target":""},"pwb-brand":[263],"product_brand":[],"product_cat":[2151,271],"product_tag":[236,272,92,1730,234,238],"class_list":{"0":"post-12450","1":"product","2":"type-product","3":"status-publish","4":"has-post-thumbnail","6":"pwb-brand-styx","7":"product_cat-koerperpflege","8":"product_cat-kunst-der-pflege","9":"product_tag-aloe-vera","10":"product_tag-koerpercreme","11":"product_tag-naturkosmetik","12":"product_tag-ringelblume","13":"product_tag-sheabutter","14":"product_tag-styx","16":"first","17":"instock","18":"taxable","19":"shipping-taxable","20":"purchasable","21":"product-type-simple"},"blog_post_layout_featured_media_urls":{"thumbnail":["https:\/\/www.lebens-qi.at\/qishop\/wp-content\/uploads\/1426_0-ringelblume-creme-150x150.jpg",150,150,true],"full":["https:\/\/www.lebens-qi.at\/qishop\/wp-content\/uploads\/1426_0-ringelblume-creme.jpg",800,800,false]},"categories":["263"],"categories_names":{"263":{"name":"STYX","link":"https:\/\/www.lebens-qi.at\/qishop\/brand\/styx\/"}},"comments_number":"0","brands":[{"id":263,"name":"STYX","slug":"styx"}],"_links":{"self":[{"href":"https:\/\/www.lebens-qi.at\/qishop\/wp-json\/wp\/v2\/product\/12450","targetHints":{"allow":["GET"]}}],"collection":[{"href":"https:\/\/www.lebens-qi.at\/qishop\/wp-json\/wp\/v2\/product"}],"about":[{"href":"https:\/\/www.lebens-qi.at\/qishop\/wp-json\/wp\/v2\/types\/product"}],"replies":[{"embeddable":true,"href":"https:\/\/www.lebens-qi.at\/qishop\/wp-json\/wp\/v2\/comments?post=12450"}],"wp:featuredmedia":[{"embeddable":true,"href":"https:\/\/www.lebens-qi.at\/qishop\/wp-json\/wp\/v2\/media\/12451"}],"wp:attachment":[{"href":"https:\/\/www.lebens-qi.at\/qishop\/wp-json\/wp\/v2\/media?parent=12450"}],"wp:term":[{"taxonomy":"pwb-brand","embeddable":true,"href":"https:\/\/www.lebens-qi.at\/qishop\/wp-json\/wp\/v2\/pwb-brand?post=12450"},{"taxonomy":"product_brand","embeddable":true,"href":"https:\/\/www.lebens-qi.at\/qishop\/wp-json\/wp\/v2\/product_brand?post=12450"},{"taxonomy":"product_cat","embeddable":true,"href":"https:\/\/www.lebens-qi.at\/qishop\/wp-json\/wp\/v2\/product_cat?post=12450"},{"taxonomy":"product_tag","embeddable":true,"href":"https:\/\/www.lebens-qi.at\/qishop\/wp-json\/wp\/v2\/product_tag?post=12450"}],"curies":[{"name":"wp","href":"https:\/\/api.w.org\/{rel}","templated":true}]}}