{"id":12479,"date":"2025-02-26T15:19:38","date_gmt":"2025-02-26T14:19:38","guid":{"rendered":"https:\/\/www.lebens-qi.at\/qishop\/?post_type=product&#038;p=12479"},"modified":"2025-02-26T17:35:12","modified_gmt":"2025-02-26T16:35:12","slug":"donuthalter-spirale-silberfarbig","status":"publish","type":"product","link":"https:\/\/www.lebens-qi.at\/qishop\/produkt\/donuthalter-spirale-silberfarbig\/","title":{"rendered":"Donuthalter Spirale silberfarbig"},"content":{"rendered":"<p><b>Donuthalter<\/b><\/p>\n<p>sind eine geniale M\u00f6glichkeit, Stein-Donuts nicht nur an einem Band, sondern als elegante Schmuckst\u00fccke zu tragen. Daf\u00fcr wird der Stab mit der Anh\u00e4nger\u00f6se von vorne durch das Loch im Donut gesteckt &#8211; schon eignet er sich zum Tragen an einer Halskette. Der Donut kann jederzeit einfach ausgetauscht werden.<\/p>\n<p><b>Donuthalter Anh\u00e4nger SPIRALE<\/b><br \/>\nf\u00fcr 30 bis 40 mm gro\u00dfe Donuts<br \/>\nGr\u00f6\u00dfe von der Spirale ca. 16 mm<br \/>\nFarbe: silber<\/p>\n<p><b>Material\/Qualit\u00e4t:<\/b><br \/>\nnickelfreies Metall, gl\u00e4nzend<\/p>\n<p><strong>Hinweis:<\/strong> bei 4 cm Donuts ist der Stab meist vollst\u00e4ndig hinter dem Stein, bei 3 cm Donuts ist ein kleines St\u00fcck davon sichtbar (siehe Fotos); wichtig: das Loch im Donut muss so gro\u00df sein, dass die \u00d6se hindurchpasst<\/p>\n","protected":false},"excerpt":{"rendered":"<p>f\u00fcr 3 bis 4 cm gro\u00dfe Donuts<\/p>\n","protected":false},"featured_media":12494,"comment_status":"open","ping_status":"closed","template":"","meta":{"_links_to":"","_links_to_target":""},"pwb-brand":[114],"product_brand":[],"product_cat":[1011],"product_tag":[117,1188,2633,118,309],"class_list":{"0":"post-12479","1":"product","2":"type-product","3":"status-publish","4":"has-post-thumbnail","6":"pwb-brand-lebens-qi-kraft-der-steine","7":"product_cat-symbolschmuck","8":"product_tag-anhaenger","9":"product_tag-donut","10":"product_tag-donuthalter","11":"product_tag-schmuck","12":"product_tag-spirale","14":"first","15":"instock","16":"taxable","17":"shipping-taxable","18":"purchasable","19":"product-type-simple"},"blog_post_layout_featured_media_urls":{"thumbnail":["https:\/\/www.lebens-qi.at\/qishop\/wp-content\/uploads\/donuthalter-spirale-150x150.png",150,150,true],"full":["https:\/\/www.lebens-qi.at\/qishop\/wp-content\/uploads\/donuthalter-spirale.png",800,800,false]},"categories":["114"],"categories_names":{"114":{"name":"Lebens-Qi Kraft der Steine","link":"https:\/\/www.lebens-qi.at\/qishop\/brand\/lebens-qi-kraft-der-steine\/"}},"comments_number":"0","brands":[{"id":114,"name":"Lebens-Qi Kraft der Steine","slug":"lebens-qi-kraft-der-steine"}],"_links":{"self":[{"href":"https:\/\/www.lebens-qi.at\/qishop\/wp-json\/wp\/v2\/product\/12479","targetHints":{"allow":["GET"]}}],"collection":[{"href":"https:\/\/www.lebens-qi.at\/qishop\/wp-json\/wp\/v2\/product"}],"about":[{"href":"https:\/\/www.lebens-qi.at\/qishop\/wp-json\/wp\/v2\/types\/product"}],"replies":[{"embeddable":true,"href":"https:\/\/www.lebens-qi.at\/qishop\/wp-json\/wp\/v2\/comments?post=12479"}],"wp:featuredmedia":[{"embeddable":true,"href":"https:\/\/www.lebens-qi.at\/qishop\/wp-json\/wp\/v2\/media\/12494"}],"wp:attachment":[{"href":"https:\/\/www.lebens-qi.at\/qishop\/wp-json\/wp\/v2\/media?parent=12479"}],"wp:term":[{"taxonomy":"pwb-brand","embeddable":true,"href":"https:\/\/www.lebens-qi.at\/qishop\/wp-json\/wp\/v2\/pwb-brand?post=12479"},{"taxonomy":"product_brand","embeddable":true,"href":"https:\/\/www.lebens-qi.at\/qishop\/wp-json\/wp\/v2\/product_brand?post=12479"},{"taxonomy":"product_cat","embeddable":true,"href":"https:\/\/www.lebens-qi.at\/qishop\/wp-json\/wp\/v2\/product_cat?post=12479"},{"taxonomy":"product_tag","embeddable":true,"href":"https:\/\/www.lebens-qi.at\/qishop\/wp-json\/wp\/v2\/product_tag?post=12479"}],"curies":[{"name":"wp","href":"https:\/\/api.w.org\/{rel}","templated":true}]}}