{"id":1262,"date":"2024-02-15T22:54:43","date_gmt":"2024-02-15T21:54:43","guid":{"rendered":"https:\/\/www.lebens-qi.at\/qishop\/produkt\/mohn-haar-und-koerperseife\/"},"modified":"2025-09-12T10:54:37","modified_gmt":"2025-09-12T08:54:37","slug":"mohn-haar-und-koerperseife","status":"publish","type":"product","link":"https:\/\/www.lebens-qi.at\/qishop\/produkt\/mohn-haar-und-koerperseife\/","title":{"rendered":"Mohn Haar- und K\u00f6rperseife"},"content":{"rendered":"<p><b>Mohn Haar- und K\u00f6rperseife &#8211; Zertifizierte BIO-Kosmetik<\/b><\/p>\n<p>Die milde Mohnseife eignet sich mit ihrer beruhigenden Wirkung bestens f\u00fcr die Haar- und K\u00f6rperreinigung.<br \/>\nDas enthaltene kaltgepresste BIO-zertifizierte Mohn\u00f6l wird aus BIO-Mohnsamen gewonnen.<\/p>\n<p><b>F\u00fcr nat\u00fcrlich gepflegte Haut und tolles Haar!<br \/>\n<\/b>\u25cf Milde Pflanzenseife mit blumig-krautiger Frische<br \/>\n\u25cf Zertifizierte Naturkosmetik<br \/>\n\u25cf Beruhigende feste Seife f\u00fcr Haar und K\u00f6rper<br \/>\n\u25cf F\u00fcr jeden Haar- und Hauttyp geeignet<br \/>\n\u25cf Vegan<\/p>\n<p><b>Vegane Naturkosmetik zum Verw\u00f6hnen<\/b><br \/>\nDie handgemachte Mohn Glyzerinseife von Styx Naturkosmetik mit Pflanzen\u00f6len \u00fcberzeugt auf ganzer Linie. Pflegen Sie Ihren K\u00f6rper und Ihre Haare mit einem sanft reinigenden Seifenschaum mit beruhigender Wirkung und wohltuender Feuchtigkeit.Die biologisch abbaubare und neutrale Seife eignet sich auch perfekt zum Duschen. Sie reinigt und pflegt Ihre Haut gleichzeitig.Zudem hinterl\u00e4sst die Rezeptur mit BIO-Mohn\u00f6l ein sauberes und frisches Hautgef\u00fchl und sorgt f\u00fcr einen nat\u00fcrlichen Hautschutz. Obendrein ist die wertvolle Pflegeformel der Naturkosmetik frei von k\u00fcnstlichen Farb- oder Konservierungsstoffen.<\/p>\n<p><b>Anwendung:<\/b><br \/>\nMit der Seife die Haare einsch\u00e4umen und waschen, anschlie\u00dfend gut aussp\u00fclen und mit der Haarsp\u00fclung pflegen. F\u00fcr die Nassrasur mit dem Rasierpinsel Schaum erzeugen und verteilen, anschlie\u00dfend rasieren. F\u00fcr das Gesicht und den K\u00f6rper wie gewohnt einseifen und waschen. Nach Gebrauch an einem trockenen Ort lagern.<\/p>\n<p>Inhalt: 100 g<\/p>\n<p><em><b>Inhaltsstoffe nach INCI (CTFA):<\/b><br \/>\nAQUA (WATER), GLYCERIN**, SODIUM PALMATE**, SUCROSE*, SODIUM COCOATE**, SODIUM COCO-SULFATE, PAPAVER SOMNIFERUM (POPPY) SEED OIL*, DECYL GLUCOSIDE, SODIUM CHLORIDE, ALOE BARBADENSIS LEAF JUICE POWDER*, PELARGONIUM GRAVEOLENS (GERANIUM) OIL, PARFUM***, CITRONELLOL, GERANIOL, LINALOOL, CITRIC ACID, LIMONENE, CITRAL<br \/>\n*Inhaltsstoffe aus kontrolliert biologischem Anbau<br \/>\n**Hergestellt mit Bio-Inhaltsstoffen<br \/>\n***Parfum nat\u00fcrlichen Ursprungs<\/em><\/p>\n<p>Die aufgef\u00fchrten Inhaltsstoffe entsprechen dem aktuellen Stand der Produktion. Da STYX regelm\u00e4\u00dfig neue wissenschaftliche Erkenntnisse in die Rezepturen einflie\u00dfen l\u00e4sst und sich die Formulierungen entsprechend \u00e4ndern, ist die jeweils auf der Packung ausgewiesene Angabe der Inhaltsstoffe ma\u00dfgeblich.<\/p>\n","protected":false},"excerpt":{"rendered":"<p>milde Mohnseife f\u00fcr jeden Haar- und Hauttyp<\/p>\n","protected":false},"featured_media":8682,"comment_status":"open","ping_status":"closed","template":"","meta":{"_links_to":"","_links_to_target":""},"pwb-brand":[263],"product_brand":[],"product_cat":[2152,2151,271,221],"product_tag":[282,280,281,92,224,238],"class_list":{"0":"post-1262","1":"product","2":"type-product","3":"status-publish","4":"has-post-thumbnail","6":"pwb-brand-styx","7":"product_cat-haarpflege","8":"product_cat-koerperpflege","9":"product_cat-kunst-der-pflege","10":"product_cat-seifen","11":"product_tag-geranie","12":"product_tag-haarseife","13":"product_tag-mohn","14":"product_tag-naturkosmetik","15":"product_tag-seife","16":"product_tag-styx","18":"first","19":"instock","20":"taxable","21":"shipping-taxable","22":"purchasable","23":"product-type-simple"},"blog_post_layout_featured_media_urls":{"thumbnail":["https:\/\/www.lebens-qi.at\/qishop\/wp-content\/uploads\/mohnseife-styx-1-150x150.jpg",150,150,true],"full":["https:\/\/www.lebens-qi.at\/qishop\/wp-content\/uploads\/mohnseife-styx-1.jpg",450,450,false]},"categories":["263"],"categories_names":{"263":{"name":"STYX","link":"https:\/\/www.lebens-qi.at\/qishop\/brand\/styx\/"}},"comments_number":"0","brands":[{"id":263,"name":"STYX","slug":"styx"}],"_links":{"self":[{"href":"https:\/\/www.lebens-qi.at\/qishop\/wp-json\/wp\/v2\/product\/1262","targetHints":{"allow":["GET"]}}],"collection":[{"href":"https:\/\/www.lebens-qi.at\/qishop\/wp-json\/wp\/v2\/product"}],"about":[{"href":"https:\/\/www.lebens-qi.at\/qishop\/wp-json\/wp\/v2\/types\/product"}],"replies":[{"embeddable":true,"href":"https:\/\/www.lebens-qi.at\/qishop\/wp-json\/wp\/v2\/comments?post=1262"}],"wp:featuredmedia":[{"embeddable":true,"href":"https:\/\/www.lebens-qi.at\/qishop\/wp-json\/wp\/v2\/media\/8682"}],"wp:attachment":[{"href":"https:\/\/www.lebens-qi.at\/qishop\/wp-json\/wp\/v2\/media?parent=1262"}],"wp:term":[{"taxonomy":"pwb-brand","embeddable":true,"href":"https:\/\/www.lebens-qi.at\/qishop\/wp-json\/wp\/v2\/pwb-brand?post=1262"},{"taxonomy":"product_brand","embeddable":true,"href":"https:\/\/www.lebens-qi.at\/qishop\/wp-json\/wp\/v2\/product_brand?post=1262"},{"taxonomy":"product_cat","embeddable":true,"href":"https:\/\/www.lebens-qi.at\/qishop\/wp-json\/wp\/v2\/product_cat?post=1262"},{"taxonomy":"product_tag","embeddable":true,"href":"https:\/\/www.lebens-qi.at\/qishop\/wp-json\/wp\/v2\/product_tag?post=1262"}],"curies":[{"name":"wp","href":"https:\/\/api.w.org\/{rel}","templated":true}]}}