{"id":1272,"date":"2024-02-15T22:54:55","date_gmt":"2024-02-15T21:54:55","guid":{"rendered":"https:\/\/www.lebens-qi.at\/qishop\/produkt\/shea-butter-feste-dusche\/"},"modified":"2025-08-22T11:17:02","modified_gmt":"2025-08-22T09:17:02","slug":"shea-butter-feste-dusche","status":"publish","type":"product","link":"https:\/\/www.lebens-qi.at\/qishop\/produkt\/shea-butter-feste-dusche\/","title":{"rendered":"Shea Butter Feste Dusche"},"content":{"rendered":"<p><b>Shea Butter &#8211; Feste Dusche<\/p>\n<p><\/b>Schon einmal fest statt fl\u00fcssig geduscht?<br \/>\nDie vegane, milde und cremige feste Dusche unterst\u00fctzt die Haut beim Reinigen und verw\u00f6hnt sie gleichzeitig mit dem feinen <b>Duft der Vanille<\/b>.<\/p>\n<p>\u00b7 mildes, cremiges festes Dusch-St\u00fcck<br \/>\n\u00b7 zum Reinigen f\u00fcr den ganzen K\u00f6rper<br \/>\n\u00b7 zertifizierte Naturkosmetik<br \/>\n\u00b7 f\u00fcr alle Hauttypen geeignet<br \/>\n\u00b7 kompostierbare Folie als umweltfreundliche Verpackung<br \/>\n\u00b7 vegan<\/p>\n<p>Die handgemachte feste Dusche von STYX Naturcosmetic mit BIO Shea Butter und BIO Vanille verw\u00f6hnt Ihren K\u00f6rper beim Duschen und Waschen.<br \/>\nPflegen Sie sich mit dem cremigen und fruchtig duftenden Schaum der biologisch abbaubaren, festen Dusche mit der extra Portion Pflege.<br \/>\nZudem hinterl\u00e4sst die Rezeptur mit BIO Shea Butter ein wohliges und feines Hautgef\u00fchl und sorgt f\u00fcr einen nat\u00fcrlichen Hautschutz. Obendrein ist die extravagante Pflegeformel der Naturkosmetik frei von k\u00fcnstlichen Farb-, Duft und Konservierungsstoffen.<br \/>\nDie neue innovative und umweltschonende Verpackung ist aus kompostierbarer Folie, die im Biom\u00fcll entsorgt werden kann. Innerhalb von ca. 15 Wochen zersetzt sich die Folie vollst\u00e4ndig.<\/p>\n<p><b>ANWENDUNG:<\/b><br \/>\nUnter der Dusche mit beiden H\u00e4nden aufsch\u00e4umen und wie gewohnt den ganzen K\u00f6rper waschen und duschen. Eine Seifenschale oder ein Netz sorgen f\u00fcr die optimale, trockene Lagerung.<b><\/p>\n<p>TIPP f\u00fcr Umweltbewusste und Zero Waste-Fans:<\/b>Ein St\u00fcck feste Dusche ersetzt 3x 200ml Duschgel-Flaschen. Das entspricht ca. 50-60 Anwendungen!<\/p>\n<p>Inhalt: 100 g<\/p>\n<p><b><em>Inhaltsstoffe nach INCI (CTFA):<\/em><\/b><br \/>\n<em>SODIUM PALMATE**, SODIUM PALM KERNELATE**, AQUA (WATER), TITANIUM DIOXIDE (CI 77891), GLYCERIN**, BUTYROSPERMUM PARKII (SHEA) BUTTER*, PARFUM***, VANILLA PLANIFOLIA FRUIT EXTRACT*, SODIUM CHLORIDE, CITRIC ACID, TETRASODIUM GLUTAMATE DIACETATE, LIMONENE, LINALOOL, BENZYL BENZOATE, COUMARIN<\/em><br \/>\n<em>* Inhaltsstoffe aus kontrolliert biologischem Anbau<\/em><br \/>\n<em>** Hergestellt mit Bio-Inhaltsstoffen<\/em><br \/>\n<em>*** Parfum nat\u00fcrlichen Ursprungs<\/em><\/p>\n<p>Die aufgef\u00fchrten Inhaltsstoffe entsprechen dem aktuellen Stand der Produktion. Da STYX regelm\u00e4\u00dfig neue wissenschaftliche Erkenntnisse in die Rezepturen einflie\u00dfen l\u00e4sst und sich die Formulierungen entsprechend \u00e4ndern, ist die jeweils auf der Packung ausgewiesene Angabe der Inhaltsstoffe ma\u00dfgeblich.<\/p>\n","protected":false},"excerpt":{"rendered":"<p>milde, cremige feste Dusche f\u00fcr den ganzen K\u00f6rper \u2013 f\u00fcr jeden Hauttyp geeignetusche f\u00fcr den ganzen K\u00f6rper \u2013 f\u00fcr jeden Hauttyp geeignet.<\/p>\n","protected":false},"featured_media":1271,"comment_status":"open","ping_status":"closed","template":"","meta":{"_links_to":"","_links_to_target":""},"pwb-brand":[263],"product_brand":[],"product_cat":[2151,271],"product_tag":[285,92,224,234,238],"class_list":{"0":"post-1272","1":"product","2":"type-product","3":"status-publish","4":"has-post-thumbnail","6":"pwb-brand-styx","7":"product_cat-koerperpflege","8":"product_cat-kunst-der-pflege","9":"product_tag-feste-dusche","10":"product_tag-naturkosmetik","11":"product_tag-seife","12":"product_tag-sheabutter","13":"product_tag-styx","15":"first","16":"instock","17":"taxable","18":"shipping-taxable","19":"purchasable","20":"product-type-simple"},"blog_post_layout_featured_media_urls":{"thumbnail":["https:\/\/www.lebens-qi.at\/qishop\/wp-content\/uploads\/1068_0-150x150.jpg",150,150,true],"full":["https:\/\/www.lebens-qi.at\/qishop\/wp-content\/uploads\/1068_0.jpg",800,800,false]},"categories":["263"],"categories_names":{"263":{"name":"STYX","link":"https:\/\/www.lebens-qi.at\/qishop\/brand\/styx\/"}},"comments_number":"0","brands":[{"id":263,"name":"STYX","slug":"styx"}],"_links":{"self":[{"href":"https:\/\/www.lebens-qi.at\/qishop\/wp-json\/wp\/v2\/product\/1272","targetHints":{"allow":["GET"]}}],"collection":[{"href":"https:\/\/www.lebens-qi.at\/qishop\/wp-json\/wp\/v2\/product"}],"about":[{"href":"https:\/\/www.lebens-qi.at\/qishop\/wp-json\/wp\/v2\/types\/product"}],"replies":[{"embeddable":true,"href":"https:\/\/www.lebens-qi.at\/qishop\/wp-json\/wp\/v2\/comments?post=1272"}],"wp:featuredmedia":[{"embeddable":true,"href":"https:\/\/www.lebens-qi.at\/qishop\/wp-json\/wp\/v2\/media\/1271"}],"wp:attachment":[{"href":"https:\/\/www.lebens-qi.at\/qishop\/wp-json\/wp\/v2\/media?parent=1272"}],"wp:term":[{"taxonomy":"pwb-brand","embeddable":true,"href":"https:\/\/www.lebens-qi.at\/qishop\/wp-json\/wp\/v2\/pwb-brand?post=1272"},{"taxonomy":"product_brand","embeddable":true,"href":"https:\/\/www.lebens-qi.at\/qishop\/wp-json\/wp\/v2\/product_brand?post=1272"},{"taxonomy":"product_cat","embeddable":true,"href":"https:\/\/www.lebens-qi.at\/qishop\/wp-json\/wp\/v2\/product_cat?post=1272"},{"taxonomy":"product_tag","embeddable":true,"href":"https:\/\/www.lebens-qi.at\/qishop\/wp-json\/wp\/v2\/product_tag?post=1272"}],"curies":[{"name":"wp","href":"https:\/\/api.w.org\/{rel}","templated":true}]}}