{"id":13301,"date":"2025-03-26T17:04:42","date_gmt":"2025-03-26T16:04:42","guid":{"rendered":"https:\/\/www.lebens-qi.at\/qishop\/?post_type=product&#038;p=13301"},"modified":"2025-09-25T20:24:00","modified_gmt":"2025-09-25T18:24:00","slug":"tranquil-woods-moonshine-yoga-duftkerze-im-glas","status":"publish","type":"product","link":"https:\/\/www.lebens-qi.at\/qishop\/produkt\/tranquil-woods-moonshine-yoga-duftkerze-im-glas\/","title":{"rendered":"Tranquil Woods &#8211; Moonshine Yoga Duftkerze im Glas"},"content":{"rendered":"<p><b>Tranquil Woods (beruhigende W\u00e4lder) &#8211; Moonshine Yoga Duftkerze im Glas <\/b><br \/>\naus Sojawachs mit nat\u00fcrlichen \u00e4therischen \u00d6len, Baumwolldocht<\/p>\n<p>in h\u00fcbscher Karton-Geschenkverpackung<\/p>\n<p>Beruhigende und erdende Sojawachskerze, inspiriert von der Ruhe des Yoga. Die Moonshine Yoga Kollektion f\u00e4ngt die Essenz einer friedlichen Praxis ein und bietet erfrischende Mischungen und beruhigende Aromen. Diese Kerze ist perfekt, um deinen Raum mit ruhiger Energie zu f\u00fcllen und Momente der inneren Reflexion zu f\u00f6rdern.<\/p>\n<p>Hergestellt in Indien<br \/>\n<b>Brenndauer: <\/b>ca. 12 Std.<br \/>\n<b>Inhalt:<\/b> 60 g<\/p>\n<p><em>Brennen Sie die Kerze mindestens eine Stunde pro 2,5 cm Durchmesser, um die beste Brenneffizienz zu gew\u00e4hrleisten.<\/em><br \/>\n<em>Brennen Sie die Kerze nicht l\u00e4nger als 4 Stunden am St\u00fcck.<\/em><br \/>\n<em>K\u00fcrzen Sie den Docht vor dem Anz\u00fcnden auf 0,5 cm.<\/em><br \/>\n<em>Stellen Sie die Verwendung ein, wenn 1,3 cm Wachs am Boden verbleiben.<\/em><\/p>\n<p><b>Achtung:<\/b><br \/>\nLassen Sie eine brennende Kerze niemals unbeaufsichtigt.<br \/>\nAu\u00dferhalb der Reichweite von Kindern und Haustieren aufbewahren.<br \/>\nBrennen Sie die Kerze auf einer hitzebest\u00e4ndigen Oberfl\u00e4che oder in einem geeigneten Halter.<br \/>\nIn einem bel\u00fcfteten Bereich, aber zugfrei brennen.<br \/>\nBewegen Sie die Kerze nicht, w\u00e4hrend sie brennt, oder bis das Wachs ausgeh\u00e4rtet ist.<\/p>\n","protected":false},"excerpt":{"rendered":"<p>ERDEND &#8211; aus Sojawachs mit nat\u00fcrlichen \u00e4therischen \u00d6len<\/p>\n","protected":false},"featured_media":13302,"comment_status":"open","ping_status":"closed","template":"","meta":{"_links_to":"","_links_to_target":""},"pwb-brand":[690],"product_brand":[],"product_cat":[924,3017,925],"product_tag":[926,536,747,2735,1071,158],"class_list":{"0":"post-13301","1":"product","2":"type-product","3":"status-publish","4":"has-post-thumbnail","6":"pwb-brand-song-of-india","7":"product_cat-duftkerzen","8":"product_cat-herbstzeit","9":"product_cat-kerzen-im-glas","10":"product_tag-duftkerze","11":"product_tag-erdung","12":"product_tag-mond","13":"product_tag-sojawachs","14":"product_tag-wald","15":"product_tag-yoga","17":"first","18":"instock","19":"taxable","20":"shipping-taxable","21":"purchasable","22":"product-type-simple"},"blog_post_layout_featured_media_urls":{"thumbnail":["https:\/\/www.lebens-qi.at\/qishop\/wp-content\/uploads\/64765-tranquil-woods-150x150.jpg",150,150,true],"full":["https:\/\/www.lebens-qi.at\/qishop\/wp-content\/uploads\/64765-tranquil-woods.jpg",800,800,false]},"categories":["690"],"categories_names":{"690":{"name":"Song of India","link":"https:\/\/www.lebens-qi.at\/qishop\/brand\/song-of-india\/"}},"comments_number":"0","brands":[{"id":690,"name":"Song of India","slug":"song-of-india"}],"_links":{"self":[{"href":"https:\/\/www.lebens-qi.at\/qishop\/wp-json\/wp\/v2\/product\/13301","targetHints":{"allow":["GET"]}}],"collection":[{"href":"https:\/\/www.lebens-qi.at\/qishop\/wp-json\/wp\/v2\/product"}],"about":[{"href":"https:\/\/www.lebens-qi.at\/qishop\/wp-json\/wp\/v2\/types\/product"}],"replies":[{"embeddable":true,"href":"https:\/\/www.lebens-qi.at\/qishop\/wp-json\/wp\/v2\/comments?post=13301"}],"wp:featuredmedia":[{"embeddable":true,"href":"https:\/\/www.lebens-qi.at\/qishop\/wp-json\/wp\/v2\/media\/13302"}],"wp:attachment":[{"href":"https:\/\/www.lebens-qi.at\/qishop\/wp-json\/wp\/v2\/media?parent=13301"}],"wp:term":[{"taxonomy":"pwb-brand","embeddable":true,"href":"https:\/\/www.lebens-qi.at\/qishop\/wp-json\/wp\/v2\/pwb-brand?post=13301"},{"taxonomy":"product_brand","embeddable":true,"href":"https:\/\/www.lebens-qi.at\/qishop\/wp-json\/wp\/v2\/product_brand?post=13301"},{"taxonomy":"product_cat","embeddable":true,"href":"https:\/\/www.lebens-qi.at\/qishop\/wp-json\/wp\/v2\/product_cat?post=13301"},{"taxonomy":"product_tag","embeddable":true,"href":"https:\/\/www.lebens-qi.at\/qishop\/wp-json\/wp\/v2\/product_tag?post=13301"}],"curies":[{"name":"wp","href":"https:\/\/api.w.org\/{rel}","templated":true}]}}