{"id":13328,"date":"2025-03-26T19:32:55","date_gmt":"2025-03-26T18:32:55","guid":{"rendered":"https:\/\/www.lebens-qi.at\/qishop\/?post_type=product&#038;p=13328"},"modified":"2025-03-26T19:41:24","modified_gmt":"2025-03-26T18:41:24","slug":"heilsein-die-kraft-deiner-lebendigen-emotionen","status":"publish","type":"product","link":"https:\/\/www.lebens-qi.at\/qishop\/produkt\/heilsein-die-kraft-deiner-lebendigen-emotionen\/","title":{"rendered":"Heilsein &#8211; Die Kraft deiner lebendigen Emotionen"},"content":{"rendered":"<p><strong>Heilsein &#8211; Die Kraft deiner lebendigen Emotionen<\/strong><br \/>\nBotschaften und Meditationen von Djwahl Kuhl<br \/>\n<em>von Susanne Hirsch<\/em><\/p>\n<p><strong>Djwahl Kuhls Handbuch zum Gl\u00fccklichsein!<\/strong><\/p>\n<p>Der Aufgestiegene Meister Djwal Khul beschreibt zahlreiche positive Emotionen, die anschlie\u00dfend mit einer Meditation im K\u00f6rper lebendig gemacht werden. So k\u00f6nnen wir die Kraft der positiven Emotionen in unseren Alltag flie\u00dfen lassen und ein wunderbares, freudvolles und friedliches Leben erschaffen.<\/p>\n<p>Im Folgenden einige Erkl\u00e4rungen des Channelmediums SUSANNE HIRSCH dar\u00fcber, wie sie Medium geworden ist und wie sie sich beim Channeln f\u00fchlt:<br \/>\n&#8222;W\u00e4hrend meiner Behandlungen stellte ich schon in jungen Jahren fest, dass ich energetische Zust\u00e4nde in den Meridianen wie auch Ungleichgewichte im K\u00f6rper meiner Patienten f\u00fchlen konnte. Indem ich ihnen davon erz\u00e4hlte, entwickelten sich oft intensive Gespr\u00e4che. Dabei gab ich ihnen Ratschl\u00e4ge, wie sie ein besseres Leben f\u00fchren k\u00f6nnten. Die Resonanz war gro\u00dfartig, was mich sehr freute. Gleichzeitig wunderte ich mich, woher das Wissen zu mir kam. Als ich zu meinem ersten Channeling ging, war ich sofort stark ber\u00fchrt von den liebevollen und klaren Informationen. Ich erkannte, dass ich selbst Kanal bin und besuchte einige gechannelte Seminare, wo ich mich mit anderen Medien austauschte. Seither kann ich bewusst mit der geistigen Welt Kontakt aufnehmen. Ich bin Medium f\u00fcr Natur- und Lichtwesenheiten wie Aufgestiegene Meister und Erzengel. Ich bekomme die Informationen, indem ich mein Bewusstsein zur\u00fccknehme, die neue Energie in mich einflie\u00dfen und durch mich sprechen lasse. Die Grundfrequenz der bedingungslosen Liebe ist bei allen Wesenheiten gleich, dazu schwingt jede in ihrer eigenen Energienuance. Die Botschaften der Lichtwesenheiten h\u00f6re ich in meinem Kopf, sie werden mir diktiert. Gleichzeitig f\u00fchle ich die Energie und kann sie nach au\u00dfen, auch an eine gr\u00f6\u00dfere Gruppe, weitergeben. Die Wesenheiten senken ihre Schwingung und erh\u00f6hen meine, so dass wir auf eine gemeinsame Ebene kommen. Im Zustand des Channelns bin ich in einer tiefen Meditation, in h\u00f6chster Konzentration, wobei all meine Zellen vibrieren, w\u00e4hrend sie diese liebevolle hohe Schwingung in sich aufnehmen. Vor dem Channeling wei\u00df ich selber nicht, wer sprechen will und was gesagt werden wird. Ich lasse mich also genau so \u00fcberraschen wie Sie. Je mehr Sie mit dem Herzen zuh\u00f6ren, desto st\u00e4rker werden Sie die wunderbaren Energien f\u00fchlen k\u00f6nnen. Licht &amp; Liebe im Herzen, Ihre Susanne Hirsch&#8220;<\/p>\n<p>&nbsp;<\/p>\n","protected":false},"excerpt":{"rendered":"<p>Botschaften und Meditationen von Djwahl Kuhl<\/p>\n","protected":false},"featured_media":13329,"comment_status":"open","ping_status":"closed","template":"","meta":{"_links_to":"","_links_to_target":""},"pwb-brand":[2470],"product_brand":[],"product_cat":[805],"product_tag":[2283,846,873,580,2712,2740,1309,1357,2368,178,834,2741],"class_list":{"0":"post-13328","1":"product","2":"type-product","3":"status-publish","4":"has-post-thumbnail","6":"pwb-brand-amra","7":"product_cat-spiritualitaet","8":"product_tag-aufgestiegene-meister","9":"product_tag-bewusstsein","10":"product_tag-botschaften","11":"product_tag-buch","12":"product_tag-channeling","13":"product_tag-djwahl-kuhl","14":"product_tag-emotionen","15":"product_tag-lichtwesen","16":"product_tag-meditationen","17":"product_tag-seele","18":"product_tag-spiritualitaet","19":"product_tag-susanne-hirsch","21":"first","22":"instock","23":"taxable","24":"shipping-taxable","25":"purchasable","26":"product-type-simple"},"blog_post_layout_featured_media_urls":{"thumbnail":["https:\/\/www.lebens-qi.at\/qishop\/wp-content\/uploads\/9783954473731-heilsein-150x150.jpg",150,150,true],"full":["https:\/\/www.lebens-qi.at\/qishop\/wp-content\/uploads\/9783954473731-heilsein.jpg",648,648,false]},"categories":["2470"],"categories_names":{"2470":{"name":"AMRA","link":"https:\/\/www.lebens-qi.at\/qishop\/brand\/amra\/"}},"comments_number":"0","brands":[{"id":2470,"name":"AMRA","slug":"amra"}],"_links":{"self":[{"href":"https:\/\/www.lebens-qi.at\/qishop\/wp-json\/wp\/v2\/product\/13328","targetHints":{"allow":["GET"]}}],"collection":[{"href":"https:\/\/www.lebens-qi.at\/qishop\/wp-json\/wp\/v2\/product"}],"about":[{"href":"https:\/\/www.lebens-qi.at\/qishop\/wp-json\/wp\/v2\/types\/product"}],"replies":[{"embeddable":true,"href":"https:\/\/www.lebens-qi.at\/qishop\/wp-json\/wp\/v2\/comments?post=13328"}],"wp:featuredmedia":[{"embeddable":true,"href":"https:\/\/www.lebens-qi.at\/qishop\/wp-json\/wp\/v2\/media\/13329"}],"wp:attachment":[{"href":"https:\/\/www.lebens-qi.at\/qishop\/wp-json\/wp\/v2\/media?parent=13328"}],"wp:term":[{"taxonomy":"pwb-brand","embeddable":true,"href":"https:\/\/www.lebens-qi.at\/qishop\/wp-json\/wp\/v2\/pwb-brand?post=13328"},{"taxonomy":"product_brand","embeddable":true,"href":"https:\/\/www.lebens-qi.at\/qishop\/wp-json\/wp\/v2\/product_brand?post=13328"},{"taxonomy":"product_cat","embeddable":true,"href":"https:\/\/www.lebens-qi.at\/qishop\/wp-json\/wp\/v2\/product_cat?post=13328"},{"taxonomy":"product_tag","embeddable":true,"href":"https:\/\/www.lebens-qi.at\/qishop\/wp-json\/wp\/v2\/product_tag?post=13328"}],"curies":[{"name":"wp","href":"https:\/\/api.w.org\/{rel}","templated":true}]}}