{"id":1357,"date":"2024-02-15T22:56:12","date_gmt":"2024-02-15T21:56:12","guid":{"rendered":"https:\/\/www.lebens-qi.at\/qishop\/produkt\/seifenschale-day-dream\/"},"modified":"2024-12-12T16:07:45","modified_gmt":"2024-12-12T15:07:45","slug":"seifenschale-day-dream","status":"publish","type":"product","link":"https:\/\/www.lebens-qi.at\/qishop\/produkt\/seifenschale-day-dream\/","title":{"rendered":"Seifenschale &quot;Day Dream&quot;"},"content":{"rendered":"<p><b>Keramik Seifenschale &#8222;Day Dream &#8211; mit Bl\u00fcte&#8220; &#8211; jede ein Unikat<\/b><\/p>\n<p>Diese Seifenschale wurde von Hand aus Keramik geformt. Charakteristisch ist die leicht unregelm\u00e4\u00dfige Form. Mit eingepr\u00e4gtem Spruch &#8222;Day Dream&#8220; in Rot und Bl\u00fcte.<br \/>\nSteinzeug glasiert, naturfarben bunt gesprenkelt mit Rot und Gr\u00fcn kombiniert.<br \/>\nDie L\u00f6cher im Boden sorgen f\u00fcr das Abflie\u00dfen von Wasser und Seife.<\/p>\n<p><b>In 3 verschiedenen Formen erh\u00e4ltlich:<br \/>\nRechteckig:<\/b> Gr\u00f6\u00dfe ca. 10 x 7,5 cm <br \/>\n<b>Quadratisch:<\/b> Gr\u00f6\u00dfe ca. 8 x 8 cm<br \/>\n<b>Rund:<\/b> Durchmesser ca. 9 cm<br \/>\n<b>H\u00f6he:<\/b> bei allen 3 Formen ca. 1,5 cm<br \/>\n<b>Farbe: <\/b> Naturfarben bunt gesprenkelt \/ Rot \/ Gr\u00fcn<\/p>\n<p>Lieferumfang OHNE Seife oder Deko. Diese bitte separat bestellen! Bitte beachten Sie, dass jedes St\u00fcck ein Unikat ist und die Fotos Symbolfotos darstellen. Abweichungen sind daher gegeben. Gerne senden wir ihnen Fotos von den aktuell bei uns lagernden Seifenschalen zu.<\/p>\n","protected":false},"excerpt":{"rendered":"<p>in 3 verschiedenen Formen<\/p>\n","protected":false},"featured_media":1356,"comment_status":"open","ping_status":"closed","template":"","meta":{"_links_to":"","_links_to_target":""},"pwb-brand":[323],"product_brand":[],"product_cat":[222],"product_tag":[305,303,302,320],"class_list":{"0":"post-1357","1":"product","2":"type-product","3":"status-publish","4":"has-post-thumbnail","6":"pwb-brand-kreatives-by-petra","7":"product_cat-zubehoer-zur-koerperpflege","8":"product_tag-handgefertigt","9":"product_tag-keramik","10":"product_tag-seifenschale","11":"product_tag-spruch","13":"first","14":"instock","15":"taxable","16":"shipping-taxable","17":"purchasable","18":"product-type-variable"},"blog_post_layout_featured_media_urls":{"thumbnail":["https:\/\/www.lebens-qi.at\/qishop\/wp-content\/uploads\/seifenschale-bluete-150x150.jpeg",150,150,true],"full":["https:\/\/www.lebens-qi.at\/qishop\/wp-content\/uploads\/seifenschale-bluete.jpeg",567,567,false]},"categories":["323"],"categories_names":{"323":{"name":"Kreatives by Petra","link":"https:\/\/www.lebens-qi.at\/qishop\/brand\/kreatives-by-petra\/"}},"comments_number":"0","brands":[{"id":323,"name":"Kreatives by Petra","slug":"kreatives-by-petra"}],"_links":{"self":[{"href":"https:\/\/www.lebens-qi.at\/qishop\/wp-json\/wp\/v2\/product\/1357","targetHints":{"allow":["GET"]}}],"collection":[{"href":"https:\/\/www.lebens-qi.at\/qishop\/wp-json\/wp\/v2\/product"}],"about":[{"href":"https:\/\/www.lebens-qi.at\/qishop\/wp-json\/wp\/v2\/types\/product"}],"replies":[{"embeddable":true,"href":"https:\/\/www.lebens-qi.at\/qishop\/wp-json\/wp\/v2\/comments?post=1357"}],"wp:featuredmedia":[{"embeddable":true,"href":"https:\/\/www.lebens-qi.at\/qishop\/wp-json\/wp\/v2\/media\/1356"}],"wp:attachment":[{"href":"https:\/\/www.lebens-qi.at\/qishop\/wp-json\/wp\/v2\/media?parent=1357"}],"wp:term":[{"taxonomy":"pwb-brand","embeddable":true,"href":"https:\/\/www.lebens-qi.at\/qishop\/wp-json\/wp\/v2\/pwb-brand?post=1357"},{"taxonomy":"product_brand","embeddable":true,"href":"https:\/\/www.lebens-qi.at\/qishop\/wp-json\/wp\/v2\/product_brand?post=1357"},{"taxonomy":"product_cat","embeddable":true,"href":"https:\/\/www.lebens-qi.at\/qishop\/wp-json\/wp\/v2\/product_cat?post=1357"},{"taxonomy":"product_tag","embeddable":true,"href":"https:\/\/www.lebens-qi.at\/qishop\/wp-json\/wp\/v2\/product_tag?post=1357"}],"curies":[{"name":"wp","href":"https:\/\/api.w.org\/{rel}","templated":true}]}}