{"id":1423,"date":"2024-02-17T11:39:43","date_gmt":"2024-02-17T10:39:43","guid":{"rendered":"https:\/\/www.lebens-qi.at\/qishop\/produkt\/monarde-wilde-bergamotte-aetherisches-oel\/"},"modified":"2025-07-15T11:01:32","modified_gmt":"2025-07-15T09:01:32","slug":"monarde-wilde-bergamotte-aetherisches-oel","status":"publish","type":"product","link":"https:\/\/www.lebens-qi.at\/qishop\/produkt\/monarde-wilde-bergamotte-aetherisches-oel\/","title":{"rendered":"Monarde (Wilde Bergamotte) &#8211; \u00c4therisches \u00d6l"},"content":{"rendered":"<p><b>Monarde (Wilde Bergamotte)<br \/>\n<\/b>Botanischer Name: Monarda fistulosa<\/p>\n<ul>\n<li><b>Herkunftsland<\/b>: Frankreich<\/li>\n<li><b>Qualit\u00e4t<\/b>: 100% naturreines \u00e4therisches \u00d6l aus Destillation<\/li>\n<li><b>Pflanzenteil<\/b>: Pflanze<\/li>\n<li><b>Anbau<\/b>: konventionell<\/li>\n<li><b>Eignung als<\/b>: Nat\u00fcrlicher Aromaextrakt zur Verwendung als Raumbeduftung.<\/li>\n<li><b>Hauptchemotypen<\/b>: Geraniol, Linalool<\/li>\n<li><b>INCI<\/b>: Monarda fistulosa Oil<\/li>\n<li><strong>Weitere Hinweise:<\/strong> Von Hitze und Sonnenlicht fernhalten. F\u00fcr Kinder unzug\u00e4nglich aufbewahren. Kontakt mit Augen und Schleimh\u00e4uten vermeiden.<\/li>\n<li><strong> Allergene: <\/strong> Geraniol, Linalool, Citral<\/li>\n<\/ul>\n<p>F\u00fcllmenge: 5 ml<\/p>\n","protected":false},"excerpt":{"rendered":"<p>sch\u00fctzend, w\u00e4rmend, angstl\u00f6send<\/p>\n","protected":false},"featured_media":12084,"comment_status":"open","ping_status":"closed","template":"","meta":{"_links_to":"","_links_to_target":""},"pwb-brand":[134],"product_brand":[],"product_cat":[126],"product_tag":[324,417,416,325,132],"class_list":{"0":"post-1423","1":"product","2":"type-product","3":"status-publish","4":"has-post-thumbnail","6":"pwb-brand-oshadhi","7":"product_cat-aetherische-oele","8":"product_tag-aetherisches-oel","9":"product_tag-indianernessel","10":"product_tag-monarde","11":"product_tag-naturrein","12":"product_tag-oshadhi","13":"pa_herkunft-frankreich","14":"pa_inhalt-5-ml","15":"pa_qualitaet-100-naturreines-aetherisches-oel","17":"first","18":"instock","19":"taxable","20":"shipping-taxable","21":"purchasable","22":"product-type-simple"},"blog_post_layout_featured_media_urls":{"thumbnail":["https:\/\/www.lebens-qi.at\/qishop\/wp-content\/uploads\/2150_Monarde_WildeBergamotte-150x150.webp",150,150,true],"full":["https:\/\/www.lebens-qi.at\/qishop\/wp-content\/uploads\/2150_Monarde_WildeBergamotte.webp",600,600,false]},"categories":["134"],"categories_names":{"134":{"name":"Oshadhi","link":"https:\/\/www.lebens-qi.at\/qishop\/brand\/oshadhi\/"}},"comments_number":"0","brands":[{"id":134,"name":"Oshadhi","slug":"oshadhi"}],"_links":{"self":[{"href":"https:\/\/www.lebens-qi.at\/qishop\/wp-json\/wp\/v2\/product\/1423","targetHints":{"allow":["GET"]}}],"collection":[{"href":"https:\/\/www.lebens-qi.at\/qishop\/wp-json\/wp\/v2\/product"}],"about":[{"href":"https:\/\/www.lebens-qi.at\/qishop\/wp-json\/wp\/v2\/types\/product"}],"replies":[{"embeddable":true,"href":"https:\/\/www.lebens-qi.at\/qishop\/wp-json\/wp\/v2\/comments?post=1423"}],"wp:featuredmedia":[{"embeddable":true,"href":"https:\/\/www.lebens-qi.at\/qishop\/wp-json\/wp\/v2\/media\/12084"}],"wp:attachment":[{"href":"https:\/\/www.lebens-qi.at\/qishop\/wp-json\/wp\/v2\/media?parent=1423"}],"wp:term":[{"taxonomy":"pwb-brand","embeddable":true,"href":"https:\/\/www.lebens-qi.at\/qishop\/wp-json\/wp\/v2\/pwb-brand?post=1423"},{"taxonomy":"product_brand","embeddable":true,"href":"https:\/\/www.lebens-qi.at\/qishop\/wp-json\/wp\/v2\/product_brand?post=1423"},{"taxonomy":"product_cat","embeddable":true,"href":"https:\/\/www.lebens-qi.at\/qishop\/wp-json\/wp\/v2\/product_cat?post=1423"},{"taxonomy":"product_tag","embeddable":true,"href":"https:\/\/www.lebens-qi.at\/qishop\/wp-json\/wp\/v2\/product_tag?post=1423"}],"curies":[{"name":"wp","href":"https:\/\/api.w.org\/{rel}","templated":true}]}}