{"id":14579,"date":"2025-05-03T09:40:02","date_gmt":"2025-05-03T07:40:02","guid":{"rendered":"https:\/\/www.lebens-qi.at\/qishop\/?post_type=product&#038;p=14579"},"modified":"2025-05-03T10:33:30","modified_gmt":"2025-05-03T08:33:30","slug":"mitternachtsmagie-der-pilze-karten","status":"publish","type":"product","link":"https:\/\/www.lebens-qi.at\/qishop\/produkt\/mitternachtsmagie-der-pilze-karten\/","title":{"rendered":"Mitternachtsmagie der Pilze &#8211; Karten"},"content":{"rendered":"<p><b>Karten: Mitternachtsmagie der Pilze<br \/>\n<\/b>Das Tarotdeck des Waldes<br \/>\n<em>von Sara Richard<\/em><\/p>\n<p>Tauche ein in die Mitternachtsmagie der Pilze und entdecke die <strong>78 einzigartigen Tarotkarten mit ihren dunklen, vertr\u00e4umten Illustrationen aus der Welt der Pilze<\/strong>. Weder vollst\u00e4ndig Teil des Tierreichs, noch auf die Pflanzenwelt beschr\u00e4nkt, existieren Pilze zwischen diesen beiden Welten wie der Schleier, der zwischen der irdischen und der spirituellen Ebene weht.<\/p>\n<p>Basierend auf der <strong>Symbolik des Rider-Waite-Decks<\/strong> stellen diese Karten traditionelle Tarot-Archetypen durch Pilzbilder dar: vom autorit\u00e4ren, rotk\u00f6pfigen Fliegenpilz als Herrscher bis zum farbenfrohen Waldhuhn als ungest\u00fcmem Narren und vielem mehr! Dieses Deck ist voller magischer Kunstwerke, die die verborgene Kraft, den Zauber und die Wunder des Waldes widerspiegeln und dir durch ihre Eigenschaften Einsichten f\u00fcr dein Leben und deine Situationen gew\u00e4hren.<\/p>\n<p>Ganz gleich, ob man ein begeisterter Pilzj\u00e4ger ist oder einfach nur etwas erdige Magie in die Tarotpraxis einbringen m\u00f6chte &#8211; dieses Deck ist f\u00fcr alle geeignet.<\/p>\n<p>Dieses Set enth\u00e4lt 78 illustrierte Tarotkarten in einer kompakten Box mit einem farbigen Begleitbuch.<\/p>\n","protected":false},"excerpt":{"rendered":"<p>Das Tarotdeck des Waldes<\/p>\n","protected":false},"featured_media":14580,"comment_status":"open","ping_status":"closed","template":"","meta":{"_links_to":"","_links_to_target":""},"pwb-brand":[896],"product_brand":[],"product_cat":[892],"product_tag":[667,1159,863,2879,898,2878,889,1071],"class_list":{"0":"post-14579","1":"product","2":"type-product","3":"status-publish","4":"has-post-thumbnail","6":"pwb-brand-mvg","7":"product_cat-wahrsagekarten","8":"product_tag-kartendeck","9":"product_tag-magie","10":"product_tag-orakel","11":"product_tag-pilze","12":"product_tag-raider-waite","13":"product_tag-sara-richard","14":"product_tag-tarot","15":"product_tag-wald","17":"first","18":"instock","19":"taxable","20":"shipping-taxable","21":"purchasable","22":"product-type-simple"},"blog_post_layout_featured_media_urls":{"thumbnail":["https:\/\/www.lebens-qi.at\/qishop\/wp-content\/uploads\/9783747406267-mitternachtsmagie-150x150.jpg",150,150,true],"full":["https:\/\/www.lebens-qi.at\/qishop\/wp-content\/uploads\/9783747406267-mitternachtsmagie.jpg",591,591,false]},"categories":["896"],"categories_names":{"896":{"name":"mvg","link":"https:\/\/www.lebens-qi.at\/qishop\/brand\/mvg\/"}},"comments_number":"0","brands":[{"id":896,"name":"mvg","slug":"mvg"}],"_links":{"self":[{"href":"https:\/\/www.lebens-qi.at\/qishop\/wp-json\/wp\/v2\/product\/14579","targetHints":{"allow":["GET"]}}],"collection":[{"href":"https:\/\/www.lebens-qi.at\/qishop\/wp-json\/wp\/v2\/product"}],"about":[{"href":"https:\/\/www.lebens-qi.at\/qishop\/wp-json\/wp\/v2\/types\/product"}],"replies":[{"embeddable":true,"href":"https:\/\/www.lebens-qi.at\/qishop\/wp-json\/wp\/v2\/comments?post=14579"}],"wp:featuredmedia":[{"embeddable":true,"href":"https:\/\/www.lebens-qi.at\/qishop\/wp-json\/wp\/v2\/media\/14580"}],"wp:attachment":[{"href":"https:\/\/www.lebens-qi.at\/qishop\/wp-json\/wp\/v2\/media?parent=14579"}],"wp:term":[{"taxonomy":"pwb-brand","embeddable":true,"href":"https:\/\/www.lebens-qi.at\/qishop\/wp-json\/wp\/v2\/pwb-brand?post=14579"},{"taxonomy":"product_brand","embeddable":true,"href":"https:\/\/www.lebens-qi.at\/qishop\/wp-json\/wp\/v2\/product_brand?post=14579"},{"taxonomy":"product_cat","embeddable":true,"href":"https:\/\/www.lebens-qi.at\/qishop\/wp-json\/wp\/v2\/product_cat?post=14579"},{"taxonomy":"product_tag","embeddable":true,"href":"https:\/\/www.lebens-qi.at\/qishop\/wp-json\/wp\/v2\/product_tag?post=14579"}],"curies":[{"name":"wp","href":"https:\/\/api.w.org\/{rel}","templated":true}]}}