{"id":15252,"date":"2025-05-23T10:52:37","date_gmt":"2025-05-23T08:52:37","guid":{"rendered":"https:\/\/www.lebens-qi.at\/qishop\/?post_type=product&#038;p=15252"},"modified":"2025-05-23T11:08:23","modified_gmt":"2025-05-23T09:08:23","slug":"anhaenger-achatdrusenscheibe-mit-turmalin","status":"publish","type":"product","link":"https:\/\/www.lebens-qi.at\/qishop\/produkt\/anhaenger-achatdrusenscheibe-mit-turmalin\/","title":{"rendered":"Anh\u00e4nger Achatdrusenscheibe mit Turmalin"},"content":{"rendered":"<p>Bei diesen Anh\u00e4ngern aus zarten <strong>Achatdrusenscheiben<\/strong>, erhebt sich ein kleiner <strong>Turmalin<\/strong> vom unteren Rand zur Mitte hin.<\/p>\n<p>Der naturfarbenen Achat steht f\u00fcr <strong>Schutz<\/strong>, der schwarze Turmalin f\u00fcr <strong>Schutz<\/strong> und <strong>Abgrenzung<\/strong>.<\/p>\n<p>Der Rand wurde galvanisch versilbert und der Anh\u00e4nger mit der farblich passendenen Anh\u00e4nger\u00f6se versehen.<\/p>\n<p>Gr\u00f6\u00dfe des Anh\u00e4ngers (ohne \u00d6se): ca. 35-45 mm hoch, 20-30 mm breit<br \/>\nHerkunft: Brasilien<br \/>\nLieferumfang: ein Anh\u00e4nger in der gew\u00e4hlten Ausf\u00fchrung ohne Kette\/Band &#8211; diese bitte mitbestellen<\/p>\n<p><em>Hinweis: Symbolfoto &#8211; Abweichungen in Form, Zeichnung, Farbe,&#8230; m\u00f6glich! Jedes St\u00fcck ist ein Unikat!<\/em><\/p>\n","protected":false},"excerpt":{"rendered":"<p>f\u00fcr Schutz und Abgrenzung<\/p>\n","protected":false},"featured_media":15255,"comment_status":"open","ping_status":"closed","template":"","meta":{"_links_to":"","_links_to_target":""},"pwb-brand":[114],"product_brand":[],"product_cat":[1739,1740],"product_tag":[569,1767,117,120,118,115],"class_list":{"0":"post-15252","1":"product","2":"type-product","3":"status-publish","4":"has-post-thumbnail","6":"pwb-brand-lebens-qi-kraft-der-steine","7":"product_cat-andere-steinanhaenger","8":"product_cat-andere-steinanhaenger-steinschmuck-schmuck-mit-wirkung","9":"product_tag-achat","10":"product_tag-achatdruse","11":"product_tag-anhaenger","12":"product_tag-kristall","13":"product_tag-schmuck","14":"product_tag-schwarzer-turmalin","15":"pa_herkunft-brasilien","17":"first","18":"instock","19":"taxable","20":"shipping-taxable","21":"purchasable","22":"product-type-variable"},"blog_post_layout_featured_media_urls":{"thumbnail":["https:\/\/www.lebens-qi.at\/qishop\/wp-content\/uploads\/Turmalin-in-Achatscheibe-150x150.png",150,150,true],"full":["https:\/\/www.lebens-qi.at\/qishop\/wp-content\/uploads\/Turmalin-in-Achatscheibe.png",800,800,false]},"categories":["114"],"categories_names":{"114":{"name":"Lebens-Qi Kraft der Steine","link":"https:\/\/www.lebens-qi.at\/qishop\/brand\/lebens-qi-kraft-der-steine\/"}},"comments_number":"0","brands":[{"id":114,"name":"Lebens-Qi Kraft der Steine","slug":"lebens-qi-kraft-der-steine"}],"_links":{"self":[{"href":"https:\/\/www.lebens-qi.at\/qishop\/wp-json\/wp\/v2\/product\/15252","targetHints":{"allow":["GET"]}}],"collection":[{"href":"https:\/\/www.lebens-qi.at\/qishop\/wp-json\/wp\/v2\/product"}],"about":[{"href":"https:\/\/www.lebens-qi.at\/qishop\/wp-json\/wp\/v2\/types\/product"}],"replies":[{"embeddable":true,"href":"https:\/\/www.lebens-qi.at\/qishop\/wp-json\/wp\/v2\/comments?post=15252"}],"wp:featuredmedia":[{"embeddable":true,"href":"https:\/\/www.lebens-qi.at\/qishop\/wp-json\/wp\/v2\/media\/15255"}],"wp:attachment":[{"href":"https:\/\/www.lebens-qi.at\/qishop\/wp-json\/wp\/v2\/media?parent=15252"}],"wp:term":[{"taxonomy":"pwb-brand","embeddable":true,"href":"https:\/\/www.lebens-qi.at\/qishop\/wp-json\/wp\/v2\/pwb-brand?post=15252"},{"taxonomy":"product_brand","embeddable":true,"href":"https:\/\/www.lebens-qi.at\/qishop\/wp-json\/wp\/v2\/product_brand?post=15252"},{"taxonomy":"product_cat","embeddable":true,"href":"https:\/\/www.lebens-qi.at\/qishop\/wp-json\/wp\/v2\/product_cat?post=15252"},{"taxonomy":"product_tag","embeddable":true,"href":"https:\/\/www.lebens-qi.at\/qishop\/wp-json\/wp\/v2\/product_tag?post=15252"}],"curies":[{"name":"wp","href":"https:\/\/api.w.org\/{rel}","templated":true}]}}