{"id":16264,"date":"2025-07-10T17:33:03","date_gmt":"2025-07-10T15:33:03","guid":{"rendered":"https:\/\/www.lebens-qi.at\/qishop\/?post_type=product&#038;p=16264"},"modified":"2025-07-11T11:44:55","modified_gmt":"2025-07-11T09:44:55","slug":"postkarte-schildkroete","status":"publish","type":"product","link":"https:\/\/www.lebens-qi.at\/qishop\/produkt\/postkarte-schildkroete\/","title":{"rendered":"Postkarte Schildkr\u00f6te"},"content":{"rendered":"<p>Postkarte:<br \/>\n<b>Trust your journey &#8211; your speed doesn&#8217;t matter, forward is forward\u00a0<\/b><em><br \/>\nVertraue deinem Weg &#8211; deine Geschwindigkeit ist unwichtig. Vorw\u00e4rts ist vorw\u00e4rts<\/em><\/p>\n<p>Lieferumfang: 1 Postkarte ohne Umschlag<\/p>\n<p><b><em>Organic \u2022 Cards<\/em><\/b><br \/>\nDiese umweltfreundlichen Postkarten werden in Groningen in den Niederlanden nachhaltig entworfen und produziert. Wasserlos mit 100% nat\u00fcrlicher Tinte auf Papier mit FSC-Qualit\u00e4tszeichen gedruckt.<\/p>\n<p>ZintenZ ist ein niederl\u00e4ndischer Verlag mit zeitgen\u00f6ssischem Kartenkonzept. Die Karten werden aus landwirtschaftlichen Abf\u00e4llen (\u00fcbrig gebliebene St\u00e4ngel und Bl\u00e4tter) hergestellt und wasserlos mit Biotinten bedruckt. Im wasserlosen Offset sind die CO2-Emissionen um 80% niedriger als bei herk\u00f6mmlichen Drucktechniken. Es werden keine Chemikalien verwendet, was weniger Umweltbelastung bedeutet. Die Tinte wird aus Soja\u00f6l und nat\u00fcrlichen Pigmenten hergestellt.<\/p>\n","protected":false},"excerpt":{"rendered":"<p>Organic Card<\/p>\n","protected":false},"featured_media":16265,"comment_status":"open","ping_status":"closed","template":"","meta":{"_links_to":"","_links_to_target":""},"pwb-brand":[276],"product_brand":[],"product_cat":[940],"product_tag":[943,1113,2103],"class_list":{"0":"post-16264","1":"product","2":"type-product","3":"status-publish","4":"has-post-thumbnail","6":"pwb-brand-mani-bhadra-phoenix-import","7":"product_cat-grusskarten","8":"product_tag-postkarte","9":"product_tag-schildkroete","10":"product_tag-weg","12":"first","13":"instock","14":"taxable","15":"shipping-taxable","16":"purchasable","17":"product-type-simple"},"blog_post_layout_featured_media_urls":{"thumbnail":["https:\/\/www.lebens-qi.at\/qishop\/wp-content\/uploads\/Trust-your-journey-150x150.png",150,150,true],"full":["https:\/\/www.lebens-qi.at\/qishop\/wp-content\/uploads\/Trust-your-journey.png",800,800,false]},"categories":["276"],"categories_names":{"276":{"name":"Mani Bhadra - Phoenix Import","link":"https:\/\/www.lebens-qi.at\/qishop\/brand\/mani-bhadra-phoenix-import\/"}},"comments_number":"0","brands":[{"id":276,"name":"Mani Bhadra - Phoenix Import","slug":"mani-bhadra-phoenix-import"}],"_links":{"self":[{"href":"https:\/\/www.lebens-qi.at\/qishop\/wp-json\/wp\/v2\/product\/16264","targetHints":{"allow":["GET"]}}],"collection":[{"href":"https:\/\/www.lebens-qi.at\/qishop\/wp-json\/wp\/v2\/product"}],"about":[{"href":"https:\/\/www.lebens-qi.at\/qishop\/wp-json\/wp\/v2\/types\/product"}],"replies":[{"embeddable":true,"href":"https:\/\/www.lebens-qi.at\/qishop\/wp-json\/wp\/v2\/comments?post=16264"}],"wp:featuredmedia":[{"embeddable":true,"href":"https:\/\/www.lebens-qi.at\/qishop\/wp-json\/wp\/v2\/media\/16265"}],"wp:attachment":[{"href":"https:\/\/www.lebens-qi.at\/qishop\/wp-json\/wp\/v2\/media?parent=16264"}],"wp:term":[{"taxonomy":"pwb-brand","embeddable":true,"href":"https:\/\/www.lebens-qi.at\/qishop\/wp-json\/wp\/v2\/pwb-brand?post=16264"},{"taxonomy":"product_brand","embeddable":true,"href":"https:\/\/www.lebens-qi.at\/qishop\/wp-json\/wp\/v2\/product_brand?post=16264"},{"taxonomy":"product_cat","embeddable":true,"href":"https:\/\/www.lebens-qi.at\/qishop\/wp-json\/wp\/v2\/product_cat?post=16264"},{"taxonomy":"product_tag","embeddable":true,"href":"https:\/\/www.lebens-qi.at\/qishop\/wp-json\/wp\/v2\/product_tag?post=16264"}],"curies":[{"name":"wp","href":"https:\/\/api.w.org\/{rel}","templated":true}]}}