{"id":16446,"date":"2025-07-29T09:46:27","date_gmt":"2025-07-29T07:46:27","guid":{"rendered":"https:\/\/www.lebens-qi.at\/qishop\/?post_type=product&#038;p=16446"},"modified":"2025-07-29T10:26:27","modified_gmt":"2025-07-29T08:26:27","slug":"autobiographie-eines-yogi","status":"publish","type":"product","link":"https:\/\/www.lebens-qi.at\/qishop\/produkt\/autobiographie-eines-yogi\/","title":{"rendered":"Autobiographie eines Yogi"},"content":{"rendered":"<p><strong>Autobiographie eines Yogi<\/strong><br \/>\nEntdecken Sie einen der ber\u00fchmtesten spirituellen Klassiker der Welt<br \/>\n<em>von Paramahansa Yogananda<\/em><\/p>\n<div class=\"wdm-tab-right\">\n<p class=\"shortdescription\"><strong>In diesem geistigen Klassiker erz\u00e4hlt Paramahansa Yogananda seine inspirierende Lebensgeschichte:<\/strong><\/p>\n<p class=\"shortdescription\">Er beschreibt u.a. seine Begegnung mit vielen Heiligen und Weisen, seine zehnj\u00e4hrige geistige Schulung durch einen erleuchteten Meister und die mehr als 30 Jahre, die er in Amerika verbracht hat, wo er die befreiende Lehre des <em>Kriya-Yoga<\/em> verbreitete. Diese tiefgr\u00fcndige Einf\u00fchrung in die Wissenschaft und Weisheitslehre des Yoga zeigt, dass die gro\u00dfen Religionen des Ostens und Westens im Wesentlichen \u00fcbereinstimmen. Das Buch enth\u00e4lt ausf\u00fchrliches Textmaterial, das Paramahansaji nach dem Erscheinen der Erstausgabe von 1946 hinzugef\u00fcgt hatte.<\/p>\n<p class=\"uprise full-visible\" data-gtm-vis-first-on-screen10575098_92=\"8915\" data-gtm-vis-recent-on-screen10575098_92=\"658724\" data-gtm-vis-total-visible-time10575098_92=\"100\" data-gtm-vis-has-fired10575098_92=\"1\">Das Buch schildert die Lebensgeschichte von Paramahansa Yogananda \u2013 der oft als der Vater des Yoga im Westen bezeichnet wird \u2013 und hat Herz und Geist von Millionen Menschen auf der ganzen Welt ber\u00fchrt. Das Werk wurde in f\u00fcnfzig Sprachen \u00fcbersetzt und ist ein Botschafter f\u00fcr Indiens altehrw\u00fcrdige Wissenschaft des Yoga, denn es hat zahllose Leser mit den Methoden bekannt gemacht, durch die man Gottverwirklichung erlangt. Diese Methoden sind Indiens einzigartiger und fortdauernder Beitrag zur Weltzivilisation.<\/p>\n<p class=\"uprise full-visible\" data-gtm-vis-first-on-screen10575098_92=\"8951\" data-gtm-vis-recent-on-screen10575098_92=\"658770\" data-gtm-vis-total-visible-time10575098_92=\"100\" data-gtm-vis-has-fired10575098_92=\"1\">Seit der ersten Druckausgabe aus dem Jahr 1946 wurde das Buch als Meisterwerk gefeiert und 1999 als eines der \u00bb100 besten spirituellen B\u00fccher des Jahrhunderts\u00ab geehrt. \u2013 Diese Geschichte eines Lebens, das von wahrer Gr\u00f6\u00dfe zeugt, ist auch heute noch erfolgreich, weil sie die \u00d6ffentlichkeit mit einem befreienden geistigen Wissen vertraut macht, das zuvor nur wenigen zug\u00e4nglich war.<\/p>\n<\/div>\n<p><em><strong>\u00dcber den Autor:<\/strong><\/em><br \/>\n<em>Paramahansa Yogananda (1893\u20131952) gilt weithin als eine der herausragenden geistigen Pers\u00f6nlichkeiten unserer Zeit. Er wurde in Nordindien geboren und kam 1920 in die Vereinigten Staaten, wo er mehr als 30 Jahre lang Indiens altehrw\u00fcrdige Philosophie und Wissenschaft der Yoga-Meditation und die Kunst einer ausgeglichenen Lebensf\u00fchrung lehrte. Als erster gro\u00dfer Yoga-Meister, der f\u00fcr lange Zeit im Westen lebte und lehrte, unternahm er viele Vortragsreisen in Nordamerika und anderen L\u00e4ndern, wobei er in gr\u00f6\u00dferen St\u00e4dten vor vollbesetzten S\u00e4len \u00fcber die grundlegende Einheit zwischen den gro\u00dfen Weltreligionen sprach. Durch seine ber\u00fchmte Lebensgeschichte, die Autobiographie eines Yogi, seine wegweisenden Kommentare zu heiligen Schriften des Ostens und des Westens sowie durch seine zahlreichen anderen B\u00fccher hat Paramahansa Yogananda Millionen Menschen inspiriert. Sein spirituelles und humanit\u00e4res Werk wird heute von der Self-Realization Fellowship fortgef\u00fchrt. Diese internationale Organisation hatte er 1920 gegr\u00fcndet, um seine Lehren in der ganzen Welt zu verbreiten.<\/em><\/p>\n<p>&nbsp;<\/p>\n","protected":false},"excerpt":{"rendered":"<p>von Paramahansa Yogananda<\/p>\n","protected":false},"featured_media":16449,"comment_status":"open","ping_status":"closed","template":"","meta":{"_links_to":"","_links_to_target":""},"pwb-brand":[2977],"product_brand":[],"product_cat":[805],"product_tag":[580,2980,1354,2978,2979,834,1022,854,158],"class_list":{"0":"post-16446","1":"product","2":"type-product","3":"status-publish","4":"has-post-thumbnail","6":"pwb-brand-self-realization-fellowship","7":"product_cat-spiritualitaet","8":"product_tag-buch","9":"product_tag-kriya-yoga","10":"product_tag-meister","11":"product_tag-paramahansa-yogananda","12":"product_tag-religion","13":"product_tag-spiritualitaet","14":"product_tag-vertrauen","15":"product_tag-weisheit","16":"product_tag-yoga","18":"first","19":"instock","20":"taxable","21":"shipping-taxable","22":"purchasable","23":"product-type-simple"},"blog_post_layout_featured_media_urls":{"thumbnail":["https:\/\/www.lebens-qi.at\/qishop\/wp-content\/uploads\/Autobiographie-eines-Yogi-150x150.jpg",150,150,true],"full":["https:\/\/www.lebens-qi.at\/qishop\/wp-content\/uploads\/Autobiographie-eines-Yogi.jpg",800,800,false]},"categories":["2977"],"categories_names":{"2977":{"name":"Self-Realization Fellowship","link":"https:\/\/www.lebens-qi.at\/qishop\/brand\/self-realization-fellowship\/"}},"comments_number":"0","brands":[{"id":2977,"name":"Self-Realization Fellowship","slug":"self-realization-fellowship"}],"_links":{"self":[{"href":"https:\/\/www.lebens-qi.at\/qishop\/wp-json\/wp\/v2\/product\/16446","targetHints":{"allow":["GET"]}}],"collection":[{"href":"https:\/\/www.lebens-qi.at\/qishop\/wp-json\/wp\/v2\/product"}],"about":[{"href":"https:\/\/www.lebens-qi.at\/qishop\/wp-json\/wp\/v2\/types\/product"}],"replies":[{"embeddable":true,"href":"https:\/\/www.lebens-qi.at\/qishop\/wp-json\/wp\/v2\/comments?post=16446"}],"wp:featuredmedia":[{"embeddable":true,"href":"https:\/\/www.lebens-qi.at\/qishop\/wp-json\/wp\/v2\/media\/16449"}],"wp:attachment":[{"href":"https:\/\/www.lebens-qi.at\/qishop\/wp-json\/wp\/v2\/media?parent=16446"}],"wp:term":[{"taxonomy":"pwb-brand","embeddable":true,"href":"https:\/\/www.lebens-qi.at\/qishop\/wp-json\/wp\/v2\/pwb-brand?post=16446"},{"taxonomy":"product_brand","embeddable":true,"href":"https:\/\/www.lebens-qi.at\/qishop\/wp-json\/wp\/v2\/product_brand?post=16446"},{"taxonomy":"product_cat","embeddable":true,"href":"https:\/\/www.lebens-qi.at\/qishop\/wp-json\/wp\/v2\/product_cat?post=16446"},{"taxonomy":"product_tag","embeddable":true,"href":"https:\/\/www.lebens-qi.at\/qishop\/wp-json\/wp\/v2\/product_tag?post=16446"}],"curies":[{"name":"wp","href":"https:\/\/api.w.org\/{rel}","templated":true}]}}