{"id":16784,"date":"2025-09-02T14:46:49","date_gmt":"2025-09-02T12:46:49","guid":{"rendered":"https:\/\/www.lebens-qi.at\/qishop\/?post_type=product&#038;p=16784"},"modified":"2025-09-17T10:06:32","modified_gmt":"2025-09-17T08:06:32","slug":"weightless-leave-in-conditioner","status":"publish","type":"product","link":"https:\/\/www.lebens-qi.at\/qishop\/produkt\/weightless-leave-in-conditioner\/","title":{"rendered":"Weightless Leave-In Conditioner"},"content":{"rendered":"<p>Der Curl Bites federleichte Leave-In Conditioner vereint alles, was Lockenherzen begehren: geniale Entwirrkraft, Hitzeschutz bis 230 Grad &amp; Schwerelosigkeit f\u00fcr ideale Sprungkraft.<\/p>\n<p><strong>Geeignet f\u00fcr:<\/strong> Wellen &#8211; Locken &#8211; Feines bis dickes Haar<\/p>\n<p>Diesen <strong>Duft<\/strong> kannst du bei diesem Leave-In Conditioner erwarten:<br \/>\n\u2022 Spritzige Orange<br \/>\n\u2022 Erfrischende Melisse<\/p>\n<p>Du suchst nach einem Leave-In Conditioner, der deine Locken schwerelos pflegt, sie vor Hitze sch\u00fctzt und gleichzeitig leicht entwirrt? Dann ist unser Leave-In Conditioner die perfekte Wahl f\u00fcr dich!<\/p>\n<p>Die schwerelose, aber intensiv pflegende Formel mit Provitamin B5 (Panthenol), Betain und Apfelextrakt verleiht deinem Haar nat\u00fcrlichen Glanz, Pflege und Geschmeidigkeit. Trotz der tiefpflegenden Inhaltsstoffe f\u00fchlt sich das Produkt federleicht an und beschwert dein Haar nicht, sodass deine Locken nat\u00fcrlich springen und voller Lebendigkeit strahlen.<\/p>\n<p>Dank des nat\u00fcrlichen Hitzeschutzes auf Basis von Fructose, Hyalurons\u00e4ure und einem Pilzextrakt, sind deine Locken und Wellen bis zu 220\/230\u00b0C* vor Hitzesch\u00e4den gesch\u00fctzt (*mit bestandenem Hitzeschutztest).<\/p>\n<p>Ein genialer Wirkstoff aus der Artischocke st\u00e4rkt zudem das \u00e4u\u00dfere Haarschutzschild und sch\u00fctzt das Haarinnere vor sch\u00e4dlichen Umwelteinfl\u00fcssen. So bleibt dein Haar widerstandsf\u00e4hig, frizz-frei und wunderbar definiert \u2013 mit einem nat\u00fcrlichen Glanz.<\/p>\n<p>Dieser Leave-In Conditioner ist nicht nur vegan, sondern auch sicher f\u00fcr die Curly Hair Methode \u2013 perfekt f\u00fcr welliges bis lockiges Haar! Abgerundet wird die Pflege durch den frischen Duft nach Orange und Melisse, der das Haar erfrischt und belebt.<\/p>\n<p>Nat\u00fcrlich vegan formuliert und Curly Hair Methode-sicher.<\/p>\n<p><strong>Nat\u00fcrlicher Hitzeschutzwirkstoff<\/strong><br \/>\nDer Leave-In Conditioner sch\u00fctzt dein Haar bis 230 Grad, dank einem nat\u00fcrlichen Hitzeschutzwirkstoff auf Basis von Fructose, Hyalurons\u00e4ure und einem Pilzextrakt. So werden deine Locken wirksam vor Hitze gesch\u00fctzt (*mit bestandenem Hitzeschutztest), ganz ohne den Einsatz von tierischen Inhaltsstoffen oder synthetischen Polymeren.<\/p>\n<p><strong>Artischocke<\/strong><br \/>\nEin innovativer Wirkstoff aus der Artischocke wirkt wie ein unsichtbares Schutzschild f\u00fcr dein Haar: Er st\u00e4rkt die \u00e4u\u00dfere Haarschicht und bewahrt ihren Zusammenhalt, w\u00e4hrend er das Haarinneres vor sch\u00e4dlichen Umwelteinfl\u00fcssen bewahrt. Das Ergebnis? Gesch\u00fctzte, widerstandsf\u00e4hige Locken, die nat\u00fcrlich gl\u00e4nzen, Frizz z\u00e4hmen und perfekt definiert bleiben \u2013 selbst in anspruchsvollen Bedingungen.<\/p>\n<p><strong>Apfelextrakt<\/strong><br \/>\nDer Apfel ist ein wahres Multitalent: prall gef\u00fcllt mit Kohlenhydraten, Fruchts\u00e4uren, Aminos\u00e4uren, Vitaminen, Mineralien und Spurenelementen. Ausgew\u00e4hlt aufgrund seiner nat\u00fcrlichen, weichmachenden und antioxidativen Eigenschaften.<\/p>\n<p><strong><span style=\"color: #339966;\">~ Vegan ~ ohne Microplastik ~ ohne synthetische Polymere ~ ohne Silikone ~ ohne Sulfate ~ ohne Parabene<\/span><\/strong><\/p>\n<p><strong>Anwendung und Hinweise:<\/strong><\/p>\n<p>Verwende den Leave-In Conditioner als feuchtigkeitsspendende, entwirrende und definierende Stylingbasis nach dem Waschen.<\/p>\n<p>Schritt 1: Stelle zun\u00e4chst sicher, dass deine Haare noch gut nass sind. Wenn sie schon etwas angetrocknet sind, dann bedecke deine Haare nochmals, mithilfe einer Spr\u00fchflasche, mit Wasser. Verreibe dann das Produkt zwischen deinen Handfl\u00e4chen und verteile es im gesamten, nassen Haar.<\/p>\n<p>Schritt 2: Verwende nun eine Lockenb\u00fcrste, um das Produkt gleichm\u00e4\u00dfig im Haar zu verteilen und die Locken\/Wellen nochmals sehr gut zu entwirren.<\/p>\n<p>Schritt 3: Definiere nun bereits deine Haare, indem du sie scrunchst oder mit einer B\u00fcrste stylst.<\/p>\n<p>Schritt 4: Im n\u00e4chsten Schritt fixieren wir nun die Definition mit einem Lockengel. W\u00e4hle f\u00fcr ideale Ergebnisse unser Volume &amp; Hold Scrunching Gel oder unser Mega Definition Strong Hold Gel. F\u00fcr einen besonders starken Halt empfehlen wir dir beide Gele hintereinander zu schichten.<\/p>\n<p>Schritt 5: Lass dein Haar an der Luft trocknen oder diffuse es. Achte darauf, dass du deinen Kopf beim Trocknen in alle Richtungen drehst, um das Volumen zu erh\u00f6hen.<\/p>\n<p>Schritt 6: Wenn das Haar vollst\u00e4ndig trocken ist, scrunchst du es noch einmal, um den Gelcast zu brechen, was dein Haar super weich und federnd macht.<\/p>\n<p><b>Bestandteile:<\/b><br \/>\n<span class=\"metafield-multi_line_text_field\">Aqua (Wasser), Cetearyl Alcohol (Fettalkohol, Emulgator), Glycerin (Feuchthaltemittel), Distearoylethyl Hydroxyethylmonium Methosulfate (kationisches Tensid, Antistatikum), Betaine (Feuchtigkeitsspender), Cetrimonium Chloride (kationisches Tensid, pflegender Emulgator), Sodium Benzoate (Konservierungsmittel), Coco-Caprylate (pflegendes \u00d6l, Weichmacher), Cynara Scolymus Leaf Extract (Artischockenblatt-Extrakt), Fructose (Feuchtigkeitsspender), Malus Domestica Fruit Extract (Apfelextrakt), Polyropus Umbellatus Extract (Pilzextrakt), Tocopherol (Vitamin E, Antioxidans), Panthenol (Provitamin B5, feuchtigkeitsspendend), Propanediol (L\u00f6sungsmittel, Feuchthaltemittel), Pentylene Glycol (Feuchthaltemittel), Potassium Sorbate (Konservierungsmittel), Sodium Citrate (pH-Regulator), Citric Acid (Zitronens\u00e4ure, pH-Regulator), Gluconolactone (Antioxidans, Feuchtigkeitsspender), Sodium Hyaluronate (Hyalurons\u00e4ure, Feuchtigkeitsspender), Calcium Gluconate (Feuchtigkeitsspender), Parfum (Duftstoff), Limonene (Duftstoff), Geraniol (Duftstoff), Citral (Duftstoff), Citronellol (Duftstoff), Linalool (Duftstoff)<\/span><\/p>\n","protected":false},"excerpt":{"rendered":"<p><span class=\"metafield-multi_line_text_field\">Wirkstoff aus der Artischocke sch\u00fctzt das Haarinnere- und \u00e4u\u00dfere f\u00fcr frizz-geb\u00e4ndigtes und definiertes Haar<\/span><\/p>\n","protected":false},"featured_media":16787,"comment_status":"open","ping_status":"closed","template":"","meta":{"_links_to":"","_links_to_target":""},"pwb-brand":[2995],"product_brand":[],"product_cat":[2152],"product_tag":[3003,3001,794,2998,250,3002,2999,3000,2326,365],"class_list":{"0":"post-16784","1":"product","2":"type-product","3":"status-publish","4":"has-post-thumbnail","6":"pwb-brand-curl-bites","7":"product_cat-haarpflege","8":"product_tag-apfelextrakt","9":"product_tag-artischocke","10":"product_tag-conditioner","11":"product_tag-curl-bites","12":"product_tag-haarpflege","13":"product_tag-hitzeschutz","14":"product_tag-leave-in","15":"product_tag-lockenpflege","16":"product_tag-melisse","17":"product_tag-orange","18":"pa_herkunft-deutschland","20":"first","21":"instock","22":"taxable","23":"shipping-taxable","24":"purchasable","25":"product-type-simple"},"blog_post_layout_featured_media_urls":{"thumbnail":["https:\/\/www.lebens-qi.at\/qishop\/wp-content\/uploads\/cb-leave-in-conditioner-150x150.png",150,150,true],"full":["https:\/\/www.lebens-qi.at\/qishop\/wp-content\/uploads\/cb-leave-in-conditioner.png",800,800,false]},"categories":["2995"],"categories_names":{"2995":{"name":"Curl Bites","link":"https:\/\/www.lebens-qi.at\/qishop\/brand\/curl-bites\/"}},"comments_number":"0","brands":[{"id":2995,"name":"Curl Bites","slug":"curl-bites"}],"_links":{"self":[{"href":"https:\/\/www.lebens-qi.at\/qishop\/wp-json\/wp\/v2\/product\/16784","targetHints":{"allow":["GET"]}}],"collection":[{"href":"https:\/\/www.lebens-qi.at\/qishop\/wp-json\/wp\/v2\/product"}],"about":[{"href":"https:\/\/www.lebens-qi.at\/qishop\/wp-json\/wp\/v2\/types\/product"}],"replies":[{"embeddable":true,"href":"https:\/\/www.lebens-qi.at\/qishop\/wp-json\/wp\/v2\/comments?post=16784"}],"wp:featuredmedia":[{"embeddable":true,"href":"https:\/\/www.lebens-qi.at\/qishop\/wp-json\/wp\/v2\/media\/16787"}],"wp:attachment":[{"href":"https:\/\/www.lebens-qi.at\/qishop\/wp-json\/wp\/v2\/media?parent=16784"}],"wp:term":[{"taxonomy":"pwb-brand","embeddable":true,"href":"https:\/\/www.lebens-qi.at\/qishop\/wp-json\/wp\/v2\/pwb-brand?post=16784"},{"taxonomy":"product_brand","embeddable":true,"href":"https:\/\/www.lebens-qi.at\/qishop\/wp-json\/wp\/v2\/product_brand?post=16784"},{"taxonomy":"product_cat","embeddable":true,"href":"https:\/\/www.lebens-qi.at\/qishop\/wp-json\/wp\/v2\/product_cat?post=16784"},{"taxonomy":"product_tag","embeddable":true,"href":"https:\/\/www.lebens-qi.at\/qishop\/wp-json\/wp\/v2\/product_tag?post=16784"}],"curies":[{"name":"wp","href":"https:\/\/api.w.org\/{rel}","templated":true}]}}