{"id":17022,"date":"2025-09-29T12:23:23","date_gmt":"2025-09-29T10:23:23","guid":{"rendered":"https:\/\/www.lebens-qi.at\/qishop\/?post_type=product&#038;p=17022"},"modified":"2026-03-26T09:46:02","modified_gmt":"2026-03-26T08:46:02","slug":"tasse-sweet-christmas","status":"publish","type":"product","link":"https:\/\/www.lebens-qi.at\/qishop\/produkt\/tasse-sweet-christmas\/","title":{"rendered":"Tasse Sweet Christmas"},"content":{"rendered":"<p>Tasse\/H\u00e4ferl\/Becher \ud83d\ude42<\/p>\n<p><b>Sweet Christmas<\/b><\/p>\n<p>erh\u00e4ltlich in den 2 super-s\u00fc\u00dfen Designs<\/p>\n<p><b>Weihnachtsmann &#8222;merry Christmas&#8220; <\/b>oder <strong>Wichtel &#8222;<\/strong><b>Oh deer&#8220;<\/b><\/p>\n<p>Ein bezaubernder Becher f\u00fcr magische Weihnachtsmomente mit Henkel in Zuckerstangenoptik. Die hellblaue und t\u00fcrkise Grundfarbe des Artikels erinnern an frostige Wintertage und machen den Becher zu einem stimmungsvollen Begleiter in der kalten Jahreszeit. Verziert mit den Spr\u00fcchen \u201eMerry Christmas\u201c und \u201eOh deer\u201c wird jeder Schluck zu einem kleinen Fest. Die leicht konische Form liegt angenehm in der Hand, w\u00e4hrend das gro\u00dfz\u00fcgige Fassungsverm\u00f6gen von 0,45 l genug Platz f\u00fcr hei\u00dfen Kakao mit Marshmallows, w\u00fcrzigen Chai oder aromatischen Kaffee bietet. Ein liebevoll gestaltetes St\u00fcck Weihnachtsfreude &#8211; ideal zum Verschenken oder um sich selbst in festliche Stimmung zu bringen.<\/p>\n<p>Material: New Bone China<br \/>\nInhalt: 0,45 l<br \/>\nGr\u00f6\u00dfe: H 9,8 cm, \u00d8 8 cm<br \/>\nLieferumfang: 1 Tasse im gew\u00e4hlten Design<br \/>\nHinweis: sp\u00fclmaschinenfest, handbemalt<\/p>\n","protected":false},"excerpt":{"rendered":"<p>H\u00e4ferl f\u00fcr s\u00fc\u00dfe Weihnachten<\/p>\n","protected":false},"featured_media":17046,"comment_status":"open","ping_status":"closed","template":"","meta":{"_links_to":"","_links_to_target":""},"pwb-brand":[437],"product_brand":[],"product_cat":[436,3018],"product_tag":[1641,2918,320,1640,1897,624,2075,2166,3023],"class_list":{"0":"post-17022","1":"product","2":"type-product","3":"status-publish","4":"has-post-thumbnail","6":"pwb-brand-chacult","7":"product_cat-tassen","8":"product_cat-weihnachten","9":"product_tag-haeferl","10":"product_tag-handbemalt","11":"product_tag-spruch","12":"product_tag-tasse","13":"product_tag-teetasse","14":"product_tag-weihnachten","15":"product_tag-weihnachtsmann","16":"product_tag-wichtel","17":"product_tag-zuckerstange","18":"pa_herkunft-china","20":"first","21":"instock","22":"taxable","23":"shipping-taxable","24":"purchasable","25":"product-type-variable"},"blog_post_layout_featured_media_urls":{"thumbnail":["https:\/\/www.lebens-qi.at\/qishop\/wp-content\/uploads\/tassse-sweet-christmas-150x150.png",150,150,true],"full":["https:\/\/www.lebens-qi.at\/qishop\/wp-content\/uploads\/tassse-sweet-christmas.png",900,900,false]},"categories":["437"],"categories_names":{"437":{"name":"ChaCult","link":"https:\/\/www.lebens-qi.at\/qishop\/brand\/chacult\/"}},"comments_number":"0","brands":[{"id":437,"name":"ChaCult","slug":"chacult"}],"_links":{"self":[{"href":"https:\/\/www.lebens-qi.at\/qishop\/wp-json\/wp\/v2\/product\/17022","targetHints":{"allow":["GET"]}}],"collection":[{"href":"https:\/\/www.lebens-qi.at\/qishop\/wp-json\/wp\/v2\/product"}],"about":[{"href":"https:\/\/www.lebens-qi.at\/qishop\/wp-json\/wp\/v2\/types\/product"}],"replies":[{"embeddable":true,"href":"https:\/\/www.lebens-qi.at\/qishop\/wp-json\/wp\/v2\/comments?post=17022"}],"wp:featuredmedia":[{"embeddable":true,"href":"https:\/\/www.lebens-qi.at\/qishop\/wp-json\/wp\/v2\/media\/17046"}],"wp:attachment":[{"href":"https:\/\/www.lebens-qi.at\/qishop\/wp-json\/wp\/v2\/media?parent=17022"}],"wp:term":[{"taxonomy":"pwb-brand","embeddable":true,"href":"https:\/\/www.lebens-qi.at\/qishop\/wp-json\/wp\/v2\/pwb-brand?post=17022"},{"taxonomy":"product_brand","embeddable":true,"href":"https:\/\/www.lebens-qi.at\/qishop\/wp-json\/wp\/v2\/product_brand?post=17022"},{"taxonomy":"product_cat","embeddable":true,"href":"https:\/\/www.lebens-qi.at\/qishop\/wp-json\/wp\/v2\/product_cat?post=17022"},{"taxonomy":"product_tag","embeddable":true,"href":"https:\/\/www.lebens-qi.at\/qishop\/wp-json\/wp\/v2\/product_tag?post=17022"}],"curies":[{"name":"wp","href":"https:\/\/api.w.org\/{rel}","templated":true}]}}