{"id":17166,"date":"2025-10-16T19:10:14","date_gmt":"2025-10-16T17:10:14","guid":{"rendered":"https:\/\/www.lebens-qi.at\/qishop\/?post_type=product&#038;p=17166"},"modified":"2025-10-16T19:20:36","modified_gmt":"2025-10-16T17:20:36","slug":"gruene-tara-tanzend","status":"publish","type":"product","link":"https:\/\/www.lebens-qi.at\/qishop\/produkt\/gruene-tara-tanzend\/","title":{"rendered":"Gr\u00fcne Tara tanzend"},"content":{"rendered":"<p><strong>Gr\u00fcne Tara<\/strong><\/p>\n<p>Die Gr\u00fcne Tara (Chittamani Tara) ist eine <strong>weibliche Manifestation der erleuchteten Energie<\/strong>; sie ist sehr bekannt im <strong>tibetischen Buddhismus<\/strong>. Es gibt 21 Manifestationen von Tara; die bekanntesten sind die wei\u00dfe und die gr\u00fcne Tara. Kennzeichnend f\u00fcr ihre Erscheinungsform sind die sieben Augen in Kopf, Handfl\u00e4chen und Fu\u00dfsohlen. In Ihrer rechten Hand h\u00e4lt sie den Stiel eines blauen Lotus.<\/p>\n<p>In allen buddhistischen spirituellen Gemeinschaften werden jeden Monat die 21 Verse der Tara rezitiert, um alle Hindernisse zu befrieden und zu \u00fcberwinden. Das Rezitieren des Mantras der Gr\u00fcnen Tara soll bei bekannten und unbekannten \u00c4ngsten helfen. Ihr Mantra ist: OM TARE TUTTARE TURE SVAHAM (ausgesprochen: Soham).<\/p>\n<p><b>Gr\u00fcne Tara Figur, tanzend<\/b><br \/>\nMaterial: Messing<br \/>\nGr\u00f6\u00dfe: ca. 23 cm<br \/>\nGewicht: ca 1.200 g<\/p>\n","protected":false},"excerpt":{"rendered":"<p>aus Messing<\/p>\n","protected":false},"featured_media":17169,"comment_status":"open","ping_status":"closed","template":"","meta":{"_links_to":"","_links_to_target":""},"pwb-brand":[276],"product_brand":[],"product_cat":[1236],"product_tag":[734,1237,170,1238,3030],"class_list":{"0":"post-17166","1":"product","2":"type-product","3":"status-publish","4":"has-post-thumbnail","6":"pwb-brand-mani-bhadra-phoenix-import","7":"product_cat-spirituelle-figuren","8":"product_tag-buddha","9":"product_tag-figur","10":"product_tag-gold","11":"product_tag-gottheit","12":"product_tag-gruene-tara","13":"pa_herkunft-indien","15":"first","16":"instock","17":"taxable","18":"shipping-taxable","19":"purchasable","20":"product-type-simple"},"blog_post_layout_featured_media_urls":{"thumbnail":["https:\/\/www.lebens-qi.at\/qishop\/wp-content\/uploads\/17588-tara-150x150.jpg",150,150,true],"full":["https:\/\/www.lebens-qi.at\/qishop\/wp-content\/uploads\/17588-tara.jpg",800,800,false]},"categories":["276"],"categories_names":{"276":{"name":"Mani Bhadra - Phoenix Import","link":"https:\/\/www.lebens-qi.at\/qishop\/brand\/mani-bhadra-phoenix-import\/"}},"comments_number":"0","brands":[{"id":276,"name":"Mani Bhadra - Phoenix Import","slug":"mani-bhadra-phoenix-import"}],"_links":{"self":[{"href":"https:\/\/www.lebens-qi.at\/qishop\/wp-json\/wp\/v2\/product\/17166","targetHints":{"allow":["GET"]}}],"collection":[{"href":"https:\/\/www.lebens-qi.at\/qishop\/wp-json\/wp\/v2\/product"}],"about":[{"href":"https:\/\/www.lebens-qi.at\/qishop\/wp-json\/wp\/v2\/types\/product"}],"replies":[{"embeddable":true,"href":"https:\/\/www.lebens-qi.at\/qishop\/wp-json\/wp\/v2\/comments?post=17166"}],"wp:featuredmedia":[{"embeddable":true,"href":"https:\/\/www.lebens-qi.at\/qishop\/wp-json\/wp\/v2\/media\/17169"}],"wp:attachment":[{"href":"https:\/\/www.lebens-qi.at\/qishop\/wp-json\/wp\/v2\/media?parent=17166"}],"wp:term":[{"taxonomy":"pwb-brand","embeddable":true,"href":"https:\/\/www.lebens-qi.at\/qishop\/wp-json\/wp\/v2\/pwb-brand?post=17166"},{"taxonomy":"product_brand","embeddable":true,"href":"https:\/\/www.lebens-qi.at\/qishop\/wp-json\/wp\/v2\/product_brand?post=17166"},{"taxonomy":"product_cat","embeddable":true,"href":"https:\/\/www.lebens-qi.at\/qishop\/wp-json\/wp\/v2\/product_cat?post=17166"},{"taxonomy":"product_tag","embeddable":true,"href":"https:\/\/www.lebens-qi.at\/qishop\/wp-json\/wp\/v2\/product_tag?post=17166"}],"curies":[{"name":"wp","href":"https:\/\/api.w.org\/{rel}","templated":true}]}}