{"id":17228,"date":"2025-10-23T14:50:47","date_gmt":"2025-10-23T12:50:47","guid":{"rendered":"https:\/\/www.lebens-qi.at\/qishop\/?post_type=product&#038;p=17228"},"modified":"2025-10-23T15:00:24","modified_gmt":"2025-10-23T13:00:24","slug":"speckstein-raeucherstaebchenhalter-mit-pfau","status":"publish","type":"product","link":"https:\/\/www.lebens-qi.at\/qishop\/produkt\/speckstein-raeucherstaebchenhalter-mit-pfau\/","title":{"rendered":"Speckstein R\u00e4ucherst\u00e4bchenhalter mit Pfau"},"content":{"rendered":"<p><strong>Pfau R\u00e4ucherst\u00e4bchenhalter<\/strong><\/p>\n<p>Ein pr\u00e4chtiger, handgearbeiteter Pfau in edlem Ozeanblau &#8211; Krafttier und Symboltr\u00e4ger in vielen verschiedenen Kulturen. Der Pfau steht f\u00fcr Transformation und spirituelle Wiedergeburt.<\/p>\n<p>Gr\u00f6\u00dfe: ca. 10 cm, 6 cm hoch<br \/>\nMaterial: Speckstein, Aluminium, Steine<br \/>\nFarbe: blau, Pfau silber &#8211; bunt<br \/>\n<em><b>Hinweis:<\/b> Symbolfoto &#8211; geringf\u00fcgige Abweichungen m\u00f6glich<br \/>\n<\/em><\/p>\n","protected":false},"excerpt":{"rendered":"<p>verziert mit bunten Steinchen<\/p>\n","protected":false},"featured_media":17229,"comment_status":"open","ping_status":"closed","template":"","meta":{"_links_to":"","_links_to_target":""},"pwb-brand":[307],"product_brand":[],"product_cat":[733],"product_tag":[730,1136,680,592],"class_list":{"0":"post-17228","1":"product","2":"type-product","3":"status-publish","4":"has-post-thumbnail","6":"pwb-brand-berk","7":"product_cat-runde-halter","8":"product_tag-halter","9":"product_tag-pfau","10":"product_tag-raeucherstaebchen","11":"product_tag-speckstein","13":"first","14":"instock","15":"taxable","16":"shipping-taxable","17":"purchasable","18":"product-type-simple"},"blog_post_layout_featured_media_urls":{"thumbnail":["https:\/\/www.lebens-qi.at\/qishop\/wp-content\/uploads\/ST-179_1-halter-pfau-150x150.jpg",150,150,true],"full":["https:\/\/www.lebens-qi.at\/qishop\/wp-content\/uploads\/ST-179_1-halter-pfau.jpg",800,800,false]},"categories":["307"],"categories_names":{"307":{"name":"Berk","link":"https:\/\/www.lebens-qi.at\/qishop\/brand\/berk\/"}},"comments_number":"0","brands":[{"id":307,"name":"Berk","slug":"berk"}],"_links":{"self":[{"href":"https:\/\/www.lebens-qi.at\/qishop\/wp-json\/wp\/v2\/product\/17228","targetHints":{"allow":["GET"]}}],"collection":[{"href":"https:\/\/www.lebens-qi.at\/qishop\/wp-json\/wp\/v2\/product"}],"about":[{"href":"https:\/\/www.lebens-qi.at\/qishop\/wp-json\/wp\/v2\/types\/product"}],"replies":[{"embeddable":true,"href":"https:\/\/www.lebens-qi.at\/qishop\/wp-json\/wp\/v2\/comments?post=17228"}],"wp:featuredmedia":[{"embeddable":true,"href":"https:\/\/www.lebens-qi.at\/qishop\/wp-json\/wp\/v2\/media\/17229"}],"wp:attachment":[{"href":"https:\/\/www.lebens-qi.at\/qishop\/wp-json\/wp\/v2\/media?parent=17228"}],"wp:term":[{"taxonomy":"pwb-brand","embeddable":true,"href":"https:\/\/www.lebens-qi.at\/qishop\/wp-json\/wp\/v2\/pwb-brand?post=17228"},{"taxonomy":"product_brand","embeddable":true,"href":"https:\/\/www.lebens-qi.at\/qishop\/wp-json\/wp\/v2\/product_brand?post=17228"},{"taxonomy":"product_cat","embeddable":true,"href":"https:\/\/www.lebens-qi.at\/qishop\/wp-json\/wp\/v2\/product_cat?post=17228"},{"taxonomy":"product_tag","embeddable":true,"href":"https:\/\/www.lebens-qi.at\/qishop\/wp-json\/wp\/v2\/product_tag?post=17228"}],"curies":[{"name":"wp","href":"https:\/\/api.w.org\/{rel}","templated":true}]}}