{"id":17269,"date":"2025-10-27T19:14:10","date_gmt":"2025-10-27T18:14:10","guid":{"rendered":"https:\/\/www.lebens-qi.at\/qishop\/?post_type=product&#038;p=17269"},"modified":"2025-10-27T19:25:45","modified_gmt":"2025-10-27T18:25:45","slug":"safran-rose-raeucherkegel","status":"publish","type":"product","link":"https:\/\/www.lebens-qi.at\/qishop\/produkt\/safran-rose-raeucherkegel\/","title":{"rendered":"Safran Rose R\u00e4ucherkegel"},"content":{"rendered":"<p><strong>Safran Rose R\u00e4ucherkegel<\/strong><em><br \/>\n<\/em><\/p>\n<p>Diese edle R\u00e4uchermischung vereint die <strong>w\u00e4rmende Kraft des Safrans<\/strong> mit der<strong> herz\u00f6ffnenden Sanftheit der Rose<\/strong>. Beim Verr\u00e4uchern entsteht eine zarte, goldene Energie, die Herz und Geist gleicherma\u00dfen ber\u00fchrt.<\/p>\n<h3><span style=\"color: #993366;\">~~~ Holy Smokes R\u00e4ucherkegel ~~~<\/span><\/h3>\n<p>Eine Masala-Paste aus H\u00f6lzern, Harzen, Kr\u00e4utern, Bl\u00fcten und \u00d6len wird per Hand in Kegelform gebracht und an der indischen Sonne luftgetrocknet. Ob aus Sandelholz, Lavendel, Zimt oder Weihrauch \u2013 jeder Kegel tr\u00e4gt einen eigenen Duft in sich und erf\u00fcllt die Atmosph\u00e4re mit seiner unverwechselbaren Energie.<\/p>\n<p><em>P\u00e4ckchen enth\u00e4lt 14 Kegel (20 g) und einen kleinen Keramikhalter.<\/em><\/p>\n","protected":false},"excerpt":{"rendered":"<p>sanfte, herz\u00f6ffnende Atmosph\u00e4re &#8211; ideal f\u00fcr Meditation &amp; Entspannung<\/p>\n<p>&nbsp;<\/p>\n","protected":false},"featured_media":17270,"comment_status":"open","ping_status":"closed","template":"","meta":{"_links_to":"","_links_to_target":""},"pwb-brand":[307],"product_brand":[],"product_cat":[711],"product_tag":[535,2509,681,701,227,1688],"class_list":{"0":"post-17269","1":"product","2":"type-product","3":"status-publish","4":"has-post-thumbnail","6":"pwb-brand-berk","7":"product_cat-holy-smokes","8":"product_tag-entspannung","9":"product_tag-herzoeffnung","10":"product_tag-holy-smokes","11":"product_tag-raeucherkegel","12":"product_tag-rose","13":"product_tag-safran","15":"first","16":"instock","17":"taxable","18":"shipping-taxable","19":"purchasable","20":"product-type-simple"},"blog_post_layout_featured_media_urls":{"thumbnail":["https:\/\/www.lebens-qi.at\/qishop\/wp-content\/uploads\/HS-936_1-safran-rose-kegel-150x150.jpg",150,150,true],"full":["https:\/\/www.lebens-qi.at\/qishop\/wp-content\/uploads\/HS-936_1-safran-rose-kegel.jpg",800,800,false]},"categories":["307"],"categories_names":{"307":{"name":"Berk","link":"https:\/\/www.lebens-qi.at\/qishop\/brand\/berk\/"}},"comments_number":"0","brands":[{"id":307,"name":"Berk","slug":"berk"}],"_links":{"self":[{"href":"https:\/\/www.lebens-qi.at\/qishop\/wp-json\/wp\/v2\/product\/17269","targetHints":{"allow":["GET"]}}],"collection":[{"href":"https:\/\/www.lebens-qi.at\/qishop\/wp-json\/wp\/v2\/product"}],"about":[{"href":"https:\/\/www.lebens-qi.at\/qishop\/wp-json\/wp\/v2\/types\/product"}],"replies":[{"embeddable":true,"href":"https:\/\/www.lebens-qi.at\/qishop\/wp-json\/wp\/v2\/comments?post=17269"}],"wp:featuredmedia":[{"embeddable":true,"href":"https:\/\/www.lebens-qi.at\/qishop\/wp-json\/wp\/v2\/media\/17270"}],"wp:attachment":[{"href":"https:\/\/www.lebens-qi.at\/qishop\/wp-json\/wp\/v2\/media?parent=17269"}],"wp:term":[{"taxonomy":"pwb-brand","embeddable":true,"href":"https:\/\/www.lebens-qi.at\/qishop\/wp-json\/wp\/v2\/pwb-brand?post=17269"},{"taxonomy":"product_brand","embeddable":true,"href":"https:\/\/www.lebens-qi.at\/qishop\/wp-json\/wp\/v2\/product_brand?post=17269"},{"taxonomy":"product_cat","embeddable":true,"href":"https:\/\/www.lebens-qi.at\/qishop\/wp-json\/wp\/v2\/product_cat?post=17269"},{"taxonomy":"product_tag","embeddable":true,"href":"https:\/\/www.lebens-qi.at\/qishop\/wp-json\/wp\/v2\/product_tag?post=17269"}],"curies":[{"name":"wp","href":"https:\/\/api.w.org\/{rel}","templated":true}]}}