{"id":17599,"date":"2025-11-15T19:21:07","date_gmt":"2025-11-15T18:21:07","guid":{"rendered":"https:\/\/www.lebens-qi.at\/qishop\/?post_type=product&#038;p=17599"},"modified":"2025-12-08T20:32:43","modified_gmt":"2025-12-08T19:32:43","slug":"taste-of-scotland-scottish-breakfast-broken","status":"publish","type":"product","link":"https:\/\/www.lebens-qi.at\/qishop\/produkt\/taste-of-scotland-scottish-breakfast-broken\/","title":{"rendered":"Taste of Scotland &#8211; Scottish Breakfast Broken"},"content":{"rendered":"<p><strong>Extra Qualit\u00e4t!<br \/>\nScottish Breakfast Broken<\/strong><br \/>\nSchwarztee<\/p>\n<p>Urspr\u00fcnglich wurden diese Mischungen speziell f\u00fcr das weiche schottische Wasser kreiert. Das Zusammenspiel besonderer und mit Bedacht ausgew\u00e4hlter, besonders hochwertig angebauter Broken-Tees aus Assam, dem afrikanischen Kontinent und nordindischer Hochlandgew\u00e4chse entfaltet in dieser Mischung einen au\u00dfergew\u00f6hnlichen Charakter. F\u00fcr den Teekenner spricht jeder einzelne Ursprung schon f\u00fcr sich, aber diese Kombination entwickelt nach dem Aufguss ein wahrlich au\u00dferordentliches Geschmackserlebnis: Sehr sch\u00f6n <strong>ausbalanciert<\/strong>,<strong> frisch blumig<\/strong>,<strong> duftig<\/strong>, dazu <strong>leicht malzig<\/strong>, mit <strong>vollem K\u00f6rper<\/strong>. Ein sehr angenehmer Zeitgenosse, nicht nur zum Fr\u00fchst\u00fcck!<\/p>\n<p>3-5 Minuten Ziehzeit<br \/>\n100\u00b0 C Wassertemperatur<br \/>\n4-5 gestrichene Teel\u00f6ffel\/1 Liter<\/p>\n<p><em><b>Zutaten:<\/b><br \/>\nSchwarzer Tee<\/em><\/p>\n<p><b>Inhalt:<\/b><br \/>\n100 g loser Tee in versiegelter Aromat\u00fcte<\/p>\n<p>Bild auf der Etikette von Jassi Bis<\/p>\n<p><em>Hinweis: die Bezeichnung &#8222;Taste of Scotland&#8220; kommt aufgrund der Teesorte, selbstverst\u00e4ndlich ist der Schwarztee nicht in Schottland gewachsen, sondern stammt aus Indien.<\/em><\/p>\n","protected":false},"excerpt":{"rendered":"<p>Schwarztee<\/p>\n","protected":false},"featured_media":17601,"comment_status":"open","ping_status":"closed","template":"","meta":{"_links_to":"","_links_to_target":""},"pwb-brand":[434],"product_brand":[],"product_cat":[2809,435],"product_tag":[1503,3055,1502,1504,443,2315],"class_list":{"0":"post-17599","1":"product","2":"type-product","3":"status-publish","4":"has-post-thumbnail","6":"pwb-brand-lebens-qi-teehaus-qualitaet","7":"product_cat-schwarzer-tee","8":"product_cat-taste-of","9":"product_tag-lose","10":"product_tag-schottland","11":"product_tag-schwarztee","12":"product_tag-spezialitaet","13":"product_tag-tee","14":"product_tag-teehaus-qualitaet","16":"first","17":"instock","18":"taxable","19":"shipping-taxable","20":"purchasable","21":"product-type-simple"},"blog_post_layout_featured_media_urls":{"thumbnail":["https:\/\/www.lebens-qi.at\/qishop\/wp-content\/uploads\/schottland-tee-150x150.png",150,150,true],"full":["https:\/\/www.lebens-qi.at\/qishop\/wp-content\/uploads\/schottland-tee.png",800,800,false]},"categories":["434"],"categories_names":{"434":{"name":"Teehaus-Qualit\u00e4t vom LEBENS-QI","link":"https:\/\/www.lebens-qi.at\/qishop\/brand\/lebens-qi-teehaus-qualitaet\/"}},"comments_number":"0","brands":[{"id":434,"name":"Teehaus-Qualit\u00e4t vom LEBENS-QI","slug":"lebens-qi-teehaus-qualitaet"}],"_links":{"self":[{"href":"https:\/\/www.lebens-qi.at\/qishop\/wp-json\/wp\/v2\/product\/17599","targetHints":{"allow":["GET"]}}],"collection":[{"href":"https:\/\/www.lebens-qi.at\/qishop\/wp-json\/wp\/v2\/product"}],"about":[{"href":"https:\/\/www.lebens-qi.at\/qishop\/wp-json\/wp\/v2\/types\/product"}],"replies":[{"embeddable":true,"href":"https:\/\/www.lebens-qi.at\/qishop\/wp-json\/wp\/v2\/comments?post=17599"}],"wp:featuredmedia":[{"embeddable":true,"href":"https:\/\/www.lebens-qi.at\/qishop\/wp-json\/wp\/v2\/media\/17601"}],"wp:attachment":[{"href":"https:\/\/www.lebens-qi.at\/qishop\/wp-json\/wp\/v2\/media?parent=17599"}],"wp:term":[{"taxonomy":"pwb-brand","embeddable":true,"href":"https:\/\/www.lebens-qi.at\/qishop\/wp-json\/wp\/v2\/pwb-brand?post=17599"},{"taxonomy":"product_brand","embeddable":true,"href":"https:\/\/www.lebens-qi.at\/qishop\/wp-json\/wp\/v2\/product_brand?post=17599"},{"taxonomy":"product_cat","embeddable":true,"href":"https:\/\/www.lebens-qi.at\/qishop\/wp-json\/wp\/v2\/product_cat?post=17599"},{"taxonomy":"product_tag","embeddable":true,"href":"https:\/\/www.lebens-qi.at\/qishop\/wp-json\/wp\/v2\/product_tag?post=17599"}],"curies":[{"name":"wp","href":"https:\/\/api.w.org\/{rel}","templated":true}]}}