{"id":17664,"date":"2025-11-18T14:57:36","date_gmt":"2025-11-18T13:57:36","guid":{"rendered":"https:\/\/www.lebens-qi.at\/qishop\/?post_type=product&#038;p=17664"},"modified":"2025-12-08T20:32:43","modified_gmt":"2025-12-08T19:32:43","slug":"weihrauch-raeucherkegel","status":"publish","type":"product","link":"https:\/\/www.lebens-qi.at\/qishop\/produkt\/weihrauch-raeucherkegel\/","title":{"rendered":"Weihrauch R\u00e4ucherkegel"},"content":{"rendered":"<p><strong>Weihrauch R\u00e4ucherkegel<\/strong><em><br \/>\n<\/em><\/p>\n<p>Weihrauch (Olibanum) schafft eine gereinigte, ruhige, erhabene Atmosph\u00e4re. Er <strong>l\u00f6st negative Energien auf<\/strong> und hilft kreisende Gedanken zu beruhigen. Weihrauch <strong>beruhigt unser Gem\u00fct<\/strong> und schafft Klarheit.<\/p>\n<h3><span style=\"color: #993366;\">~~~ Holy Smokes R\u00e4ucherkegel ~~~<\/span><\/h3>\n<p>Eine Masala-Paste aus H\u00f6lzern, Harzen, Kr\u00e4utern, Bl\u00fcten und \u00d6len wird per Hand in Kegelform gebracht und an der indischen Sonne luftgetrocknet. Ob aus Sandelholz, Lavendel, Zimt oder Weihrauch \u2013 jeder Kegel tr\u00e4gt einen eigenen Duft in sich und erf\u00fcllt die Atmosph\u00e4re mit seiner unverwechselbaren Energie.<\/p>\n<p><em>P\u00e4ckchen enth\u00e4lt 14 Kegel (20 g) und einen kleinen Keramikhalter.<\/em><\/p>\n","protected":false},"excerpt":{"rendered":"<p>beruhigt Geist und Gedanken &#8211; reinigt Raumenergie<\/p>\n<p>&nbsp;<\/p>\n","protected":false},"featured_media":17666,"comment_status":"open","ping_status":"closed","template":"","meta":{"_links_to":"","_links_to_target":""},"pwb-brand":[307],"product_brand":[],"product_cat":[711],"product_tag":[681,627,701,180,403],"class_list":{"0":"post-17664","1":"product","2":"type-product","3":"status-publish","4":"has-post-thumbnail","6":"pwb-brand-berk","7":"product_cat-holy-smokes","8":"product_tag-holy-smokes","9":"product_tag-klarheit","10":"product_tag-raeucherkegel","11":"product_tag-reinigung","12":"product_tag-weihrauch","14":"first","15":"instock","16":"taxable","17":"shipping-taxable","18":"purchasable","19":"product-type-simple"},"blog_post_layout_featured_media_urls":{"thumbnail":["https:\/\/www.lebens-qi.at\/qishop\/wp-content\/uploads\/HS-930_weihrauch-kegel-150x150.jpg",150,150,true],"full":["https:\/\/www.lebens-qi.at\/qishop\/wp-content\/uploads\/HS-930_weihrauch-kegel.jpg",800,800,false]},"categories":["307"],"categories_names":{"307":{"name":"Berk","link":"https:\/\/www.lebens-qi.at\/qishop\/brand\/berk\/"}},"comments_number":"0","brands":[{"id":307,"name":"Berk","slug":"berk"}],"_links":{"self":[{"href":"https:\/\/www.lebens-qi.at\/qishop\/wp-json\/wp\/v2\/product\/17664","targetHints":{"allow":["GET"]}}],"collection":[{"href":"https:\/\/www.lebens-qi.at\/qishop\/wp-json\/wp\/v2\/product"}],"about":[{"href":"https:\/\/www.lebens-qi.at\/qishop\/wp-json\/wp\/v2\/types\/product"}],"replies":[{"embeddable":true,"href":"https:\/\/www.lebens-qi.at\/qishop\/wp-json\/wp\/v2\/comments?post=17664"}],"wp:featuredmedia":[{"embeddable":true,"href":"https:\/\/www.lebens-qi.at\/qishop\/wp-json\/wp\/v2\/media\/17666"}],"wp:attachment":[{"href":"https:\/\/www.lebens-qi.at\/qishop\/wp-json\/wp\/v2\/media?parent=17664"}],"wp:term":[{"taxonomy":"pwb-brand","embeddable":true,"href":"https:\/\/www.lebens-qi.at\/qishop\/wp-json\/wp\/v2\/pwb-brand?post=17664"},{"taxonomy":"product_brand","embeddable":true,"href":"https:\/\/www.lebens-qi.at\/qishop\/wp-json\/wp\/v2\/product_brand?post=17664"},{"taxonomy":"product_cat","embeddable":true,"href":"https:\/\/www.lebens-qi.at\/qishop\/wp-json\/wp\/v2\/product_cat?post=17664"},{"taxonomy":"product_tag","embeddable":true,"href":"https:\/\/www.lebens-qi.at\/qishop\/wp-json\/wp\/v2\/product_tag?post=17664"}],"curies":[{"name":"wp","href":"https:\/\/api.w.org\/{rel}","templated":true}]}}