{"id":17774,"date":"2025-12-02T18:31:28","date_gmt":"2025-12-02T17:31:28","guid":{"rendered":"https:\/\/www.lebens-qi.at\/qishop\/?post_type=product&#038;p=17774"},"modified":"2026-03-16T16:54:41","modified_gmt":"2026-03-16T15:54:41","slug":"metall-raeucherstaebchenhalter-eule","status":"publish","type":"product","link":"https:\/\/www.lebens-qi.at\/qishop\/produkt\/metall-raeucherstaebchenhalter-eule\/","title":{"rendered":"Metall-R\u00e4ucherst\u00e4bchenhalter Eule"},"content":{"rendered":"<p><strong>Eule R\u00e4ucherst\u00e4bchenhalter<\/strong><\/p>\n<p>Kunstvoller l\u00e4nglicher Halter aus Wei\u00dfmetall, mit Messing und Elementen in Steinoptik verziert.<\/p>\n<p>Gr\u00f6\u00dfe: ca. 19 x 4,5 cm<br \/>\nMaterial: Wei\u00dfmetall verziert<br \/>\nFarbe: mehrf\u00e4rbig<em><br \/>\n<\/em><\/p>\n","protected":false},"excerpt":{"rendered":"<p>reich verziert<\/p>\n","protected":false},"featured_media":17776,"comment_status":"open","ping_status":"closed","template":"","meta":{"_links_to":"","_links_to_target":""},"pwb-brand":[307],"product_brand":[],"product_cat":[740,729],"product_tag":[947,730,680],"class_list":{"0":"post-17774","1":"product","2":"type-product","3":"status-publish","4":"has-post-thumbnail","6":"pwb-brand-berk","7":"product_cat-metallhalter","8":"product_cat-schiffchenhalter","9":"product_tag-eule","10":"product_tag-halter","11":"product_tag-raeucherstaebchen","13":"first","14":"instock","15":"taxable","16":"shipping-taxable","17":"purchasable","18":"product-type-simple"},"blog_post_layout_featured_media_urls":{"thumbnail":["https:\/\/www.lebens-qi.at\/qishop\/wp-content\/uploads\/KH-1213_1-eule-150x150.jpg",150,150,true],"full":["https:\/\/www.lebens-qi.at\/qishop\/wp-content\/uploads\/KH-1213_1-eule.jpg",800,800,false]},"categories":["307"],"categories_names":{"307":{"name":"Berk","link":"https:\/\/www.lebens-qi.at\/qishop\/brand\/berk\/"}},"comments_number":"0","brands":[{"id":307,"name":"Berk","slug":"berk"}],"_links":{"self":[{"href":"https:\/\/www.lebens-qi.at\/qishop\/wp-json\/wp\/v2\/product\/17774","targetHints":{"allow":["GET"]}}],"collection":[{"href":"https:\/\/www.lebens-qi.at\/qishop\/wp-json\/wp\/v2\/product"}],"about":[{"href":"https:\/\/www.lebens-qi.at\/qishop\/wp-json\/wp\/v2\/types\/product"}],"replies":[{"embeddable":true,"href":"https:\/\/www.lebens-qi.at\/qishop\/wp-json\/wp\/v2\/comments?post=17774"}],"wp:featuredmedia":[{"embeddable":true,"href":"https:\/\/www.lebens-qi.at\/qishop\/wp-json\/wp\/v2\/media\/17776"}],"wp:attachment":[{"href":"https:\/\/www.lebens-qi.at\/qishop\/wp-json\/wp\/v2\/media?parent=17774"}],"wp:term":[{"taxonomy":"pwb-brand","embeddable":true,"href":"https:\/\/www.lebens-qi.at\/qishop\/wp-json\/wp\/v2\/pwb-brand?post=17774"},{"taxonomy":"product_brand","embeddable":true,"href":"https:\/\/www.lebens-qi.at\/qishop\/wp-json\/wp\/v2\/product_brand?post=17774"},{"taxonomy":"product_cat","embeddable":true,"href":"https:\/\/www.lebens-qi.at\/qishop\/wp-json\/wp\/v2\/product_cat?post=17774"},{"taxonomy":"product_tag","embeddable":true,"href":"https:\/\/www.lebens-qi.at\/qishop\/wp-json\/wp\/v2\/product_tag?post=17774"}],"curies":[{"name":"wp","href":"https:\/\/api.w.org\/{rel}","templated":true}]}}