{"id":1780,"date":"2024-02-19T11:54:12","date_gmt":"2024-02-19T10:54:12","guid":{"rendered":"https:\/\/www.lebens-qi.at\/qishop\/produkt\/lavendel-mandarine-fruechteteemischung\/"},"modified":"2026-03-30T10:51:57","modified_gmt":"2026-03-30T08:51:57","slug":"lavendel-mandarine-fruechteteemischung","status":"publish","type":"product","link":"https:\/\/www.lebens-qi.at\/qishop\/produkt\/lavendel-mandarine-fruechteteemischung\/","title":{"rendered":"Lavendel &#8211; Mandarine &#8211; Fr\u00fcchteteemischung"},"content":{"rendered":"<p><b>Extra Qualit\u00e4t!<br \/>\nLavendel &#8211; Mandarine<\/b><br \/>\nFr\u00fcchteteemischung aromatisiert mit \u00e4therischen \u00d6len<\/p>\n<p><strong>Fruchtig<\/strong>-intensives, kaltgepresstes, reines italienisches Mandarinen- und Zitronen\u00f6l, gepaart mit einem Hauch hochwertigen franz\u00f6sischen Lavandin\u00f6ls, umspielen unseren Gaumen und der Duft der Tasse entf\u00fchrt uns sowohl in die Provence als auch nach \u201eBella Italia\u201c. Warum nur eine Reise, wenn man gleich zwei machen kann? Kamillenbl\u00fcten mit hohem Anteil an eigenen \u00e4therischen \u00d6len, sowie <strong>s\u00fc\u00dfe<\/strong> Apfelst\u00fccke und s\u00e4uerlicher Hibiskus sowie weitere hochwertige Zutaten aus biologischem Anbau runden diesen <strong>zart-floralen<\/strong> Citrus-Tee perfekt ab.<b><\/b><\/p>\n<p>10-12 Minuten Ziehzeit<br \/>\n100\u00b0 C Wassertemperatur<br \/>\n4-5 geh\u00e4ufte Teel\u00f6ffel\/1 Liter<\/p>\n<p><em><b>Zutaten:<\/b><br \/>\nApfelst\u00fccke, Hibiskusbl\u00fcten, Hagebuttenschalen, Orangenschalen, Zitronengras, Kamille, Lavendelbl\u00fcten, Ringelblumenbl\u00fcten, Zitronen\u00f6l, Mandarinen\u00f6l, Lavandin\u00f6l<\/em><\/p>\n<p><b>Wichtig: <\/b>Immer mit sprudelnd kochendem Wasser aufgie\u00dfen, mindestens 10 Minuten ziehen lassen! Nur so erhalten Sie ein sicheres Lebensmittel.<\/p>\n<p><b>Inhalt:<\/b><br \/>\n100 g loser Tee in versiegelter Aromat\u00fcte<\/p>\n<p>Zeichnung auf der Etikette von Meli Binder<\/p>\n","protected":false},"excerpt":{"rendered":"<p>mit \u00e4therischen \u00d6len<\/p>\n","protected":false},"featured_media":13691,"comment_status":"open","ping_status":"closed","template":"","meta":{"_links_to":"","_links_to_target":""},"pwb-brand":[434],"product_brand":[],"product_cat":[2815,3017,431],"product_tag":[1913,1919,1711,2092,336,225,344,1872,1730,443,2315,458,275],"class_list":{"0":"post-1780","1":"product","2":"type-product","3":"status-publish","4":"has-post-thumbnail","6":"pwb-brand-lebens-qi-teehaus-qualitaet","7":"product_cat-fruechtetee","8":"product_cat-herbstzeit","9":"product_cat-teehaus-qualitaet","10":"product_tag-apfel","11":"product_tag-fruechtetee","12":"product_tag-hagebutten","13":"product_tag-hibiskus","14":"product_tag-kamille","15":"product_tag-lavendel","16":"product_tag-mandarine","17":"product_tag-orangenschale","18":"product_tag-ringelblume","19":"product_tag-tee","20":"product_tag-teehaus-qualitaet","21":"product_tag-teemischung","22":"product_tag-zitrone","24":"first","25":"instock","26":"taxable","27":"shipping-taxable","28":"purchasable","29":"product-type-simple"},"blog_post_layout_featured_media_urls":{"thumbnail":["https:\/\/www.lebens-qi.at\/qishop\/wp-content\/uploads\/lavendelmandarine-tee-150x150.png",150,150,true],"full":["https:\/\/www.lebens-qi.at\/qishop\/wp-content\/uploads\/lavendelmandarine-tee.png",800,800,false]},"categories":["434"],"categories_names":{"434":{"name":"Teehaus-Qualit\u00e4t vom LEBENS-QI","link":"https:\/\/www.lebens-qi.at\/qishop\/brand\/lebens-qi-teehaus-qualitaet\/"}},"comments_number":"0","brands":[{"id":434,"name":"Teehaus-Qualit\u00e4t vom LEBENS-QI","slug":"lebens-qi-teehaus-qualitaet"}],"_links":{"self":[{"href":"https:\/\/www.lebens-qi.at\/qishop\/wp-json\/wp\/v2\/product\/1780","targetHints":{"allow":["GET"]}}],"collection":[{"href":"https:\/\/www.lebens-qi.at\/qishop\/wp-json\/wp\/v2\/product"}],"about":[{"href":"https:\/\/www.lebens-qi.at\/qishop\/wp-json\/wp\/v2\/types\/product"}],"replies":[{"embeddable":true,"href":"https:\/\/www.lebens-qi.at\/qishop\/wp-json\/wp\/v2\/comments?post=1780"}],"wp:featuredmedia":[{"embeddable":true,"href":"https:\/\/www.lebens-qi.at\/qishop\/wp-json\/wp\/v2\/media\/13691"}],"wp:attachment":[{"href":"https:\/\/www.lebens-qi.at\/qishop\/wp-json\/wp\/v2\/media?parent=1780"}],"wp:term":[{"taxonomy":"pwb-brand","embeddable":true,"href":"https:\/\/www.lebens-qi.at\/qishop\/wp-json\/wp\/v2\/pwb-brand?post=1780"},{"taxonomy":"product_brand","embeddable":true,"href":"https:\/\/www.lebens-qi.at\/qishop\/wp-json\/wp\/v2\/product_brand?post=1780"},{"taxonomy":"product_cat","embeddable":true,"href":"https:\/\/www.lebens-qi.at\/qishop\/wp-json\/wp\/v2\/product_cat?post=1780"},{"taxonomy":"product_tag","embeddable":true,"href":"https:\/\/www.lebens-qi.at\/qishop\/wp-json\/wp\/v2\/product_tag?post=1780"}],"curies":[{"name":"wp","href":"https:\/\/api.w.org\/{rel}","templated":true}]}}