{"id":18022,"date":"2025-12-19T00:44:09","date_gmt":"2025-12-18T23:44:09","guid":{"rendered":"https:\/\/www.lebens-qi.at\/qishop\/?post_type=product&#038;p=18022"},"modified":"2025-12-19T00:57:36","modified_gmt":"2025-12-18T23:57:36","slug":"blume-des-lebens-kork-untersetzer-set","status":"publish","type":"product","link":"https:\/\/www.lebens-qi.at\/qishop\/produkt\/blume-des-lebens-kork-untersetzer-set\/","title":{"rendered":"Blume des Lebens Kork-Untersetzer Set"},"content":{"rendered":"<p><strong>Blume des Lebens Untersetzer aus Kork<\/strong><\/p>\n<p>Ein h\u00fcbsches Naturmaterial verbunden mit einer stark d\u00e4mmenden Wirkung. Diese Untersetzter harmonisieren ihr Umfeld und sind auch f\u00fcr allerlei hei\u00dfe Getr\u00e4nke geeignet.<\/p>\n<p>Set aus 6 St.<br \/>\nGr\u00f6\u00dfe: \u00d8 9 cm<br \/>\nSt\u00e4rke: 0,5 cm<br \/>\nMaterial: Kork<br \/>\nFarbe: natur<br \/>\n<b><em><br \/>\nBlume des Lebens<\/em><\/b><\/p>\n<p>Ein altes Symbol f\u00fcr Harmonie und Energie&#8230;<\/p>\n","protected":false},"excerpt":{"rendered":"<p>6 St\u00fcck mit Lebensblume<\/p>\n","protected":false},"featured_media":18023,"comment_status":"open","ping_status":"closed","template":"","meta":{"_links_to":"","_links_to_target":""},"pwb-brand":[307],"product_brand":[],"product_cat":[582,1487],"product_tag":[308,1180,583],"class_list":{"0":"post-18022","1":"product","2":"type-product","3":"status-publish","4":"has-post-thumbnail","6":"pwb-brand-berk","7":"product_cat-blume-des-lebens-produkte","8":"product_cat-kleine-geschenke-fuer-grosse-freude","9":"product_tag-blume-des-lebens","10":"product_tag-kork","11":"product_tag-untersetzer","13":"first","14":"instock","15":"taxable","16":"shipping-taxable","17":"purchasable","18":"product-type-simple"},"blog_post_layout_featured_media_urls":{"thumbnail":["https:\/\/www.lebens-qi.at\/qishop\/wp-content\/uploads\/bdl-korkuntersetzer-150x150.png",150,150,true],"full":["https:\/\/www.lebens-qi.at\/qishop\/wp-content\/uploads\/bdl-korkuntersetzer.png",800,800,false]},"categories":["307"],"categories_names":{"307":{"name":"Berk","link":"https:\/\/www.lebens-qi.at\/qishop\/brand\/berk\/"}},"comments_number":"0","brands":[{"id":307,"name":"Berk","slug":"berk"}],"_links":{"self":[{"href":"https:\/\/www.lebens-qi.at\/qishop\/wp-json\/wp\/v2\/product\/18022","targetHints":{"allow":["GET"]}}],"collection":[{"href":"https:\/\/www.lebens-qi.at\/qishop\/wp-json\/wp\/v2\/product"}],"about":[{"href":"https:\/\/www.lebens-qi.at\/qishop\/wp-json\/wp\/v2\/types\/product"}],"replies":[{"embeddable":true,"href":"https:\/\/www.lebens-qi.at\/qishop\/wp-json\/wp\/v2\/comments?post=18022"}],"wp:featuredmedia":[{"embeddable":true,"href":"https:\/\/www.lebens-qi.at\/qishop\/wp-json\/wp\/v2\/media\/18023"}],"wp:attachment":[{"href":"https:\/\/www.lebens-qi.at\/qishop\/wp-json\/wp\/v2\/media?parent=18022"}],"wp:term":[{"taxonomy":"pwb-brand","embeddable":true,"href":"https:\/\/www.lebens-qi.at\/qishop\/wp-json\/wp\/v2\/pwb-brand?post=18022"},{"taxonomy":"product_brand","embeddable":true,"href":"https:\/\/www.lebens-qi.at\/qishop\/wp-json\/wp\/v2\/product_brand?post=18022"},{"taxonomy":"product_cat","embeddable":true,"href":"https:\/\/www.lebens-qi.at\/qishop\/wp-json\/wp\/v2\/product_cat?post=18022"},{"taxonomy":"product_tag","embeddable":true,"href":"https:\/\/www.lebens-qi.at\/qishop\/wp-json\/wp\/v2\/product_tag?post=18022"}],"curies":[{"name":"wp","href":"https:\/\/api.w.org\/{rel}","templated":true}]}}