{"id":1805,"date":"2024-02-19T11:54:46","date_gmt":"2024-02-19T10:54:46","guid":{"rendered":"https:\/\/www.lebens-qi.at\/qishop\/produkt\/black-sencha-schwarzteemischung\/"},"modified":"2025-11-15T19:15:03","modified_gmt":"2025-11-15T18:15:03","slug":"black-sencha-schwarzteemischung","status":"publish","type":"product","link":"https:\/\/www.lebens-qi.at\/qishop\/produkt\/black-sencha-schwarzteemischung\/","title":{"rendered":"Black Sencha &#8211; Schwarzteemischung"},"content":{"rendered":"<p><b>Extra Premium Qualit\u00e4t!<br \/>\nBlack Sencha<\/b><br \/>\nSchwarzteemischung aromatisiert mit Ingwer &#8211; Orangen-Note<\/p>\n<p>Ein absolutes Highlight unseres Premiumsortiments ist dieses Black Sencha Schmuckst\u00fcck mit seiner sonnigen Optik und saftigem Spritz. Leuchtende Orangenspalten und gro\u00dfe Ringelblumen lassen diese Kreation erstrahlen. Nat\u00fcrliche Bergamotte- und Orangen\u00f6le sorgen zusammen mit Ingwerst\u00fccken und feinstem Ingwer\u00f6l f\u00fcr ein ausgewogenes, angenehm fruchtig und dezent-scharfes Geschmackserlebnis.<\/p>\n<p>3-5 Minuten Ziehzeit<br \/>\n100\u00b0 C Wassertemperatur<br \/>\n4-5 Teel\u00f6ffel\/1 Liter<\/p>\n<p><em><b>Zutaten:<\/b><br \/>\nschwarzer Tee (58%), Apfelst\u00fccke, Ingwerst\u00fccke, Orangenspalten, Ringelblumen, Orangen\u00f6l, Bergamotte\u00f6l, Ingwer\u00f6l<br \/>\n<\/em><br \/>\n<b>Inhalt:<\/b><br \/>\n100 g loser Tee in versiegelter Aromat\u00fcte<\/p>\n<p>Zeichnung auf der Etikette von Jassi Bis<\/p>\n","protected":false},"excerpt":{"rendered":"<p>Ingwer &#8211; Orange<\/p>\n","protected":false},"featured_media":13661,"comment_status":"open","ping_status":"closed","template":"","meta":{"_links_to":"","_links_to_target":""},"pwb-brand":[434],"product_brand":[],"product_cat":[2809,431],"product_tag":[265,335,365,1730,1502,2317,2315,458],"class_list":{"0":"post-1805","1":"product","2":"type-product","3":"status-publish","4":"has-post-thumbnail","6":"pwb-brand-lebens-qi-teehaus-qualitaet","7":"product_cat-schwarzer-tee","8":"product_cat-teehaus-qualitaet","9":"product_tag-bergamotte","10":"product_tag-ingwer","11":"product_tag-orange","12":"product_tag-ringelblume","13":"product_tag-schwarztee","14":"product_tag-sencha","15":"product_tag-teehaus-qualitaet","16":"product_tag-teemischung","18":"first","19":"instock","20":"taxable","21":"shipping-taxable","22":"purchasable","23":"product-type-simple"},"blog_post_layout_featured_media_urls":{"thumbnail":["https:\/\/www.lebens-qi.at\/qishop\/wp-content\/uploads\/black-sencha-tee-150x150.png",150,150,true],"full":["https:\/\/www.lebens-qi.at\/qishop\/wp-content\/uploads\/black-sencha-tee.png",800,800,false]},"categories":["434"],"categories_names":{"434":{"name":"Teehaus-Qualit\u00e4t vom LEBENS-QI","link":"https:\/\/www.lebens-qi.at\/qishop\/brand\/lebens-qi-teehaus-qualitaet\/"}},"comments_number":"0","brands":[{"id":434,"name":"Teehaus-Qualit\u00e4t vom LEBENS-QI","slug":"lebens-qi-teehaus-qualitaet"}],"_links":{"self":[{"href":"https:\/\/www.lebens-qi.at\/qishop\/wp-json\/wp\/v2\/product\/1805","targetHints":{"allow":["GET"]}}],"collection":[{"href":"https:\/\/www.lebens-qi.at\/qishop\/wp-json\/wp\/v2\/product"}],"about":[{"href":"https:\/\/www.lebens-qi.at\/qishop\/wp-json\/wp\/v2\/types\/product"}],"replies":[{"embeddable":true,"href":"https:\/\/www.lebens-qi.at\/qishop\/wp-json\/wp\/v2\/comments?post=1805"}],"wp:featuredmedia":[{"embeddable":true,"href":"https:\/\/www.lebens-qi.at\/qishop\/wp-json\/wp\/v2\/media\/13661"}],"wp:attachment":[{"href":"https:\/\/www.lebens-qi.at\/qishop\/wp-json\/wp\/v2\/media?parent=1805"}],"wp:term":[{"taxonomy":"pwb-brand","embeddable":true,"href":"https:\/\/www.lebens-qi.at\/qishop\/wp-json\/wp\/v2\/pwb-brand?post=1805"},{"taxonomy":"product_brand","embeddable":true,"href":"https:\/\/www.lebens-qi.at\/qishop\/wp-json\/wp\/v2\/product_brand?post=1805"},{"taxonomy":"product_cat","embeddable":true,"href":"https:\/\/www.lebens-qi.at\/qishop\/wp-json\/wp\/v2\/product_cat?post=1805"},{"taxonomy":"product_tag","embeddable":true,"href":"https:\/\/www.lebens-qi.at\/qishop\/wp-json\/wp\/v2\/product_tag?post=1805"}],"curies":[{"name":"wp","href":"https:\/\/api.w.org\/{rel}","templated":true}]}}