{"id":18104,"date":"2025-12-20T15:52:10","date_gmt":"2025-12-20T14:52:10","guid":{"rendered":"https:\/\/www.lebens-qi.at\/qishop\/produkt\/tropical-hummingbirds-1000-teile-puzzle\/"},"modified":"2026-03-12T23:38:06","modified_gmt":"2026-03-12T22:38:06","slug":"tropical-hummingbirds-1000-teile-puzzle","status":"publish","type":"product","link":"https:\/\/www.lebens-qi.at\/qishop\/produkt\/tropical-hummingbirds-1000-teile-puzzle\/","title":{"rendered":"Tropical Hummingbirds &#8211; 1000 Teile Puzzle"},"content":{"rendered":"<p><b>Farbenfrohes Puzzle mit dem Motiv \u201eTropical Hummingbirds\u201c \u2013 Tropische Kolibris<\/b><\/p>\n<p>Bunte Kolibris schwirren herum und laben sich an tropischen Bl\u00fcten. Schmetterlinge, Libellen, Fr\u00f6sche und andere Tiere tummeln sich bei diesem exotischen Bild vor einem gro\u00dfen Wasserfall.<\/p>\n<p>Teileanzahl: 1000 Teile<br \/>\nBildfl\u00e4che: 69.00 x 47.80 cm<br \/>\nVerpackung: Puzzlekarton<br \/>\nMaterial: Karton<br \/>\nAlter: Puzzle f\u00fcr Erwachsene<\/p>\n<p>Copyright: Jessica White \/ MGL<\/p>\n<p><em><b>Achtung! <\/b>Nicht f\u00fcr Kinder unter 3 Jahren geeignet!<\/em><\/p>\n","protected":false},"excerpt":{"rendered":"<p>Tropische Kolibris<\/p>\n","protected":false},"featured_media":18831,"comment_status":"open","ping_status":"closed","template":"","meta":{"_links_to":"","_links_to_target":""},"pwb-brand":[145],"product_brand":[],"product_cat":[142,3022],"product_tag":[2045,2952,3143,1111,1851,141,2668,1121],"class_list":{"0":"post-18104","1":"product","2":"type-product","3":"status-publish","4":"has-post-thumbnail","6":"pwb-brand-bluebird-puzzle","7":"product_cat-1000-teile","8":"product_cat-sommer-urlaubsfeeling","9":"product_tag-1000-teile","10":"product_tag-frosch","11":"product_tag-jessica-white","12":"product_tag-kolibri","13":"product_tag-libelle","14":"product_tag-puzzle","15":"product_tag-regenwald","16":"product_tag-schmetterlinge","18":"first","19":"instock","20":"sold-individually","21":"taxable","22":"shipping-taxable","23":"purchasable","24":"product-type-simple"},"blog_post_layout_featured_media_urls":{"thumbnail":["https:\/\/www.lebens-qi.at\/qishop\/wp-content\/uploads\/kolibris-puzzle-150x150.png",150,150,true],"full":["https:\/\/www.lebens-qi.at\/qishop\/wp-content\/uploads\/kolibris-puzzle.png",1069,1069,false]},"categories":["145"],"categories_names":{"145":{"name":"Bluebird Puzzle","link":"https:\/\/www.lebens-qi.at\/qishop\/brand\/bluebird-puzzle\/"}},"comments_number":"0","brands":[{"id":145,"name":"Bluebird Puzzle","slug":"bluebird-puzzle"}],"_links":{"self":[{"href":"https:\/\/www.lebens-qi.at\/qishop\/wp-json\/wp\/v2\/product\/18104","targetHints":{"allow":["GET"]}}],"collection":[{"href":"https:\/\/www.lebens-qi.at\/qishop\/wp-json\/wp\/v2\/product"}],"about":[{"href":"https:\/\/www.lebens-qi.at\/qishop\/wp-json\/wp\/v2\/types\/product"}],"replies":[{"embeddable":true,"href":"https:\/\/www.lebens-qi.at\/qishop\/wp-json\/wp\/v2\/comments?post=18104"}],"wp:featuredmedia":[{"embeddable":true,"href":"https:\/\/www.lebens-qi.at\/qishop\/wp-json\/wp\/v2\/media\/18831"}],"wp:attachment":[{"href":"https:\/\/www.lebens-qi.at\/qishop\/wp-json\/wp\/v2\/media?parent=18104"}],"wp:term":[{"taxonomy":"pwb-brand","embeddable":true,"href":"https:\/\/www.lebens-qi.at\/qishop\/wp-json\/wp\/v2\/pwb-brand?post=18104"},{"taxonomy":"product_brand","embeddable":true,"href":"https:\/\/www.lebens-qi.at\/qishop\/wp-json\/wp\/v2\/product_brand?post=18104"},{"taxonomy":"product_cat","embeddable":true,"href":"https:\/\/www.lebens-qi.at\/qishop\/wp-json\/wp\/v2\/product_cat?post=18104"},{"taxonomy":"product_tag","embeddable":true,"href":"https:\/\/www.lebens-qi.at\/qishop\/wp-json\/wp\/v2\/product_tag?post=18104"}],"curies":[{"name":"wp","href":"https:\/\/api.w.org\/{rel}","templated":true}]}}