{"id":18294,"date":"2026-01-20T18:43:29","date_gmt":"2026-01-20T17:43:29","guid":{"rendered":"https:\/\/www.lebens-qi.at\/qishop\/?post_type=product&#038;p=18294"},"modified":"2026-01-20T19:06:18","modified_gmt":"2026-01-20T18:06:18","slug":"weisser-salbei-raeucherkegel","status":"publish","type":"product","link":"https:\/\/www.lebens-qi.at\/qishop\/produkt\/weisser-salbei-raeucherkegel\/","title":{"rendered":"Wei\u00dfer Salbei R\u00e4ucherkegel"},"content":{"rendered":"<p><strong>Wei\u00dfer Salbei R\u00e4ucherkegel<\/strong><em><br \/>\n100 % nat\u00fcrlich<br \/>\n<\/em><\/p>\n<p>Wei\u00dfer Salbei ist f\u00fcr die Ureinwohner Nordamerikas eine der heiligsten Pflanzen. Er reinigt die Atmosph\u00e4re, zieht positive Energien an und kl\u00e4rt unser Bewusstsein.<\/p>\n<h3><span style=\"color: #ffcc00;\">~~~ Holy Smokes R\u00e4ucherpyramiden ~~~<\/span><\/h3>\n<p>Eine Masala-Paste aus nat\u00fcrlichen Zutaten wird per Hand zu Pyramiden-Kegel geformt. Diese strahlen so schon eine mystische Atmosph\u00e4re aus. Lass dich entf\u00fchren in die magische Welt der fabelhaften Duftkreationen!<\/p>\n<p><em>P\u00e4ckchen enth\u00e4lt 8 Pyramiden-Kegel (20 g) und einen kleinen Keramikhalter.<\/em><\/p>\n","protected":false},"excerpt":{"rendered":"<p>naturreine Pyramidenkegel f\u00fcr Reinigung &amp; positive Energie<\/p>\n","protected":false},"featured_media":18297,"comment_status":"open","ping_status":"closed","template":"","meta":{"_links_to":"","_links_to_target":""},"pwb-brand":[307],"product_brand":[],"product_cat":[711],"product_tag":[681,701,2290,676],"class_list":{"0":"post-18294","1":"product","2":"type-product","3":"status-publish","4":"has-post-thumbnail","6":"pwb-brand-berk","7":"product_cat-holy-smokes","8":"product_tag-holy-smokes","9":"product_tag-raeucherkegel","10":"product_tag-raeucherpyramiden","11":"product_tag-weisser-salbei","13":"first","14":"instock","15":"taxable","16":"shipping-taxable","17":"purchasable","18":"product-type-simple"},"blog_post_layout_featured_media_urls":{"thumbnail":["https:\/\/www.lebens-qi.at\/qishop\/wp-content\/uploads\/weisser-salbei-kegel-1-150x150.jpg",150,150,true],"full":["https:\/\/www.lebens-qi.at\/qishop\/wp-content\/uploads\/weisser-salbei-kegel-1.jpg",800,800,false]},"categories":["307"],"categories_names":{"307":{"name":"Berk","link":"https:\/\/www.lebens-qi.at\/qishop\/brand\/berk\/"}},"comments_number":"0","brands":[{"id":307,"name":"Berk","slug":"berk"}],"_links":{"self":[{"href":"https:\/\/www.lebens-qi.at\/qishop\/wp-json\/wp\/v2\/product\/18294","targetHints":{"allow":["GET"]}}],"collection":[{"href":"https:\/\/www.lebens-qi.at\/qishop\/wp-json\/wp\/v2\/product"}],"about":[{"href":"https:\/\/www.lebens-qi.at\/qishop\/wp-json\/wp\/v2\/types\/product"}],"replies":[{"embeddable":true,"href":"https:\/\/www.lebens-qi.at\/qishop\/wp-json\/wp\/v2\/comments?post=18294"}],"wp:featuredmedia":[{"embeddable":true,"href":"https:\/\/www.lebens-qi.at\/qishop\/wp-json\/wp\/v2\/media\/18297"}],"wp:attachment":[{"href":"https:\/\/www.lebens-qi.at\/qishop\/wp-json\/wp\/v2\/media?parent=18294"}],"wp:term":[{"taxonomy":"pwb-brand","embeddable":true,"href":"https:\/\/www.lebens-qi.at\/qishop\/wp-json\/wp\/v2\/pwb-brand?post=18294"},{"taxonomy":"product_brand","embeddable":true,"href":"https:\/\/www.lebens-qi.at\/qishop\/wp-json\/wp\/v2\/product_brand?post=18294"},{"taxonomy":"product_cat","embeddable":true,"href":"https:\/\/www.lebens-qi.at\/qishop\/wp-json\/wp\/v2\/product_cat?post=18294"},{"taxonomy":"product_tag","embeddable":true,"href":"https:\/\/www.lebens-qi.at\/qishop\/wp-json\/wp\/v2\/product_tag?post=18294"}],"curies":[{"name":"wp","href":"https:\/\/api.w.org\/{rel}","templated":true}]}}