{"id":18368,"date":"2026-01-26T22:08:07","date_gmt":"2026-01-26T21:08:07","guid":{"rendered":"https:\/\/www.lebens-qi.at\/qishop\/?post_type=product&#038;p=18368"},"modified":"2026-01-28T12:13:21","modified_gmt":"2026-01-28T11:13:21","slug":"licht-und-schatten-tarot-karten","status":"publish","type":"product","link":"https:\/\/www.lebens-qi.at\/qishop\/produkt\/licht-und-schatten-tarot-karten\/","title":{"rendered":"Licht und Schatten Tarot &#8211; Karten"},"content":{"rendered":"<p><b>Karten: Licht und Schatten Tarot<br \/>\n<\/b>78 Karten mit Begleitbuch<br \/>\n<em>von\u00a0<\/em><em><span class=\"posted_in\">Chris-Anne<\/span><\/em><\/p>\n<p><strong>Abtauchen in die tiefender Seele<\/strong><\/p>\n<p>Wir alle tragen Licht und Schatten in uns, haben aber Scheu, uns den dunklen Seiten unserer Seele zu stellen. Diese von den Arkana der klassischen Tarots inspirierten Karten der K\u00fcnstlerin Chris-Anne zeigen uns unsere verborgenen Sehns\u00fcchte, St\u00e4rken und brachliegende Potenziale. Die lebendigen und wundersch\u00f6n gestalteten Tarot-Karten vermitteln ihre Botschaften derart ausdrucksstark, dass wir intuitiv die Bedeutung der Karten verstehen.<\/p>\n<p>Das Begleitbuch beschreibt verschiedene Legemethoden, erkl\u00e4rt die Bedeutung der 78 Karten sowie deren Licht- und Schattenperspektive.<\/p>\n","protected":false},"excerpt":{"rendered":"<p>78 Karten mit Begleitbuch<\/p>\n","protected":false},"featured_media":18370,"comment_status":"open","ping_status":"closed","template":"","meta":{"_links_to":"","_links_to_target":""},"pwb-brand":[894],"product_brand":[],"product_cat":[892],"product_tag":[3087,667,598,863,3086,889],"class_list":{"0":"post-18368","1":"product","2":"type-product","3":"status-publish","4":"has-post-thumbnail","6":"pwb-brand-irisiana","7":"product_cat-wahrsagekarten","8":"product_tag-chris-anne","9":"product_tag-kartendeck","10":"product_tag-licht","11":"product_tag-orakel","12":"product_tag-schatten","13":"product_tag-tarot","15":"first","16":"instock","17":"taxable","18":"shipping-taxable","19":"purchasable","20":"product-type-simple"},"blog_post_layout_featured_media_urls":{"thumbnail":["https:\/\/www.lebens-qi.at\/qishop\/wp-content\/uploads\/licht-schatten-tarot-cover-150x150.jpg",150,150,true],"full":["https:\/\/www.lebens-qi.at\/qishop\/wp-content\/uploads\/licht-schatten-tarot-cover.jpg",280,280,false]},"categories":["894"],"categories_names":{"894":{"name":"Irisiana","link":"https:\/\/www.lebens-qi.at\/qishop\/brand\/irisiana\/"}},"comments_number":"0","brands":[{"id":894,"name":"Irisiana","slug":"irisiana"}],"_links":{"self":[{"href":"https:\/\/www.lebens-qi.at\/qishop\/wp-json\/wp\/v2\/product\/18368","targetHints":{"allow":["GET"]}}],"collection":[{"href":"https:\/\/www.lebens-qi.at\/qishop\/wp-json\/wp\/v2\/product"}],"about":[{"href":"https:\/\/www.lebens-qi.at\/qishop\/wp-json\/wp\/v2\/types\/product"}],"replies":[{"embeddable":true,"href":"https:\/\/www.lebens-qi.at\/qishop\/wp-json\/wp\/v2\/comments?post=18368"}],"wp:featuredmedia":[{"embeddable":true,"href":"https:\/\/www.lebens-qi.at\/qishop\/wp-json\/wp\/v2\/media\/18370"}],"wp:attachment":[{"href":"https:\/\/www.lebens-qi.at\/qishop\/wp-json\/wp\/v2\/media?parent=18368"}],"wp:term":[{"taxonomy":"pwb-brand","embeddable":true,"href":"https:\/\/www.lebens-qi.at\/qishop\/wp-json\/wp\/v2\/pwb-brand?post=18368"},{"taxonomy":"product_brand","embeddable":true,"href":"https:\/\/www.lebens-qi.at\/qishop\/wp-json\/wp\/v2\/product_brand?post=18368"},{"taxonomy":"product_cat","embeddable":true,"href":"https:\/\/www.lebens-qi.at\/qishop\/wp-json\/wp\/v2\/product_cat?post=18368"},{"taxonomy":"product_tag","embeddable":true,"href":"https:\/\/www.lebens-qi.at\/qishop\/wp-json\/wp\/v2\/product_tag?post=18368"}],"curies":[{"name":"wp","href":"https:\/\/api.w.org\/{rel}","templated":true}]}}