{"id":18375,"date":"2026-01-26T22:46:42","date_gmt":"2026-01-26T21:46:42","guid":{"rendered":"https:\/\/www.lebens-qi.at\/qishop\/?post_type=product&#038;p=18375"},"modified":"2026-01-26T22:58:46","modified_gmt":"2026-01-26T21:58:46","slug":"das-starseed-orakel-karten-set","status":"publish","type":"product","link":"https:\/\/www.lebens-qi.at\/qishop\/produkt\/das-starseed-orakel-karten-set\/","title":{"rendered":"Das Starseed Orakel &#8211; Karten-Set"},"content":{"rendered":"<p><b>Kartenset: Das Starseed Orakel<\/b><br \/>\n53 Karten mit Botschaften und Anleitungen<br \/>\n<em>von Rebecca Campbell, Danielle Noelle<\/em><\/p>\n<p>Hattest du immer schon die Sehnsucht nach einer Heimat, von der du nicht weisst, wo du sie suchen solltest? Oder die Ahnung eines tief in deinem Unterbewusstsein verborgenen Wissens? Wenn ja, bist du vielleicht eine Starseed Seele &#8211; jemand, der vor seiner Zeit auf dieser Erde in einer fr\u00fcheren Inkarnation irgendwo anders im Kosmos gelebt hat.<\/p>\n<p>Die Starseed-Karten helfen dir, deine kosmische Seele zu entdecken und zu ihr zu finden. Jede Karte zeigt dir M\u00f6glichkeiten auf, wie du deine Sehnsucht entschl\u00fcsseln kannst. Sie f\u00fchren dich auf den Weg der Erkenntis, von welchem Stern du urspr\u00fcnglich auf die Erde kamst und was deine Aufgabe hier ist. Wenn du den Botschaften der Karten folgst, bist du auf dem richtigen Weg.<\/p>\n<p>53 Karten durchg\u00e4ngig farbig und ca. 140-seitges Booklet<\/p>\n","protected":false},"excerpt":{"rendered":"<p>53 Orakelkarten mit Botschaften und Anleitung<\/p>\n","protected":false},"featured_media":18376,"comment_status":"open","ping_status":"closed","template":"","meta":{"_links_to":"","_links_to_target":""},"pwb-brand":[828],"product_brand":[],"product_cat":[862],"product_tag":[873,667,863,1628,877],"class_list":{"0":"post-18375","1":"product","2":"type-product","3":"status-publish","4":"has-post-thumbnail","6":"pwb-brand-koenigsfurt-urania","7":"product_cat-impulskarten","8":"product_tag-botschaften","9":"product_tag-kartendeck","10":"product_tag-orakel","11":"product_tag-rebecca-campbell","12":"product_tag-starseeds","14":"first","15":"instock","16":"taxable","17":"shipping-taxable","18":"purchasable","19":"product-type-simple"},"blog_post_layout_featured_media_urls":{"thumbnail":["https:\/\/www.lebens-qi.at\/qishop\/wp-content\/uploads\/starseed-orakel-150x150.jpg",150,150,true],"full":["https:\/\/www.lebens-qi.at\/qishop\/wp-content\/uploads\/starseed-orakel.jpg",747,747,false]},"categories":["828"],"categories_names":{"828":{"name":"K\u00f6nigsfurt Urania","link":"https:\/\/www.lebens-qi.at\/qishop\/brand\/koenigsfurt-urania\/"}},"comments_number":"0","brands":[{"id":828,"name":"K\u00f6nigsfurt Urania","slug":"koenigsfurt-urania"}],"_links":{"self":[{"href":"https:\/\/www.lebens-qi.at\/qishop\/wp-json\/wp\/v2\/product\/18375","targetHints":{"allow":["GET"]}}],"collection":[{"href":"https:\/\/www.lebens-qi.at\/qishop\/wp-json\/wp\/v2\/product"}],"about":[{"href":"https:\/\/www.lebens-qi.at\/qishop\/wp-json\/wp\/v2\/types\/product"}],"replies":[{"embeddable":true,"href":"https:\/\/www.lebens-qi.at\/qishop\/wp-json\/wp\/v2\/comments?post=18375"}],"wp:featuredmedia":[{"embeddable":true,"href":"https:\/\/www.lebens-qi.at\/qishop\/wp-json\/wp\/v2\/media\/18376"}],"wp:attachment":[{"href":"https:\/\/www.lebens-qi.at\/qishop\/wp-json\/wp\/v2\/media?parent=18375"}],"wp:term":[{"taxonomy":"pwb-brand","embeddable":true,"href":"https:\/\/www.lebens-qi.at\/qishop\/wp-json\/wp\/v2\/pwb-brand?post=18375"},{"taxonomy":"product_brand","embeddable":true,"href":"https:\/\/www.lebens-qi.at\/qishop\/wp-json\/wp\/v2\/product_brand?post=18375"},{"taxonomy":"product_cat","embeddable":true,"href":"https:\/\/www.lebens-qi.at\/qishop\/wp-json\/wp\/v2\/product_cat?post=18375"},{"taxonomy":"product_tag","embeddable":true,"href":"https:\/\/www.lebens-qi.at\/qishop\/wp-json\/wp\/v2\/product_tag?post=18375"}],"curies":[{"name":"wp","href":"https:\/\/api.w.org\/{rel}","templated":true}]}}