{"id":18437,"date":"2026-02-05T22:28:59","date_gmt":"2026-02-05T21:28:59","guid":{"rendered":"https:\/\/www.lebens-qi.at\/qishop\/?post_type=product&#038;p=18437"},"modified":"2026-02-05T23:00:42","modified_gmt":"2026-02-05T22:00:42","slug":"kleeblatt-schluesselanhaenger-little-stories","status":"publish","type":"product","link":"https:\/\/www.lebens-qi.at\/qishop\/produkt\/kleeblatt-schluesselanhaenger-little-stories\/","title":{"rendered":"Kleeblatt &#8211; Schl\u00fcsselanh\u00e4nger &#8222;little stories&#8220;"},"content":{"rendered":"<p><strong>Kleeblatt<\/strong><br \/>\nSymbol mit Bedeutung &#8211; Emaille-veredelter Schl\u00fcsselanh\u00e4nger mit einem kleinen Kleeblatt-Charm und den Worten<br \/>\n&#8222;Lucky clover for good luck.&#8220;<\/p>\n<p>Die zauberhaften Schl\u00fcsselanh\u00e4nger <b>little stories<\/b>\u00a0begeistern mit liebevoll gestalteten Emaille-Anh\u00e4ngern. Sechs einzigartige Symbole bieten eine vielf\u00e4ltige Auswahl. Jeder Schl\u00fcsselanh\u00e4nger wird von einer Karte mit einem pers\u00f6nlichen Spruch begleitet, der ihre Bedeutung unterstreicht.<\/p>\n<p><b>Material:<\/b> Metall nickelallergiefrei mit Emaille<br \/>\n<b>Farbe: <\/b>gold, Emaille gr\u00fcn<br \/>\n<b>Gr\u00f6\u00dfe:<\/b> \u00f8 3,2 cm<br \/>\n<strong>Gesamtl\u00e4nge:<\/strong> ca. 7 cm<\/p>\n<p><em><strong>Hinweis:<\/strong> Lieferumfang ein Schl\u00fcsselanh\u00e4nger<\/em><\/p>\n","protected":false},"excerpt":{"rendered":"<p>mit kleinem Kleeblatt-Charm<\/p>\n","protected":false},"featured_media":18438,"comment_status":"open","ping_status":"closed","template":"","meta":{"_links_to":"","_links_to_target":""},"pwb-brand":[3038],"product_brand":[],"product_cat":[1487],"product_tag":[595,1484,1588,3096,1752],"class_list":{"0":"post-18437","1":"product","2":"type-product","3":"status-publish","4":"has-post-thumbnail","6":"pwb-brand-hca","7":"product_cat-kleine-geschenke-fuer-grosse-freude","8":"product_tag-glueck","9":"product_tag-gluecksbringer","10":"product_tag-kleeblatt","11":"product_tag-little-stories","12":"product_tag-schluesselanhaenger","14":"first","15":"instock","16":"taxable","17":"shipping-taxable","18":"purchasable","19":"product-type-simple"},"blog_post_layout_featured_media_urls":{"thumbnail":["https:\/\/www.lebens-qi.at\/qishop\/wp-content\/uploads\/608247-frei_kleeblatt-150x150.jpg",150,150,true],"full":["https:\/\/www.lebens-qi.at\/qishop\/wp-content\/uploads\/608247-frei_kleeblatt.jpg",800,800,false]},"categories":["3038"],"categories_names":{"3038":{"name":"hca","link":"https:\/\/www.lebens-qi.at\/qishop\/brand\/hca\/"}},"comments_number":"0","brands":[{"id":3038,"name":"hca","slug":"hca"}],"_links":{"self":[{"href":"https:\/\/www.lebens-qi.at\/qishop\/wp-json\/wp\/v2\/product\/18437","targetHints":{"allow":["GET"]}}],"collection":[{"href":"https:\/\/www.lebens-qi.at\/qishop\/wp-json\/wp\/v2\/product"}],"about":[{"href":"https:\/\/www.lebens-qi.at\/qishop\/wp-json\/wp\/v2\/types\/product"}],"replies":[{"embeddable":true,"href":"https:\/\/www.lebens-qi.at\/qishop\/wp-json\/wp\/v2\/comments?post=18437"}],"wp:featuredmedia":[{"embeddable":true,"href":"https:\/\/www.lebens-qi.at\/qishop\/wp-json\/wp\/v2\/media\/18438"}],"wp:attachment":[{"href":"https:\/\/www.lebens-qi.at\/qishop\/wp-json\/wp\/v2\/media?parent=18437"}],"wp:term":[{"taxonomy":"pwb-brand","embeddable":true,"href":"https:\/\/www.lebens-qi.at\/qishop\/wp-json\/wp\/v2\/pwb-brand?post=18437"},{"taxonomy":"product_brand","embeddable":true,"href":"https:\/\/www.lebens-qi.at\/qishop\/wp-json\/wp\/v2\/product_brand?post=18437"},{"taxonomy":"product_cat","embeddable":true,"href":"https:\/\/www.lebens-qi.at\/qishop\/wp-json\/wp\/v2\/product_cat?post=18437"},{"taxonomy":"product_tag","embeddable":true,"href":"https:\/\/www.lebens-qi.at\/qishop\/wp-json\/wp\/v2\/product_tag?post=18437"}],"curies":[{"name":"wp","href":"https:\/\/api.w.org\/{rel}","templated":true}]}}