{"id":18477,"date":"2026-02-06T14:44:45","date_gmt":"2026-02-06T13:44:45","guid":{"rendered":"https:\/\/www.lebens-qi.at\/qishop\/?post_type=product&#038;p=18477"},"modified":"2026-02-12T16:28:47","modified_gmt":"2026-02-12T15:28:47","slug":"bio-belugalinsen","status":"publish","type":"product","link":"https:\/\/www.lebens-qi.at\/qishop\/produkt\/bio-belugalinsen\/","title":{"rendered":"Bio Belugalinsen"},"content":{"rendered":"<p><b>Bio Belugalinsen<\/b><br \/>\nvom Biohof Holzbauer aus Sch\u00f6nfeld im Marchfeld<\/p>\n<p>Belugalinsen gelten als das Highlight unter den H\u00fclsenfr\u00fcchten. Sie sind reich an Eiwei\u00df, Ballaststoffen und B-Vitaminen und enthalten kaum Fett. Sie werden als Proteinquelle sehr gesch\u00e4tzt und sind daher auch top f\u00fcr die vegane\/vegetarische Ern\u00e4hrung.<\/p>\n<p>Inhalt: 500 g<\/p>\n<p>Die Bio Belugalinsen eignen sich hervorragend f\u00fcr Eint\u00f6pfe, Salate und als Beilage, da sie sich im Gegensatz zu anderen Linsensorten nicht zerkochen, sondern eine festere Konsistenz bewahren. Auch die dunkle Farbe geht durch das Kochen nicht verloren.<\/p>\n<p><em><strong>\u00dcber den Hersteller: Biohof Holzbauer &#8211; Marchfelder Bio Kr\u00e4uter<\/strong><\/em><\/p>\n<p><em>&#8222;Wir sind ein Familienbetrieb und es leben drei Generationen auf unserem Hof. Aufgrund der biologischen Wirtschaftsweise und des Kr\u00e4uteranbaus ist jeder der drei Generationen gefordert mitzuhelfen. Unsere Produkte werden biologisch produziert und auch in der Verarbeitung setzen wir auf h\u00f6chsten biologischen Standard. Das beginnt damit, dass wir unsere Pflanzen teilweise selbst vorziehen und geht mit der schonenden Trocknung der Kr\u00e4uter direkt auf unserem Betrieb weiter. Wir versuchen unsere Energie und unsere Freude im Umgang mit den Pflanzen bis in die Verpackung zu bringen. Auf jeden Fall k\u00f6nnen Sie davon ausgehen, dass wir unser Bestes f\u00fcr die von uns angebotenen Bio-Kr\u00e4uter geben.&#8220;<\/em><\/p>\n","protected":false},"excerpt":{"rendered":"<p>aus Sch\u00f6nfeld im Marchfeld<\/p>\n","protected":false},"featured_media":18478,"comment_status":"open","ping_status":"closed","template":"","meta":{"_links_to":"","_links_to_target":""},"pwb-brand":[3105],"product_brand":[],"product_cat":[1760],"product_tag":[3102,3101,1893],"class_list":{"0":"post-18477","1":"product","2":"type-product","3":"status-publish","4":"has-post-thumbnail","6":"pwb-brand-biohof-holzbauer","7":"product_cat-marchfelder-genusseck","8":"product_tag-belugalinsen","9":"product_tag-linsen","10":"product_tag-marchfeld","11":"pa_herkunft-oesterreich","13":"first","14":"instock","15":"taxable","16":"shipping-taxable","17":"purchasable","18":"product-type-simple"},"blog_post_layout_featured_media_urls":{"thumbnail":["https:\/\/www.lebens-qi.at\/qishop\/wp-content\/uploads\/belugalinsen-150x150.png",150,150,true],"full":["https:\/\/www.lebens-qi.at\/qishop\/wp-content\/uploads\/belugalinsen.png",800,800,false]},"categories":["3105"],"categories_names":{"3105":{"name":"Biohof Holzbauer","link":"https:\/\/www.lebens-qi.at\/qishop\/brand\/biohof-holzbauer\/"}},"comments_number":"0","brands":[{"id":3105,"name":"Biohof Holzbauer","slug":"biohof-holzbauer"}],"_links":{"self":[{"href":"https:\/\/www.lebens-qi.at\/qishop\/wp-json\/wp\/v2\/product\/18477","targetHints":{"allow":["GET"]}}],"collection":[{"href":"https:\/\/www.lebens-qi.at\/qishop\/wp-json\/wp\/v2\/product"}],"about":[{"href":"https:\/\/www.lebens-qi.at\/qishop\/wp-json\/wp\/v2\/types\/product"}],"replies":[{"embeddable":true,"href":"https:\/\/www.lebens-qi.at\/qishop\/wp-json\/wp\/v2\/comments?post=18477"}],"wp:featuredmedia":[{"embeddable":true,"href":"https:\/\/www.lebens-qi.at\/qishop\/wp-json\/wp\/v2\/media\/18478"}],"wp:attachment":[{"href":"https:\/\/www.lebens-qi.at\/qishop\/wp-json\/wp\/v2\/media?parent=18477"}],"wp:term":[{"taxonomy":"pwb-brand","embeddable":true,"href":"https:\/\/www.lebens-qi.at\/qishop\/wp-json\/wp\/v2\/pwb-brand?post=18477"},{"taxonomy":"product_brand","embeddable":true,"href":"https:\/\/www.lebens-qi.at\/qishop\/wp-json\/wp\/v2\/product_brand?post=18477"},{"taxonomy":"product_cat","embeddable":true,"href":"https:\/\/www.lebens-qi.at\/qishop\/wp-json\/wp\/v2\/product_cat?post=18477"},{"taxonomy":"product_tag","embeddable":true,"href":"https:\/\/www.lebens-qi.at\/qishop\/wp-json\/wp\/v2\/product_tag?post=18477"}],"curies":[{"name":"wp","href":"https:\/\/api.w.org\/{rel}","templated":true}]}}