{"id":18737,"date":"2026-03-09T14:57:44","date_gmt":"2026-03-09T13:57:44","guid":{"rendered":"https:\/\/www.lebens-qi.at\/qishop\/?post_type=product&#038;p=18737"},"modified":"2026-03-16T10:55:39","modified_gmt":"2026-03-16T09:55:39","slug":"mond-armband-little-companion","status":"publish","type":"product","link":"https:\/\/www.lebens-qi.at\/qishop\/produkt\/mond-armband-little-companion\/","title":{"rendered":"Mond &#8211; Armband &#8222;Little Companion&#8220;"},"content":{"rendered":"<div class=\"content--description\">\n<div class=\"product--description\">\n<p><strong>Mond<\/strong><br \/>\nZartes Armband mit vergoldetem Mondsichel-Symbol. Durch das elastische Band und die verstellbaren Knoten ist das Armband flexibel in der L\u00e4nge verstellbar.<\/p>\n<p>TO THE MOON AND BACK &#8211; Zum Mond und zur\u00fcck<br \/>\n<em>&#8222;I love you to the moon and back.&#8220; &#8211; Ich liebe dich bis zum Mond und zur\u00fcck.<\/em><\/p>\n<p><strong>Little Companion:<\/strong> Ein kleiner Begleiter mit gro\u00dfer Bedeutung \u2013 dieses stilvolle Armband vereint Schlichtheit und Symbolkraft. Das elastische Textilband sorgt f\u00fcr einen angenehmen Tragekomfort und passt sich m\u00fchelos jedem Handgelenk an. Im Mittelpunkt steht ein feines Symbol aus hochwertigem Edelstahl, das dezent gl\u00e4nzt und dem Armband eine edle Note verleiht. Ob als t\u00e4glicher Gl\u00fccksbringer, Zeichen der Verbundenheit oder schlichtes Accessoire, dieses Armband ist ein vielseitiger Begleiter f\u00fcr jeden Tag. Jedes Armband wird von einer Karte mit einem pers\u00f6nlichen Spruch begleitet, auf der R\u00fcckseite ist Platz f\u00fcr eine pers\u00f6nliche Widmung<\/p>\n<p><b>Material:<\/b> Edelstahl vergoldet \u2013 nickelallergiefrei<br \/>\n<b>Farbe: <\/b>Symbol gold, Band dunkelblau<br \/>\n<b>Gr\u00f6\u00dfe:<\/b> vom Symbol ca. 1,1 x 0,8 cm<br \/>\n<strong>L\u00e4nge:<\/strong> verstellbar<\/p>\n<p><em><strong>Hinweis:<\/strong> Lieferumfang ein Armband auf Karte<\/em><\/p>\n<\/div>\n<\/div>\n","protected":false},"excerpt":{"rendered":"<p>To the moon and back.<\/p>\n","protected":false},"featured_media":18739,"comment_status":"open","ping_status":"closed","template":"","meta":{"_links_to":"","_links_to_target":""},"pwb-brand":[3038],"product_brand":[],"product_cat":[1011,3042],"product_tag":[1223,784,174,3098,747,118,2539],"class_list":{"0":"post-18737","1":"product","2":"type-product","3":"status-publish","4":"has-post-thumbnail","6":"pwb-brand-hca","7":"product_cat-symbolschmuck","8":"product_cat-zarte-symbolarmbaender","9":"product_tag-armband","10":"product_tag-edelstahl","11":"product_tag-liebe","12":"product_tag-little-companion","13":"product_tag-mond","14":"product_tag-schmuck","15":"product_tag-vergoldet","17":"first","18":"instock","19":"taxable","20":"shipping-taxable","21":"purchasable","22":"product-type-simple"},"blog_post_layout_featured_media_urls":{"thumbnail":["https:\/\/www.lebens-qi.at\/qishop\/wp-content\/uploads\/608193-frei_mond-150x150.jpg",150,150,true],"full":["https:\/\/www.lebens-qi.at\/qishop\/wp-content\/uploads\/608193-frei_mond.jpg",800,800,false]},"categories":["3038"],"categories_names":{"3038":{"name":"hca","link":"https:\/\/www.lebens-qi.at\/qishop\/brand\/hca\/"}},"comments_number":"0","brands":[{"id":3038,"name":"hca","slug":"hca"}],"_links":{"self":[{"href":"https:\/\/www.lebens-qi.at\/qishop\/wp-json\/wp\/v2\/product\/18737","targetHints":{"allow":["GET"]}}],"collection":[{"href":"https:\/\/www.lebens-qi.at\/qishop\/wp-json\/wp\/v2\/product"}],"about":[{"href":"https:\/\/www.lebens-qi.at\/qishop\/wp-json\/wp\/v2\/types\/product"}],"replies":[{"embeddable":true,"href":"https:\/\/www.lebens-qi.at\/qishop\/wp-json\/wp\/v2\/comments?post=18737"}],"wp:featuredmedia":[{"embeddable":true,"href":"https:\/\/www.lebens-qi.at\/qishop\/wp-json\/wp\/v2\/media\/18739"}],"wp:attachment":[{"href":"https:\/\/www.lebens-qi.at\/qishop\/wp-json\/wp\/v2\/media?parent=18737"}],"wp:term":[{"taxonomy":"pwb-brand","embeddable":true,"href":"https:\/\/www.lebens-qi.at\/qishop\/wp-json\/wp\/v2\/pwb-brand?post=18737"},{"taxonomy":"product_brand","embeddable":true,"href":"https:\/\/www.lebens-qi.at\/qishop\/wp-json\/wp\/v2\/product_brand?post=18737"},{"taxonomy":"product_cat","embeddable":true,"href":"https:\/\/www.lebens-qi.at\/qishop\/wp-json\/wp\/v2\/product_cat?post=18737"},{"taxonomy":"product_tag","embeddable":true,"href":"https:\/\/www.lebens-qi.at\/qishop\/wp-json\/wp\/v2\/product_tag?post=18737"}],"curies":[{"name":"wp","href":"https:\/\/api.w.org\/{rel}","templated":true}]}}