{"id":1879,"date":"2024-02-19T11:56:15","date_gmt":"2024-02-19T10:56:15","guid":{"rendered":"https:\/\/www.lebens-qi.at\/qishop\/produkt\/taste-of-india-hathikuli\/"},"modified":"2025-04-09T11:41:12","modified_gmt":"2025-04-09T09:41:12","slug":"taste-of-india-hathikuli","status":"publish","type":"product","link":"https:\/\/www.lebens-qi.at\/qishop\/produkt\/taste-of-india-hathikuli\/","title":{"rendered":"Taste of India &#8211; Hathikuli"},"content":{"rendered":"<p><b>Extra Qualit\u00e4t!<br \/>\nHathikuli<\/b><br \/>\nSchwarztee aus Indien<\/p>\n<p>Das <strong>Hathikuli Tea Estate<\/strong> kultiviert im Assam Valley s\u00fcdlich des Bramaputhra Flusses auff\u00e4llig sch\u00f6ne Tees.<br \/>\nDer Name \u201cHathikuli\u201d setzt sich aus den Begriffen \u201eHati\u201c fur \u201eElefant\u201c und \u201eKul\u201c, was \u201eh\u00e4ufig\u201c bedeutet, zusammen. Das Gebiet, auf dem sich der \u201eHathikuli\u201c Teegarten befindet, liegt nahe dem Kaziranga National Park und wird regelm\u00e4\u00dfig von Elefanten durchstreift.<\/p>\n<p>Von unserem Teelieferanten wurde dieser Broken ausgesucht, weil er mit seiner h\u00fcbschen, groben Optik und seinem malzigen, leicht brotigem Aroma einfach \u00fcberzeugt hat. <b>Erfreuen Sie sich an seiner leuchtend kupferfarbenen Tassenfarbe mit kr\u00e4ftig-w\u00fcrzigem Duft.<\/b><\/p>\n<p>3-5 Minuten Ziehzeit<br \/>\n100\u00b0 C Wassertemperatur<br \/>\n4-5 gestrichene Teel\u00f6ffel\/1 Liter<\/p>\n<p><em><b>Zutaten:<\/b><br \/>\nschwarzer Tee<\/em><\/p>\n<p><b>Inhalt:<\/b><br \/>\n100 g loser Tee in versiegelter Aromat\u00fcte<\/p>\n<p>Bild auf der Etikette von Jassi Bis<\/p>\n","protected":false},"excerpt":{"rendered":"<p>indischer Assam Schwarztee<\/p>\n","protected":false},"featured_media":13818,"comment_status":"open","ping_status":"closed","template":"","meta":{"_links_to":"","_links_to_target":""},"pwb-brand":[434],"product_brand":[],"product_cat":[2809,435],"product_tag":[1838,735,2345,1503,656,1502,1504,443,2315],"class_list":{"0":"post-1879","1":"product","2":"type-product","3":"status-publish","4":"has-post-thumbnail","6":"pwb-brand-lebens-qi-teehaus-qualitaet","7":"product_cat-schwarzer-tee","8":"product_cat-taste-of","9":"product_tag-assam","10":"product_tag-elefant","11":"product_tag-indien","12":"product_tag-lose","13":"product_tag-pur","14":"product_tag-schwarztee","15":"product_tag-spezialitaet","16":"product_tag-tee","17":"product_tag-teehaus-qualitaet","19":"first","20":"instock","21":"taxable","22":"shipping-taxable","23":"purchasable","24":"product-type-simple"},"blog_post_layout_featured_media_urls":{"thumbnail":["https:\/\/www.lebens-qi.at\/qishop\/wp-content\/uploads\/hathikuli-tee-150x150.png",150,150,true],"full":["https:\/\/www.lebens-qi.at\/qishop\/wp-content\/uploads\/hathikuli-tee.png",800,800,false]},"categories":["434"],"categories_names":{"434":{"name":"Teehaus-Qualit\u00e4t vom LEBENS-QI","link":"https:\/\/www.lebens-qi.at\/qishop\/brand\/lebens-qi-teehaus-qualitaet\/"}},"comments_number":"0","brands":[{"id":434,"name":"Teehaus-Qualit\u00e4t vom LEBENS-QI","slug":"lebens-qi-teehaus-qualitaet"}],"_links":{"self":[{"href":"https:\/\/www.lebens-qi.at\/qishop\/wp-json\/wp\/v2\/product\/1879","targetHints":{"allow":["GET"]}}],"collection":[{"href":"https:\/\/www.lebens-qi.at\/qishop\/wp-json\/wp\/v2\/product"}],"about":[{"href":"https:\/\/www.lebens-qi.at\/qishop\/wp-json\/wp\/v2\/types\/product"}],"replies":[{"embeddable":true,"href":"https:\/\/www.lebens-qi.at\/qishop\/wp-json\/wp\/v2\/comments?post=1879"}],"wp:featuredmedia":[{"embeddable":true,"href":"https:\/\/www.lebens-qi.at\/qishop\/wp-json\/wp\/v2\/media\/13818"}],"wp:attachment":[{"href":"https:\/\/www.lebens-qi.at\/qishop\/wp-json\/wp\/v2\/media?parent=1879"}],"wp:term":[{"taxonomy":"pwb-brand","embeddable":true,"href":"https:\/\/www.lebens-qi.at\/qishop\/wp-json\/wp\/v2\/pwb-brand?post=1879"},{"taxonomy":"product_brand","embeddable":true,"href":"https:\/\/www.lebens-qi.at\/qishop\/wp-json\/wp\/v2\/product_brand?post=1879"},{"taxonomy":"product_cat","embeddable":true,"href":"https:\/\/www.lebens-qi.at\/qishop\/wp-json\/wp\/v2\/product_cat?post=1879"},{"taxonomy":"product_tag","embeddable":true,"href":"https:\/\/www.lebens-qi.at\/qishop\/wp-json\/wp\/v2\/product_tag?post=1879"}],"curies":[{"name":"wp","href":"https:\/\/api.w.org\/{rel}","templated":true}]}}