{"id":18811,"date":"2026-03-11T13:37:22","date_gmt":"2026-03-11T12:37:22","guid":{"rendered":"https:\/\/www.lebens-qi.at\/qishop\/?post_type=product&#038;p=18811"},"modified":"2026-04-07T11:03:42","modified_gmt":"2026-04-07T09:03:42","slug":"mondgoettin-mit-chakrasteinen-suncatcher","status":"publish","type":"product","link":"https:\/\/www.lebens-qi.at\/qishop\/produkt\/mondgoettin-mit-chakrasteinen-suncatcher\/","title":{"rendered":"Mondg\u00f6ttin mit Chakrasteinen Suncatcher"},"content":{"rendered":"<div class=\"prod-desc-container expandable expanded\">\n<div class=\"prod-desc-wrapper\">\n<div class=\"product-long-description\">\n<p data-start=\"116\" data-end=\"402\">Dieser Suncatcher besteht aus einem kupferfarbenen Metallrahmen in Form einer weiblichen Figur, welche symbolisch oberhalb des Kopfes den Mond ber\u00fchrt. Blickfang sind die ungeschliffenen Steine in Chakrafarben<\/p>\n<p data-start=\"404\" data-end=\"561\">Unterhalb der Figur ist ein Roter Jaspis befestigt. Er steht f\u00fcr das Wurzelchakra und damit f\u00fcr Erdung, Kraft, St\u00e4rke. Oberhalb der Figur, im &#8222;Mond&#8220; ist ein Amethyst. Er steht f\u00fcr das Kronenchakra und df\u00fcr Spiritualit\u00e4t. Innerhalb der Figur sind von unten nach oben folgende Steinsorten angeordnet: Aventurin orange, Aventurin gelb, Aventurin gr\u00fcn, Angelit (Anhydrit) und Sodalith<\/p>\n<\/div>\n<\/div>\n<\/div>\n<p>Farbe: kupfer, bunt<br \/>\nGr\u00f6\u00dfe: ca. 47 x 8 cm<\/p>\n","protected":false},"excerpt":{"rendered":"<p>mit Rohsteinen in Chakrafarben<\/p>\n","protected":false},"featured_media":18812,"comment_status":"open","ping_status":"closed","template":"","meta":{"_links_to":"","_links_to_target":""},"pwb-brand":[276],"product_brand":[],"product_cat":[3168,1224],"product_tag":[2028,446,511,1558,1225,868],"class_list":{"0":"post-18811","1":"product","2":"type-product","3":"status-publish","4":"has-post-thumbnail","6":"pwb-brand-mani-bhadra-phoenix-import","7":"product_cat-fuer-goettinnen-weibliche-kraft","8":"product_cat-suncatcher","9":"product_tag-chakrasteine","10":"product_tag-chakren","11":"product_tag-goettin","12":"product_tag-mondgoettin","13":"product_tag-suncatcher","14":"product_tag-weiblichkeit","15":"pa_herkunft-indien","17":"first","18":"instock","19":"taxable","20":"shipping-taxable","21":"purchasable","22":"product-type-simple"},"blog_post_layout_featured_media_urls":{"thumbnail":["https:\/\/www.lebens-qi.at\/qishop\/wp-content\/uploads\/6294-goettin-150x150.jpg",150,150,true],"full":["https:\/\/www.lebens-qi.at\/qishop\/wp-content\/uploads\/6294-goettin.jpg",800,800,false]},"categories":["276"],"categories_names":{"276":{"name":"Mani Bhadra - Phoenix Import","link":"https:\/\/www.lebens-qi.at\/qishop\/brand\/mani-bhadra-phoenix-import\/"}},"comments_number":"0","brands":[{"id":276,"name":"Mani Bhadra - Phoenix Import","slug":"mani-bhadra-phoenix-import"}],"_links":{"self":[{"href":"https:\/\/www.lebens-qi.at\/qishop\/wp-json\/wp\/v2\/product\/18811","targetHints":{"allow":["GET"]}}],"collection":[{"href":"https:\/\/www.lebens-qi.at\/qishop\/wp-json\/wp\/v2\/product"}],"about":[{"href":"https:\/\/www.lebens-qi.at\/qishop\/wp-json\/wp\/v2\/types\/product"}],"replies":[{"embeddable":true,"href":"https:\/\/www.lebens-qi.at\/qishop\/wp-json\/wp\/v2\/comments?post=18811"}],"wp:featuredmedia":[{"embeddable":true,"href":"https:\/\/www.lebens-qi.at\/qishop\/wp-json\/wp\/v2\/media\/18812"}],"wp:attachment":[{"href":"https:\/\/www.lebens-qi.at\/qishop\/wp-json\/wp\/v2\/media?parent=18811"}],"wp:term":[{"taxonomy":"pwb-brand","embeddable":true,"href":"https:\/\/www.lebens-qi.at\/qishop\/wp-json\/wp\/v2\/pwb-brand?post=18811"},{"taxonomy":"product_brand","embeddable":true,"href":"https:\/\/www.lebens-qi.at\/qishop\/wp-json\/wp\/v2\/product_brand?post=18811"},{"taxonomy":"product_cat","embeddable":true,"href":"https:\/\/www.lebens-qi.at\/qishop\/wp-json\/wp\/v2\/product_cat?post=18811"},{"taxonomy":"product_tag","embeddable":true,"href":"https:\/\/www.lebens-qi.at\/qishop\/wp-json\/wp\/v2\/product_tag?post=18811"}],"curies":[{"name":"wp","href":"https:\/\/api.w.org\/{rel}","templated":true}]}}