{"id":1895,"date":"2024-02-19T11:56:39","date_gmt":"2024-02-19T10:56:39","guid":{"rendered":"https:\/\/www.lebens-qi.at\/qishop\/produkt\/taste-of-nepal-shangri-la\/"},"modified":"2025-04-08T18:29:35","modified_gmt":"2025-04-08T16:29:35","slug":"taste-of-nepal-shangri-la","status":"publish","type":"product","link":"https:\/\/www.lebens-qi.at\/qishop\/produkt\/taste-of-nepal-shangri-la\/","title":{"rendered":"Taste of Nepal &#8211; Shangri-La"},"content":{"rendered":"<p><b>RARIT\u00c4T in extra Qualit\u00e4t!<br \/>\nShangri-La<\/b><br \/>\nWei\u00dfer Tee aus Nepal<\/p>\n<p>Dieses pr\u00e4chtige Kleinod wird <b>in H\u00f6henlagen von 1.200 bis 2.100 Metern kultiviert und in Handarbeit produziert<\/b>.<\/p>\n<p>Im Gegensatz zu vielen anderen sehr leichten wei\u00dfen Tees, \u00fcberrascht dieser wei\u00dfe Tee nach dem Aufguss mit etwas K\u00f6rper und wartet <b>mit au\u00dfergew\u00f6hnlichen Geschmacksnuancen<\/b> auf. Leichte Ankl\u00e4nge eleganter floraler Noten spielen mit weichen, fruchtigen Zitrus-Texturen. Superb!<br \/>\nDas Blatt, sehr ausdrucksvoll, ist anthrazitfarben mit vielen flauschigen silbernen Blattknospen. <b>Nur etwas f\u00fcr Tee Gourmets!<\/b><\/p>\n<p>1-3 Minuten Ziehzeit<br \/>\n75-80\u00b0 C Wassertemperatur<br \/>\n4-5 geh\u00e4ufte Teel\u00f6ffel\/1 Liter<\/p>\n<p><em><b>Zutaten:<\/b><br \/>\nwei\u00dfer Tee<\/em><\/p>\n<p><b>Inhalt:<\/b><br \/>\n50 g loser Tee in versiegelter Aromat\u00fcte<\/p>\n<p>Zeichnung auf der Etikette von Jassi Bis<\/p>\n","protected":false},"excerpt":{"rendered":"<p>nepalesischer Wei\u00dfer Tee<\/p>\n","protected":false},"featured_media":13726,"comment_status":"open","ping_status":"closed","template":"","meta":{"_links_to":"","_links_to_target":""},"pwb-brand":[434],"product_brand":[],"product_cat":[435,2812],"product_tag":[452,656,1665,1504,443,2315,451],"class_list":{"0":"post-1895","1":"product","2":"type-product","3":"status-publish","4":"has-post-thumbnail","6":"pwb-brand-lebens-qi-teehaus-qualitaet","7":"product_cat-taste-of","8":"product_cat-weisser-tee","9":"product_tag-nepal","10":"product_tag-pur","11":"product_tag-raritaet","12":"product_tag-spezialitaet","13":"product_tag-tee","14":"product_tag-teehaus-qualitaet","15":"product_tag-weisser-tee","17":"first","18":"instock","19":"taxable","20":"shipping-taxable","21":"purchasable","22":"product-type-simple"},"blog_post_layout_featured_media_urls":{"thumbnail":["https:\/\/www.lebens-qi.at\/qishop\/wp-content\/uploads\/shangri-la-tee-150x150.png",150,150,true],"full":["https:\/\/www.lebens-qi.at\/qishop\/wp-content\/uploads\/shangri-la-tee.png",800,800,false]},"categories":["434"],"categories_names":{"434":{"name":"Teehaus-Qualit\u00e4t vom LEBENS-QI","link":"https:\/\/www.lebens-qi.at\/qishop\/brand\/lebens-qi-teehaus-qualitaet\/"}},"comments_number":"0","brands":[{"id":434,"name":"Teehaus-Qualit\u00e4t vom LEBENS-QI","slug":"lebens-qi-teehaus-qualitaet"}],"_links":{"self":[{"href":"https:\/\/www.lebens-qi.at\/qishop\/wp-json\/wp\/v2\/product\/1895","targetHints":{"allow":["GET"]}}],"collection":[{"href":"https:\/\/www.lebens-qi.at\/qishop\/wp-json\/wp\/v2\/product"}],"about":[{"href":"https:\/\/www.lebens-qi.at\/qishop\/wp-json\/wp\/v2\/types\/product"}],"replies":[{"embeddable":true,"href":"https:\/\/www.lebens-qi.at\/qishop\/wp-json\/wp\/v2\/comments?post=1895"}],"wp:featuredmedia":[{"embeddable":true,"href":"https:\/\/www.lebens-qi.at\/qishop\/wp-json\/wp\/v2\/media\/13726"}],"wp:attachment":[{"href":"https:\/\/www.lebens-qi.at\/qishop\/wp-json\/wp\/v2\/media?parent=1895"}],"wp:term":[{"taxonomy":"pwb-brand","embeddable":true,"href":"https:\/\/www.lebens-qi.at\/qishop\/wp-json\/wp\/v2\/pwb-brand?post=1895"},{"taxonomy":"product_brand","embeddable":true,"href":"https:\/\/www.lebens-qi.at\/qishop\/wp-json\/wp\/v2\/product_brand?post=1895"},{"taxonomy":"product_cat","embeddable":true,"href":"https:\/\/www.lebens-qi.at\/qishop\/wp-json\/wp\/v2\/product_cat?post=1895"},{"taxonomy":"product_tag","embeddable":true,"href":"https:\/\/www.lebens-qi.at\/qishop\/wp-json\/wp\/v2\/product_tag?post=1895"}],"curies":[{"name":"wp","href":"https:\/\/api.w.org\/{rel}","templated":true}]}}