{"id":19059,"date":"2026-03-28T10:47:20","date_gmt":"2026-03-28T09:47:20","guid":{"rendered":"https:\/\/www.lebens-qi.at\/qishop\/?post_type=product&#038;p=19059"},"modified":"2026-03-28T11:21:59","modified_gmt":"2026-03-28T10:21:59","slug":"duftlampe-raeucherstoevchen-aus-speckstein-lebensfreude","status":"publish","type":"product","link":"https:\/\/www.lebens-qi.at\/qishop\/produkt\/duftlampe-raeucherstoevchen-aus-speckstein-lebensfreude\/","title":{"rendered":"Duftlampe\/R\u00e4ucherst\u00f6vchen aus Speckstein &#8222;Lebensfreude&#8220;"},"content":{"rendered":"<p><b>R\u00e4ucherst\u00f6vchen &amp; Duftlampe in einem<br \/>\n<\/b>Lampe aus grauem Speckstein mit Sieb und Schale, ist damit R\u00e4uchergef\u00e4\u00df und Duftlampe in einem. Der Vorteil eines solchen R\u00e4uchergef\u00e4\u00dfes mit Sieb ist, dass Sie eine beliebige Kombination von Weihrauch, Harzen und Kr\u00e4utern mischen und ohne Kohle, einfach mit Teelicht verbrennen k\u00f6nnen.<\/p>\n<p>Gr\u00f6\u00dfe: ca. 9,5 cm hoch, \u00f8 7,5 cm<br \/>\nFarbe: grau mit 7 Linien in Chakrafarben<br \/>\nLieferumfang: St\u00f6vchen, Sieb und Schale<\/p>\n<p><em><b>Hinweis:<\/b> Da es sich bei Speckstein um ein Naturprodukt handelt, kann es Abweichungen in Farbe und Maserung geben!<\/em><\/p>\n","protected":false},"excerpt":{"rendered":"<p>grau mit Chakrafarben inkl. Schale und R\u00e4uchersieb<\/p>\n","protected":false},"featured_media":19062,"comment_status":"open","ping_status":"closed","template":"","meta":{"_links_to":"","_links_to_target":""},"pwb-brand":[307],"product_brand":[],"product_cat":[612,603],"product_tag":[608,466,607,592,604],"class_list":{"0":"post-19059","1":"product","2":"type-product","3":"status-publish","4":"has-post-thumbnail","6":"pwb-brand-berk","7":"product_cat-aromalampen","8":"product_cat-raeucherstoevchen","9":"product_tag-raeucherlampe","10":"product_tag-raeuchern","11":"product_tag-siebgefaess","12":"product_tag-speckstein","13":"product_tag-stoevchen","15":"first","16":"instock","17":"taxable","18":"shipping-taxable","19":"purchasable","20":"product-type-simple"},"blog_post_layout_featured_media_urls":{"thumbnail":["https:\/\/www.lebens-qi.at\/qishop\/wp-content\/uploads\/stoevchen-lebensfreude-150x150.png",150,150,true],"full":["https:\/\/www.lebens-qi.at\/qishop\/wp-content\/uploads\/stoevchen-lebensfreude.png",800,800,false]},"categories":["307"],"categories_names":{"307":{"name":"Berk","link":"https:\/\/www.lebens-qi.at\/qishop\/brand\/berk\/"}},"comments_number":"0","brands":[{"id":307,"name":"Berk","slug":"berk"}],"_links":{"self":[{"href":"https:\/\/www.lebens-qi.at\/qishop\/wp-json\/wp\/v2\/product\/19059","targetHints":{"allow":["GET"]}}],"collection":[{"href":"https:\/\/www.lebens-qi.at\/qishop\/wp-json\/wp\/v2\/product"}],"about":[{"href":"https:\/\/www.lebens-qi.at\/qishop\/wp-json\/wp\/v2\/types\/product"}],"replies":[{"embeddable":true,"href":"https:\/\/www.lebens-qi.at\/qishop\/wp-json\/wp\/v2\/comments?post=19059"}],"wp:featuredmedia":[{"embeddable":true,"href":"https:\/\/www.lebens-qi.at\/qishop\/wp-json\/wp\/v2\/media\/19062"}],"wp:attachment":[{"href":"https:\/\/www.lebens-qi.at\/qishop\/wp-json\/wp\/v2\/media?parent=19059"}],"wp:term":[{"taxonomy":"pwb-brand","embeddable":true,"href":"https:\/\/www.lebens-qi.at\/qishop\/wp-json\/wp\/v2\/pwb-brand?post=19059"},{"taxonomy":"product_brand","embeddable":true,"href":"https:\/\/www.lebens-qi.at\/qishop\/wp-json\/wp\/v2\/product_brand?post=19059"},{"taxonomy":"product_cat","embeddable":true,"href":"https:\/\/www.lebens-qi.at\/qishop\/wp-json\/wp\/v2\/product_cat?post=19059"},{"taxonomy":"product_tag","embeddable":true,"href":"https:\/\/www.lebens-qi.at\/qishop\/wp-json\/wp\/v2\/product_tag?post=19059"}],"curies":[{"name":"wp","href":"https:\/\/api.w.org\/{rel}","templated":true}]}}