{"id":19223,"date":"2026-04-02T09:17:25","date_gmt":"2026-04-02T07:17:25","guid":{"rendered":"https:\/\/www.lebens-qi.at\/qishop\/?post_type=product&#038;p=19223"},"modified":"2026-04-02T10:21:20","modified_gmt":"2026-04-02T08:21:20","slug":"coins-bunt-edelstahl-fusskettchen","status":"publish","type":"product","link":"https:\/\/www.lebens-qi.at\/qishop\/produkt\/coins-bunt-edelstahl-fusskettchen\/","title":{"rendered":"Coins bunt &#8211; Edelstahl-Fu\u00dfkettchen"},"content":{"rendered":"<p>Mehrreihiges <strong>Fu\u00dfkettchen mit Edelstahl-Pl\u00e4ttchen und bunten Kugerln<\/strong>\u00a0&#8211; Boho-Style f\u00fcr den Kn\u00f6chel<\/p>\n<p>Da es sich um Edelstahl handelt, bleibt das Fu\u00dfkettchen auch bei h\u00e4ufigem Tragen farblich unver\u00e4ndert. F\u00fcr lange Freude \u2013 auch bei t\u00e4glicher Verwendung.<\/p>\n<p>Material: Edelstahl<br \/>\nFarbe: silber, mit bunten K\u00fcgelchen<br \/>\nL\u00e4nge: ca. 20 cm + 5 cm Verl\u00e4ngerung<br \/>\nSt\u00e4rke der Ketten: je ca. 1 &#8211; 3 mm<br \/>\nGr\u00f6\u00dfe der Pl\u00e4ttchen: ca. 6 bzw. 8 mm<\/p>\n","protected":false},"excerpt":{"rendered":"<p>aus drei unterschiedlich Starken Ketterln<\/p>\n","protected":false},"featured_media":19224,"comment_status":"open","ping_status":"closed","template":"","meta":{"_links_to":"","_links_to_target":""},"pwb-brand":[],"product_brand":[],"product_cat":[3163],"product_tag":[929,784,3164,118],"class_list":{"0":"post-19223","1":"product","2":"type-product","3":"status-publish","4":"has-post-thumbnail","6":"product_cat-fusskettchen","7":"product_tag-boho","8":"product_tag-edelstahl","9":"product_tag-fusskettchen","10":"product_tag-schmuck","12":"first","13":"instock","14":"taxable","15":"shipping-taxable","16":"purchasable","17":"product-type-simple"},"blog_post_layout_featured_media_urls":{"thumbnail":["https:\/\/www.lebens-qi.at\/qishop\/wp-content\/uploads\/300_300_3_202829_0_nl_84890-fusskettchen-bunt-150x150.jpg",150,150,true],"full":["https:\/\/www.lebens-qi.at\/qishop\/wp-content\/uploads\/300_300_3_202829_0_nl_84890-fusskettchen-bunt.jpg",300,300,false]},"categories":null,"categories_names":null,"comments_number":"0","brands":[],"_links":{"self":[{"href":"https:\/\/www.lebens-qi.at\/qishop\/wp-json\/wp\/v2\/product\/19223","targetHints":{"allow":["GET"]}}],"collection":[{"href":"https:\/\/www.lebens-qi.at\/qishop\/wp-json\/wp\/v2\/product"}],"about":[{"href":"https:\/\/www.lebens-qi.at\/qishop\/wp-json\/wp\/v2\/types\/product"}],"replies":[{"embeddable":true,"href":"https:\/\/www.lebens-qi.at\/qishop\/wp-json\/wp\/v2\/comments?post=19223"}],"wp:featuredmedia":[{"embeddable":true,"href":"https:\/\/www.lebens-qi.at\/qishop\/wp-json\/wp\/v2\/media\/19224"}],"wp:attachment":[{"href":"https:\/\/www.lebens-qi.at\/qishop\/wp-json\/wp\/v2\/media?parent=19223"}],"wp:term":[{"taxonomy":"pwb-brand","embeddable":true,"href":"https:\/\/www.lebens-qi.at\/qishop\/wp-json\/wp\/v2\/pwb-brand?post=19223"},{"taxonomy":"product_brand","embeddable":true,"href":"https:\/\/www.lebens-qi.at\/qishop\/wp-json\/wp\/v2\/product_brand?post=19223"},{"taxonomy":"product_cat","embeddable":true,"href":"https:\/\/www.lebens-qi.at\/qishop\/wp-json\/wp\/v2\/product_cat?post=19223"},{"taxonomy":"product_tag","embeddable":true,"href":"https:\/\/www.lebens-qi.at\/qishop\/wp-json\/wp\/v2\/product_tag?post=19223"}],"curies":[{"name":"wp","href":"https:\/\/api.w.org\/{rel}","templated":true}]}}